211.18.70.242 - - [24/Apr/2005:23:15:00 +0900] "GET /html/pppoe.html HTTP/1.1" 200 3434 "http://www.google.co.jp/search?hl=ja&c2coff=1&q=%E3%82%AB%E3%83%BC%E3%83%8D%E3%83%AB+%E5%86%8D%E6%A7%8B%E7%AF%89+pppoe+linux&btnG=Google+%E6%A4%9C%E7%B4%A2&lr=lang_ja" "Mozilla/5.0 (X11; U; Linux i686; en-US; rv:1.7.7) Gecko/20050417 Fedora/1.7.7-1.3.1"
211.18.70.242 - - [24/Apr/2005:23:15:00 +0900] "GET /site.css HTTP/1.1" 200 2606 "http://l-lab.org/html/pppoe.html" "Mozilla/5.0 (X11; U; Linux i686; en-US; rv:1.7.7) Gecko/20050417 Fedora/1.7.7-1.3.1"
60.44.27.136 - - [24/Apr/2005:23:22:19 +0900] "GET /pukiwiki/pukiwiki.php?%CF%BF%B2%BB%A4%AC2ch%A4%CB%A4%AF%A4%EB%CD%FD%CD%B3 HTTP/1.1" 200 20031 "http://l-lab.org/pukiwiki/pukiwiki.php?%CF%BF%B2%BB%B8%EC%CF%BF" "Mozilla/5.0 (Windows; U; Windows NT 5.1; ja-JP; rv:1.7.6) Gecko/20050318 Firefox/1.0.2"
60.44.27.136 - - [24/Apr/2005:23:25:20 +0900] "GET /pukiwiki/pukiwiki.php?%CF%BF%B2%BB%A4%C8%A4%E2%A4%C3%A4%B5%A4%EA%A5%DE%A1%BC%A5%AF HTTP/1.1" 200 16723 "http://l-lab.org/pukiwiki/pukiwiki.php?%CF%BF%B2%BB%B8%EC%CF%BF" "Mozilla/5.0 (Windows; U; Windows NT 5.1; ja-JP; rv:1.7.6) Gecko/20050318 Firefox/1.0.2"
60.44.27.136 - - [24/Apr/2005:23:27:36 +0900] "GET /pukiwiki/pukiwiki.php?%CF%BF%B2%BB%A4%B3%A4%C8%A2%A1Rb.XJ8VXow%A4%CE%C0%B8%C2%A9%C8%C4 HTTP/1.1" 200 13751 "http://l-lab.org/pukiwiki/pukiwiki.php?%CF%BF%B2%BB%B8%EC%CF%BF" "Mozilla/5.0 (Windows; U; Windows NT 5.1; ja-JP; rv:1.7.6) Gecko/20050318 Firefox/1.0.2"
60.44.27.136 - - [24/Apr/2005:23:27:47 +0900] "GET /pukiwiki/pukiwiki.php?%CF%BF%B2%BB%A4%CE%C2%AD%C0%D7 HTTP/1.1" 200 23454 "http://l-lab.org/pukiwiki/pukiwiki.php?%CF%BF%B2%BB%B8%EC%CF%BF" "Mozilla/5.0 (Windows; U; Windows NT 5.1; ja-JP; rv:1.7.6) Gecko/20050318 Firefox/1.0.2"
60.44.27.136 - - [24/Apr/2005:23:28:05 +0900] "GET /pukiwiki/pukiwiki.php?%B8%EC%CF%BF HTTP/1.1" 200 12650 "http://l-lab.org/pukiwiki/pukiwiki.php?%CF%BF%B2%BB%B8%EC%CF%BF" "Mozilla/5.0 (Windows; U; Windows NT 5.1; ja-JP; rv:1.7.6) Gecko/20050318 Firefox/1.0.2"
60.44.27.136 - - [24/Apr/2005:23:29:14 +0900] "GET /pukiwiki/pukiwiki.php?%8E%C3%8E%DD%8E%CC%8E%DF%8E%DA HTTP/1.1" 200 73538 "http://l-lab.org/pukiwiki/pukiwiki.php?%CF%BF%B2%BB%B8%EC%CF%BF" "Mozilla/5.0 (Windows; U; Windows NT 5.1; ja-JP; rv:1.7.6) Gecko/20050318 Firefox/1.0.2"
219.111.80.96 - - [24/Apr/2005:23:30:58 +0900] "GET /html/pppoe.html HTTP/1.1" 200 3434 "http://www.google.com/search?q=%E3%82%AB%E3%83%BC%E3%83%8D%E3%83%AB%E3%83%A2%E3%83%BC%E3%83%89PPPoE&sourceid=opera&num=0&ie=utf-8&oe=utf-8" "Mozilla/4.0 (compatible; MSIE 6.0; Windows NT 5.0) Opera 7.54u1 [ja]"
219.111.80.96 - - [24/Apr/2005:23:30:59 +0900] "GET /site.css HTTP/1.1" 200 2606 "http://l-lab.org/html/pppoe.html" "Mozilla/4.0 (compatible; MSIE 6.0; Windows NT 5.0) Opera 7.54u1 [ja]"
219.111.80.96 - - [24/Apr/2005:23:30:59 +0900] "GET /favicon.ico HTTP/1.1" 200 894 "http://l-lab.org/html/pppoe.html" "Mozilla/4.0 (compatible; MSIE 6.0; Windows NT 5.0) Opera 7.54u1 [ja]"
60.33.69.241 - - [24/Apr/2005:23:32:14 +0900] "GET /pict/122_2265.JPG HTTP/1.1" 200 17552 "-" "Mozilla/4.0 (compatible; MSIE 6.0; Windows NT 5.1; SV1; .NET CLR 1.0.3705)"
60.33.69.241 - - [24/Apr/2005:23:32:26 +0900] "GET /pict/122_2261.JPG HTTP/1.1" 200 14025 "-" "Mozilla/4.0 (compatible; MSIE 6.0; Windows NT 5.1; SV1; .NET CLR 1.0.3705)"
221.31.176.105 - - [24/Apr/2005:23:39:01 +0900] "GET /cgi/imgbbs2/res/res25.html HTTP/1.1" 404 298 "http://images.search.yahoo.co.jp/bin/search?p=%B5%B4%A5%CE%BF%CE&dim=wallpaper%2Cwidewallpaper" "Mozilla/4.0 (compatible; MSIE 6.0; Windows NT 5.1)"
221.31.176.105 - - [24/Apr/2005:23:39:05 +0900] "GET /cgi/imgbbs2/src/1053690747.jpg HTTP/1.1" 404 302 "http://images.search.yahoo.co.jp/bin/search?p=%B5%B4%A5%CE%BF%CE&n=4&b=0&c=image&dim=wallpaper,widewallpaper&rh=20&d=1&to=1" "Mozilla/4.0 (compatible; MSIE 6.0; Windows NT 5.1)"
221.31.176.105 - - [24/Apr/2005:23:39:09 +0900] "GET /cgi/imgbbs2/src/1053690252.jpg HTTP/1.1" 404 302 "http://images.search.yahoo.co.jp/bin/search?p=%B5%B4%A5%CE%BF%CE&n=3&b=0&c=image&dim=wallpaper,widewallpaper&d=1&to=0&rh=20&" "Mozilla/4.0 (compatible; MSIE 6.0; Windows NT 5.1)"
221.31.176.105 - - [24/Apr/2005:23:39:13 +0900] "GET /cgi/imgbbs2/src/1053690747.jpg HTTP/1.1" 404 302 "http://images.search.yahoo.co.jp/bin/search?p=%B5%B4%A5%CE%BF%CE&n=4&b=0&c=image&dim=wallpaper,widewallpaper&rh=20&d=1&to=1" "Mozilla/4.0 (compatible; MSIE 6.0; Windows NT 5.1)"
207.68.146.56 - - [24/Apr/2005:23:40:02 +0900] "GET /pukiwiki.php?%CD%BD%C4%EA%C9%BD HTTP/1.0" 200 19534 "-" "msnbot/1.0 (+http://search.msn.com/msnbot.htm)"
58.5.47.57 - - [24/Apr/2005:23:47:06 +0900] "GET /cgi/imgbbs/imgboard.html HTTP/1.1" 200 8856 "-" "Mozilla/4.0 (compatible; MSIE 6.0; Windows NT 5.1; SV1; .NET CLR 1.0.3705; .NET CLR 1.1.4322)"
58.5.47.57 - - [24/Apr/2005:23:47:10 +0900] "GET /cgi/imgbbs/thumb/1055022030s.jpg HTTP/1.1" 200 17045 "-" "Mozilla/4.0 (compatible; MSIE 6.0; Windows NT 5.1; SV1; .NET CLR 1.0.3705; .NET CLR 1.1.4322)"
58.5.47.57 - - [24/Apr/2005:23:47:10 +0900] "GET /cgi/imgbbs/thumb/1073641855s.jpg HTTP/1.1" 200 19771 "-" "Mozilla/4.0 (compatible; MSIE 6.0; Windows NT 5.1; SV1; .NET CLR 1.0.3705; .NET CLR 1.1.4322)"
206.190.43.35 - - [24/Apr/2005:23:51:08 +0900] "GET /robots.txt HTTP/1.1" 200 0 "-" "Yahoo-MMAudVid/1.0 (mms dash mmaudvidcrawler dash support at yahoo dash inc dot com)"
206.190.43.35 - - [24/Apr/2005:23:51:11 +0900] "GET /cgi/imgbbs/src/1064604706.mp3 HTTP/1.1" 200 176168 "-" "Yahoo-MMAudVid/1.0 (mms dash mmaudvidcrawler dash support at yahoo dash inc dot com)"
218.180.132.247 - - [24/Apr/2005:23:51:21 +0900] "GET /cgi/imgbbs/imgboard.html HTTP/1.1" 200 8856 "http://images.google.co.jp/imgres?imgurl=http://l-lab.org/cgi/imgbbs/src/1055022030.jpg&imgrefurl=http://l-lab.org/cgi/imgbbs/imgboard.html&h=480&w=640&sz=65&tbnid=bpnRoDN3l_oJ:&tbnh=101&tbnw=135&start=57&prev=/images%3Fq%3D%25E3%2583%25AD%25E3%2583%25AA%25E3%2580%2580%26start%3D40%26hl%3Dja%26lr%3D%26client%3Dfirefox-a%26rls%3Dorg.mozilla:ja-JPM:official_s%26sa%3DN" "Mozilla/5.0 (Macintosh; U; PPC Mac OS X Mach-O; ja-JPM; rv:1.7.5) Gecko/20041108 Firefox/1.0"
218.180.132.247 - - [24/Apr/2005:23:51:22 +0900] "GET /cgi/imgbbs/thumb/1055022030s.jpg HTTP/1.1" 200 17045 "http://l-lab.org/cgi/imgbbs/imgboard.html" "Mozilla/5.0 (Macintosh; U; PPC Mac OS X Mach-O; ja-JPM; rv:1.7.5) Gecko/20041108 Firefox/1.0"
218.180.132.247 - - [24/Apr/2005:23:51:22 +0900] "GET /cgi/imgbbs/thumb/1073641855s.jpg HTTP/1.1" 200 19771 "http://l-lab.org/cgi/imgbbs/imgboard.html" "Mozilla/5.0 (Macintosh; U; PPC Mac OS X Mach-O; ja-JPM; rv:1.7.5) Gecko/20041108 Firefox/1.0"
220.98.176.53 - - [25/Apr/2005:00:13:17 +0900] "GET /cgi/imgbbs2/src/1053690252.jpg HTTP/1.1" 404 302 "http://images.search.yahoo.co.jp/bin/search?p=%B5%B4%A5%CE%BF%CE&n=5&b=11&c=image&rh=20&d=1&to=13" "Mozilla/4.0 (compatible; MSIE 6.0; Windows NT 5.1; SV1; .NET CLR 1.1.4322)"
207.68.146.56 - - [25/Apr/2005:00:20:25 +0900] "GET /pukiwiki.php?SandBox HTTP/1.0" 200 19689 "-" "msnbot/1.0 (+http://search.msn.com/msnbot.htm)"
82.52.1.15 - - [25/Apr/2005:00:20:29 +0900] "GET /cgi/imgbbs/img2.html HTTP/1.1" 200 8356 "http://images.google.it/imgres?imgurl=http://l-lab.org/cgi/imgbbs/src/1065719293.png&imgrefurl=http://l-lab.org/cgi/imgbbs/img2.html&h=768&w=1024&sz=943&tbnid=CQTNUUzv5gwJ:&tbnh=112&tbnw=149&start=117&prev=/images%3Fq%3D3gp%26start%3D100%26hl%3Dit%26lr%3D%26sa%3DN" "Mozilla/4.0 (compatible; MSIE 6.0; Windows NT 5.1; SV1)"
82.52.1.15 - - [25/Apr/2005:00:20:31 +0900] "GET /cgi/imgbbs/thumb/1064932685s.jpg HTTP/1.1" 200 5769 "http://l-lab.org/cgi/imgbbs/img2.html" "Mozilla/4.0 (compatible; MSIE 6.0; Windows NT 5.1; SV1)"
82.52.1.15 - - [25/Apr/2005:00:20:31 +0900] "GET /cgi/imgbbs/src/1067961568.jpg HTTP/1.1" 200 5260 "http://l-lab.org/cgi/imgbbs/img2.html" "Mozilla/4.0 (compatible; MSIE 6.0; Windows NT 5.1; SV1)"
82.52.1.15 - - [25/Apr/2005:00:20:31 +0900] "GET /cgi/imgbbs/thumb/1071520286s.jpg HTTP/1.1" 200 14815 "http://l-lab.org/cgi/imgbbs/img2.html" "Mozilla/4.0 (compatible; MSIE 6.0; Windows NT 5.1; SV1)"
82.52.1.15 - - [25/Apr/2005:00:20:32 +0900] "GET /cgi/imgbbs/thumb/1066841667s.jpg HTTP/1.1" 200 12632 "http://l-lab.org/cgi/imgbbs/img2.html" "Mozilla/4.0 (compatible; MSIE 6.0; Windows NT 5.1; SV1)"
82.52.1.15 - - [25/Apr/2005:00:20:33 +0900] "GET /cgi/imgbbs/thumb/1065719293s.jpg HTTP/1.1" 200 12349 "http://l-lab.org/cgi/imgbbs/img2.html" "Mozilla/4.0 (compatible; MSIE 6.0; Windows NT 5.1; SV1)"
82.52.1.15 - - [25/Apr/2005:00:21:16 +0900] "GET /cgi/imgbbs/imgboard.html HTTP/1.1" 200 8856 "http://l-lab.org/cgi/imgbbs/img2.html" "Mozilla/4.0 (compatible; MSIE 6.0; Windows NT 5.1; SV1)"
82.52.1.15 - - [25/Apr/2005:00:21:18 +0900] "GET /cgi/imgbbs/thumb/1073641855s.jpg HTTP/1.1" 200 19771 "http://l-lab.org/cgi/imgbbs/imgboard.html" "Mozilla/4.0 (compatible; MSIE 6.0; Windows NT 5.1; SV1)"
82.52.1.15 - - [25/Apr/2005:00:21:18 +0900] "GET /cgi/imgbbs/thumb/1055022030s.jpg HTTP/1.1" 200 17045 "http://l-lab.org/cgi/imgbbs/imgboard.html" "Mozilla/4.0 (compatible; MSIE 6.0; Windows NT 5.1; SV1)"
207.46.98.66 - - [25/Apr/2005:00:36:20 +0900] "GET /robots.txt HTTP/1.0" 200 0 "-" "msnbot/1.0 (+http://search.msn.com/msnbot.htm)"
207.46.98.66 - - [25/Apr/2005:00:36:20 +0900] "GET /pukiwiki/ HTTP/1.0" 200 12839 "-" "msnbot/1.0 (+http://search.msn.com/msnbot.htm)"
64.242.88.50 - - [25/Apr/2005:00:36:25 +0900] "GET /cgi/imgbbs/img2.html HTTP/1.1" 200 8356 "-" "Mozilla/4.0 compatible ZyBorg/1.0 Dead Link Checker (wn.dlc@looksmart.net; http://www.WISEnutbot.com)"
207.46.98.66 - - [25/Apr/2005:00:45:44 +0900] "GET /robots.txt HTTP/1.0" 200 0 "-" "msnbot/1.0 (+http://search.msn.com/msnbot.htm)"
207.46.98.66 - - [25/Apr/2005:00:45:46 +0900] "GET /webalizer/usage_200503.html HTTP/1.0" 200 129884 "-" "msnbot/1.0 (+http://search.msn.com/msnbot.htm)"
207.46.98.66 - - [25/Apr/2005:01:15:57 +0900] "GET /cgi/imgbbs/res/res225.html HTTP/1.0" 200 3177 "-" "msnbot/1.0 (+http://search.msn.com/msnbot.htm)"
218.136.128.31 - - [25/Apr/2005:01:18:51 +0900] "GET / HTTP/1.0" 200 3379 "-" "Mozilla/4.0 (compatible; MSIE 6.0; Windows 98)"
219.107.196.101 - - [25/Apr/2005:01:25:11 +0900] "GET /cgi/imgbbs/imgboard.html HTTP/1.1" 200 8856 "http://images.google.co.jp/imgres?imgurl=http://l-lab.org/cgi/imgbbs/src/1055022030.jpg&imgrefurl=http://l-lab.org/cgi/imgbbs/imgboard.html&h=480&w=640&sz=65&tbnid=bpnRoDN3l_oJ:&tbnh=101&tbnw=135&start=57&prev=/images%3Fq%3D%25E3%2583%25AD%25E3%2583%25AA%26start%3D40%26hl%3Dja%26lr%3Dlang_ja%26client%3Dfirefox-a%26rls%3Dorg.mozilla:ja-JP:official%26sa%3DN" "Mozilla/5.0 (Windows; U; Windows NT 5.1; ja-JP; rv:1.7.7) Gecko/20050414 Firefox/1.0.3"
219.107.196.101 - - [25/Apr/2005:01:25:11 +0900] "GET /cgi/imgbbs/thumb/1073641855s.jpg HTTP/1.1" 200 19771 "http://l-lab.org/cgi/imgbbs/imgboard.html" "Mozilla/5.0 (Windows; U; Windows NT 5.1; ja-JP; rv:1.7.7) Gecko/20050414 Firefox/1.0.3"
219.107.196.101 - - [25/Apr/2005:01:25:11 +0900] "GET /cgi/imgbbs/thumb/1055022030s.jpg HTTP/1.1" 200 17045 "http://l-lab.org/cgi/imgbbs/imgboard.html" "Mozilla/5.0 (Windows; U; Windows NT 5.1; ja-JP; rv:1.7.7) Gecko/20050414 Firefox/1.0.3"
219.107.196.101 - - [25/Apr/2005:01:25:13 +0900] "GET /cgi/imgbbs/src/1055022030.jpg HTTP/1.1" 200 65548 "http://images.google.co.jp/imgres?imgurl=http://l-lab.org/cgi/imgbbs/src/1055022030.jpg&imgrefurl=http://l-lab.org/cgi/imgbbs/imgboard.html&h=480&w=640&sz=65&tbnid=bpnRoDN3l_oJ:&tbnh=101&tbnw=135&hl=ja&prev=/images%3Fq%3D%25E3%2583%25AD%25E3%2583%25AA%26start%3D40%26hl%3Dja%26lr%3Dlang_ja%26client%3Dfirefox-a%26rls%3Dorg.mozilla:ja-JP:official%26sa%3DN&frame=small" "Mozilla/5.0 (Windows; U; Windows NT 5.1; ja-JP; rv:1.7.7) Gecko/20050414 Firefox/1.0.3"
219.107.196.101 - - [25/Apr/2005:01:25:13 +0900] "GET /favicon.ico HTTP/1.1" 200 894 "-" "Mozilla/5.0 (Windows; U; Windows NT 5.1; ja-JP; rv:1.7.7) Gecko/20050414 Firefox/1.0.3"
219.107.196.101 - - [25/Apr/2005:01:25:28 +0900] "GET /cgi/imgbbs/src/1073641855.jpg HTTP/1.1" 200 117954 "http://l-lab.org/cgi/imgbbs/imgboard.html" "Mozilla/5.0 (Windows; U; Windows NT 5.1; ja-JP; rv:1.7.7) Gecko/20050414 Firefox/1.0.3"
207.46.98.126 - - [25/Apr/2005:01:33:59 +0900] "GET /robots.txt HTTP/1.0" 200 0 "-" "msnbot/1.0 (+http://search.msn.com/msnbot.htm)"
207.46.98.126 - - [25/Apr/2005:01:34:00 +0900] "GET /pukiwiki.php?cmd=rss10 HTTP/1.0" 200 5128 "-" "msnbot/1.0 (+http://search.msn.com/msnbot.htm)"
207.46.98.66 - - [25/Apr/2005:01:36:28 +0900] "GET /pukiwiki/pukiwiki.php?%CF%BF%B2%BB%B8%EC%CF%BF HTTP/1.0" 200 15269 "-" "msnbot/1.0 (+http://search.msn.com/msnbot.htm)"
207.46.98.66 - - [25/Apr/2005:01:40:16 +0900] "GET /cgi/imgbbs2/imgboard.html HTTP/1.0" 404 285 "-" "msnbot/1.0 (+http://search.msn.com/msnbot.htm)"
66.196.90.37 - - [25/Apr/2005:01:40:24 +0900] "GET /robots.txt HTTP/1.0" 200 0 "-" "Mozilla/5.0 (compatible; Yahoo! Slurp; http://help.yahoo.com/help/us/ysearch/slurp)"
66.196.90.40 - - [25/Apr/2005:01:40:24 +0900] "GET /cgi/imgbbs/res/res168.html HTTP/1.0" 200 3122 "-" "Mozilla/5.0 (compatible; Yahoo! Slurp; http://help.yahoo.com/help/us/ysearch/slurp)"
64.242.88.50 - - [25/Apr/2005:01:42:34 +0900] "GET /cgi/imgbbs/imgboard.html HTTP/1.1" 200 8856 "-" "Mozilla/4.0 compatible ZyBorg/1.0 Dead Link Checker (wn.dlc@looksmart.net; http://www.WISEnutbot.com)"
207.46.98.66 - - [25/Apr/2005:01:52:54 +0900] "GET /pukiwiki/pukiwiki.php?SandBox HTTP/1.0" 200 16681 "-" "msnbot/1.0 (+http://search.msn.com/msnbot.htm)"
207.46.98.66 - - [25/Apr/2005:01:55:39 +0900] "GET /pukiwiki/pukiwiki.php?PukiWiki%2F1.4%2F%A5%DE%A5%CB%A5%E5%A5%A2%A5%EB%2F%A5%D7%A5%E9%A5%B0%A5%A4%A5%F3%2Fr HTTP/1.0" 200 30657 "-" "msnbot/1.0 (+http://search.msn.com/msnbot.htm)"
64.242.88.50 - - [25/Apr/2005:01:56:14 +0900] "GET /pukiwiki.php?cmd=edit&page=\xc3\x83\xc2\x83\xc3\x82\xc2\x86\xc3\x83\xc2\x83\xc3\x82\xc2\xbc\xc3\x83\xc2\x82\xc3\x82\xc2\xb5\xc3\x83\xc2\x82\xc3\x82\xc2\xad&refer=NMUG%20FrontPage HTTP/1.1" 200 10525 "-" "Mozilla/4.0 compatible ZyBorg/1.0 Dead Link Checker (wn.dlc@looksmart.net; http://www.WISEnutbot.com)"
202.108.1.10 - - [25/Apr/2005:02:03:42 +0900] "HEAD /pukiwiki.php?cmd=search HTTP/1.1" 200 0 "-" "User-Agent: Mozilla/4.0 (compatible; MSIE 5.5; Windows NT 5.0)"
202.108.1.10 - - [25/Apr/2005:02:03:43 +0900] "GET /pukiwiki.php?cmd=search HTTP/1.1" 200 4239 "-" "User-Agent: Mozilla/4.0 (compatible; MSIE 5.5; Windows NT 5.0)"
202.108.1.10 - - [25/Apr/2005:02:03:44 +0900] "GET /skin/print.ja.css HTTP/1.1" 200 499 "-" "User-Agent: Mozilla/4.0 (compatible; MSIE 5.5; Windows NT 5.0)"
202.108.1.10 - - [25/Apr/2005:02:03:45 +0900] "GET /skin/default.ja.css HTTP/1.1" 200 7705 "-" "User-Agent: Mozilla/4.0 (compatible; MSIE 5.5; Windows NT 5.0)"
207.46.98.66 - - [25/Apr/2005:02:12:56 +0900] "GET /pukiwiki/pukiwiki.php?cmd=rss10 HTTP/1.0" 200 9365 "-" "msnbot/1.0 (+http://search.msn.com/msnbot.htm)"
207.46.98.66 - - [25/Apr/2005:02:21:18 +0900] "GET /webalizer/ HTTP/1.0" 200 10116 "-" "msnbot/1.0 (+http://search.msn.com/msnbot.htm)"
203.136.81.29 - - [25/Apr/2005:02:23:00 +0900] "GET /html/pppoe.html HTTP/1.1" 200 3434 "-" "Mozilla/4.0 (compatible; MSIE 5.01; Windows NT 5.0)"
203.136.81.29 - - [25/Apr/2005:02:23:00 +0900] "GET /site.css HTTP/1.1" 200 2606 "http://l-lab.org/html/pppoe.html" "Mozilla/4.0 (compatible; MSIE 5.01; Windows NT 5.0)"
207.46.98.66 - - [25/Apr/2005:02:24:27 +0900] "GET /pukiwiki/pukiwiki.php HTTP/1.0" 200 12839 "-" "msnbot/1.0 (+http://search.msn.com/msnbot.htm)"
64.242.88.50 - - [25/Apr/2005:02:25:54 +0900] "GET /mozilla/ HTTP/1.1" 200 10503 "-" "Mozilla/4.0 compatible ZyBorg/1.0 Dead Link Checker (wn.dlc@looksmart.net; http://www.WISEnutbot.com)"
221.186.146.26 - - [25/Apr/2005:02:37:44 +0900] "HEAD / HTTP/1.1" 200 0 "-" "Hatena Antenna/0.4 (http://a.hatena.ne.jp/help)"
221.186.146.26 - - [25/Apr/2005:02:37:45 +0900] "GET / HTTP/1.1" 200 14567 "-" "Hatena Antenna/0.4 (http://a.hatena.ne.jp/help)"
202.222.48.3 - - [25/Apr/2005:02:40:40 +0900] "GET /pukiwiki/pukiwiki.php?FrontPage HTTP/1.1" 200 12873 "-" "Mozilla/4.0 (compatible; MSIE 6.0; Windows NT 5.1; SV1; .NET CLR 1.0.3705; .NET CLR 1.1.4322)"
202.222.48.3 - - [25/Apr/2005:02:40:40 +0900] "GET /pukiwiki/skin/default.ja.css HTTP/1.1" 304 - "http://l-lab.org/pukiwiki/pukiwiki.php?FrontPage" "Mozilla/4.0 (compatible; MSIE 6.0; Windows NT 5.1; SV1; .NET CLR 1.0.3705; .NET CLR 1.1.4322)"
202.222.48.3 - - [25/Apr/2005:02:40:40 +0900] "GET /pukiwiki/skin/print.ja.css HTTP/1.1" 304 - "http://l-lab.org/pukiwiki/pukiwiki.php?FrontPage" "Mozilla/4.0 (compatible; MSIE 6.0; Windows NT 5.1; SV1; .NET CLR 1.0.3705; .NET CLR 1.1.4322)"
202.222.48.3 - - [25/Apr/2005:02:40:40 +0900] "GET /pukiwiki/skin/trackback.js HTTP/1.1" 304 - "http://l-lab.org/pukiwiki/pukiwiki.php?FrontPage" "Mozilla/4.0 (compatible; MSIE 6.0; Windows NT 5.1; SV1; .NET CLR 1.0.3705; .NET CLR 1.1.4322)"
202.222.48.3 - - [25/Apr/2005:02:40:40 +0900] "GET /pukiwiki/image/pukiwiki.png HTTP/1.1" 304 - "http://l-lab.org/pukiwiki/pukiwiki.php?FrontPage" "Mozilla/4.0 (compatible; MSIE 6.0; Windows NT 5.1; SV1; .NET CLR 1.0.3705; .NET CLR 1.1.4322)"
202.222.48.3 - - [25/Apr/2005:02:40:41 +0900] "GET /pukiwiki/image/reload.png HTTP/1.1" 304 - "http://l-lab.org/pukiwiki/pukiwiki.php?FrontPage" "Mozilla/4.0 (compatible; MSIE 6.0; Windows NT 5.1; SV1; .NET CLR 1.0.3705; .NET CLR 1.1.4322)"
202.222.48.3 - - [25/Apr/2005:02:40:41 +0900] "GET /pukiwiki/image/new.png HTTP/1.1" 304 - "http://l-lab.org/pukiwiki/pukiwiki.php?FrontPage" "Mozilla/4.0 (compatible; MSIE 6.0; Windows NT 5.1; SV1; .NET CLR 1.0.3705; .NET CLR 1.1.4322)"
202.222.48.3 - - [25/Apr/2005:02:40:41 +0900] "GET /pukiwiki/image/edit.png HTTP/1.1" 304 - "http://l-lab.org/pukiwiki/pukiwiki.php?FrontPage" "Mozilla/4.0 (compatible; MSIE 6.0; Windows NT 5.1; SV1; .NET CLR 1.0.3705; .NET CLR 1.1.4322)"
202.222.48.3 - - [25/Apr/2005:02:40:41 +0900] "GET /pukiwiki/image/freeze.png HTTP/1.1" 304 - "http://l-lab.org/pukiwiki/pukiwiki.php?FrontPage" "Mozilla/4.0 (compatible; MSIE 6.0; Windows NT 5.1; SV1; .NET CLR 1.0.3705; .NET CLR 1.1.4322)"
202.222.48.3 - - [25/Apr/2005:02:40:41 +0900] "GET /pukiwiki/image/diff.png HTTP/1.1" 304 - "http://l-lab.org/pukiwiki/pukiwiki.php?FrontPage" "Mozilla/4.0 (compatible; MSIE 6.0; Windows NT 5.1; SV1; .NET CLR 1.0.3705; .NET CLR 1.1.4322)"
202.222.48.3 - - [25/Apr/2005:02:40:41 +0900] "GET /pukiwiki/image/file.png HTTP/1.1" 304 - "http://l-lab.org/pukiwiki/pukiwiki.php?FrontPage" "Mozilla/4.0 (compatible; MSIE 6.0; Windows NT 5.1; SV1; .NET CLR 1.0.3705; .NET CLR 1.1.4322)"
202.222.48.3 - - [25/Apr/2005:02:40:41 +0900] "GET /pukiwiki/image/copy.png HTTP/1.1" 304 - "http://l-lab.org/pukiwiki/pukiwiki.php?FrontPage" "Mozilla/4.0 (compatible; MSIE 6.0; Windows NT 5.1; SV1; .NET CLR 1.0.3705; .NET CLR 1.1.4322)"
202.222.48.3 - - [25/Apr/2005:02:40:41 +0900] "GET /pukiwiki/image/rename.png HTTP/1.1" 304 - "http://l-lab.org/pukiwiki/pukiwiki.php?FrontPage" "Mozilla/4.0 (compatible; MSIE 6.0; Windows NT 5.1; SV1; .NET CLR 1.0.3705; .NET CLR 1.1.4322)"
202.222.48.3 - - [25/Apr/2005:02:40:41 +0900] "GET /pukiwiki/image/top.png HTTP/1.1" 304 - "http://l-lab.org/pukiwiki/pukiwiki.php?FrontPage" "Mozilla/4.0 (compatible; MSIE 6.0; Windows NT 5.1; SV1; .NET CLR 1.0.3705; .NET CLR 1.1.4322)"
202.222.48.3 - - [25/Apr/2005:02:40:41 +0900] "GET /pukiwiki/image/search.png HTTP/1.1" 304 - "http://l-lab.org/pukiwiki/pukiwiki.php?FrontPage" "Mozilla/4.0 (compatible; MSIE 6.0; Windows NT 5.1; SV1; .NET CLR 1.0.3705; .NET CLR 1.1.4322)"
202.222.48.3 - - [25/Apr/2005:02:40:41 +0900] "GET /pukiwiki/image/list.png HTTP/1.1" 304 - "http://l-lab.org/pukiwiki/pukiwiki.php?FrontPage" "Mozilla/4.0 (compatible; MSIE 6.0; Windows NT 5.1; SV1; .NET CLR 1.0.3705; .NET CLR 1.1.4322)"
202.222.48.3 - - [25/Apr/2005:02:40:41 +0900] "GET /pukiwiki/image/recentchanges.png HTTP/1.1" 304 - "http://l-lab.org/pukiwiki/pukiwiki.php?FrontPage" "Mozilla/4.0 (compatible; MSIE 6.0; Windows NT 5.1; SV1; .NET CLR 1.0.3705; .NET CLR 1.1.4322)"
202.222.48.3 - - [25/Apr/2005:02:40:41 +0900] "GET /pukiwiki/image/backup.png HTTP/1.1" 304 - "http://l-lab.org/pukiwiki/pukiwiki.php?FrontPage" "Mozilla/4.0 (compatible; MSIE 6.0; Windows NT 5.1; SV1; .NET CLR 1.0.3705; .NET CLR 1.1.4322)"
202.222.48.3 - - [25/Apr/2005:02:40:41 +0900] "GET /pukiwiki/image/help.png HTTP/1.1" 304 - "http://l-lab.org/pukiwiki/pukiwiki.php?FrontPage" "Mozilla/4.0 (compatible; MSIE 6.0; Windows NT 5.1; SV1; .NET CLR 1.0.3705; .NET CLR 1.1.4322)"
202.222.48.3 - - [25/Apr/2005:02:40:41 +0900] "GET /pukiwiki/image/rss.png HTTP/1.1" 304 - "http://l-lab.org/pukiwiki/pukiwiki.php?FrontPage" "Mozilla/4.0 (compatible; MSIE 6.0; Windows NT 5.1; SV1; .NET CLR 1.0.3705; .NET CLR 1.1.4322)"
207.46.98.66 - - [25/Apr/2005:02:41:49 +0900] "GET /pukiwiki/pukiwiki.php?%A5%D8%A5%EB%A5%D7 HTTP/1.0" 200 17540 "-" "msnbot/1.0 (+http://search.msn.com/msnbot.htm)"
207.46.98.66 - - [25/Apr/2005:02:42:40 +0900] "GET /pukiwiki/pukiwiki.php?PukiWiki%2F1.4%2F%A5%DE%A5%CB%A5%E5%A5%A2%A5%EB%2F%A5%D7%A5%E9%A5%B0%A5%A4%A5%F3%2Fu HTTP/1.0" 200 17460 "-" "msnbot/1.0 (+http://search.msn.com/msnbot.htm)"
207.68.146.56 - - [25/Apr/2005:03:11:23 +0900] "GET /robots.txt HTTP/1.0" 200 0 "-" "msnbot/1.0 (+http://search.msn.com/msnbot.htm)"
207.68.146.56 - - [25/Apr/2005:03:11:25 +0900] "GET /pukiwiki.php?%B7%C7%BC%A8%C8%C4 HTTP/1.0" 200 17345 "-" "msnbot/1.0 (+http://search.msn.com/msnbot.htm)"
207.46.98.66 - - [25/Apr/2005:03:21:45 +0900] "GET /skin/default.ja.css HTTP/1.0" 404 279 "-" "msnbot/1.0 (+http://search.msn.com/msnbot.htm)"
66.249.65.36 - - [25/Apr/2005:03:34:23 +0900] "GET /robots.txt HTTP/1.1" 200 0 "-" "Googlebot-Image/1.0"
66.249.65.36 - - [25/Apr/2005:03:34:23 +0900] "HEAD /cgi/imgbbs2/thumb/1051277665s.jpg HTTP/1.1" 404 0 "-" "Googlebot-Image/1.0"
66.249.65.36 - - [25/Apr/2005:03:34:44 +0900] "HEAD /cgi/imgbbs2/src/1064937547.jpg HTTP/1.1" 404 0 "-" "Googlebot-Image/1.0"
66.249.65.36 - - [25/Apr/2005:03:34:47 +0900] "HEAD /cgi/imgbbs2/thumb/1054105588s.jpg HTTP/1.1" 404 0 "-" "Googlebot-Image/1.0"
66.249.65.36 - - [25/Apr/2005:03:34:51 +0900] "HEAD /cgi/imgbbs2/thumb/1050940617s.jpg HTTP/1.1" 404 0 "-" "Googlebot-Image/1.0"
66.249.65.36 - - [25/Apr/2005:03:34:53 +0900] "HEAD /cgi/imgbbs2/thumb/1064937547s.jpg HTTP/1.1" 404 0 "-" "Googlebot-Image/1.0"
66.249.65.36 - - [25/Apr/2005:03:34:55 +0900] "HEAD /cgi/imgbbs/src/1051422117.jpg HTTP/1.1" 404 0 "-" "Googlebot-Image/1.0"
66.249.65.36 - - [25/Apr/2005:03:34:55 +0900] "HEAD /cgi/imgbbs2/thumb/1064937484s.jpg HTTP/1.1" 404 0 "-" "Googlebot-Image/1.0"
66.249.65.36 - - [25/Apr/2005:03:34:56 +0900] "HEAD /cgi/imgbbs2/thumb/1054243232s.jpg HTTP/1.1" 404 0 "-" "Googlebot-Image/1.0"
66.249.65.36 - - [25/Apr/2005:03:34:59 +0900] "HEAD /cgi/imgbbs2/src/1065718404.jpg HTTP/1.1" 404 0 "-" "Googlebot-Image/1.0"
66.249.65.36 - - [25/Apr/2005:03:34:59 +0900] "HEAD /cgi/imgbbs2/src/1050940602.gif HTTP/1.1" 404 0 "-" "Googlebot-Image/1.0"
66.249.65.36 - - [25/Apr/2005:03:34:59 +0900] "HEAD /cgi/imgbbs2/src/1051277766.jpg HTTP/1.1" 404 0 "-" "Googlebot-Image/1.0"
66.249.65.36 - - [25/Apr/2005:03:35:00 +0900] "HEAD /cgi/imgbbs2/thumb/1053690252s.jpg HTTP/1.1" 404 0 "-" "Googlebot-Image/1.0"
66.249.65.36 - - [25/Apr/2005:03:35:01 +0900] "HEAD /cgi/imgbbs2/thumb/1051280076s.jpg HTTP/1.1" 404 0 "-" "Googlebot-Image/1.0"
66.249.65.36 - - [25/Apr/2005:03:35:01 +0900] "HEAD /cgi/imgbbs2/thumb/1064937434s.jpg HTTP/1.1" 404 0 "-" "Googlebot-Image/1.0"
218.41.223.21 - - [25/Apr/2005:03:35:08 +0900] "GET /pukiwiki/ HTTP/1.1" 200 12873 "-" "Mozilla/4.0 (compatible; MSIE 6.0; Windows NT 5.2; WOW64; SV1; .NET CLR 1.1.4322)"
218.41.223.21 - - [25/Apr/2005:03:35:08 +0900] "GET /pukiwiki/skin/default.ja.css HTTP/1.1" 200 7905 "http://l-lab.org/pukiwiki/" "Mozilla/4.0 (compatible; MSIE 6.0; Windows NT 5.2; WOW64; SV1; .NET CLR 1.1.4322)"
218.41.223.21 - - [25/Apr/2005:03:35:08 +0900] "GET /pukiwiki/skin/print.ja.css HTTP/1.1" 200 665 "http://l-lab.org/pukiwiki/" "Mozilla/4.0 (compatible; MSIE 6.0; Windows NT 5.2; WOW64; SV1; .NET CLR 1.1.4322)"
218.41.223.21 - - [25/Apr/2005:03:35:08 +0900] "GET /pukiwiki/skin/trackback.js HTTP/1.1" 200 269 "http://l-lab.org/pukiwiki/" "Mozilla/4.0 (compatible; MSIE 6.0; Windows NT 5.2; WOW64; SV1; .NET CLR 1.1.4322)"
218.41.223.21 - - [25/Apr/2005:03:35:08 +0900] "GET /pukiwiki/image/pukiwiki.png HTTP/1.1" 200 4385 "http://l-lab.org/pukiwiki/" "Mozilla/4.0 (compatible; MSIE 6.0; Windows NT 5.2; WOW64; SV1; .NET CLR 1.1.4322)"
218.41.223.21 - - [25/Apr/2005:03:35:09 +0900] "GET /pukiwiki/image/reload.png HTTP/1.1" 200 1298 "http://l-lab.org/pukiwiki/" "Mozilla/4.0 (compatible; MSIE 6.0; Windows NT 5.2; WOW64; SV1; .NET CLR 1.1.4322)"
218.41.223.21 - - [25/Apr/2005:03:35:09 +0900] "GET /pukiwiki/image/new.png HTTP/1.1" 200 796 "http://l-lab.org/pukiwiki/" "Mozilla/4.0 (compatible; MSIE 6.0; Windows NT 5.2; WOW64; SV1; .NET CLR 1.1.4322)"
218.41.223.21 - - [25/Apr/2005:03:35:09 +0900] "GET /pukiwiki/image/edit.png HTTP/1.1" 200 1295 "http://l-lab.org/pukiwiki/" "Mozilla/4.0 (compatible; MSIE 6.0; Windows NT 5.2; WOW64; SV1; .NET CLR 1.1.4322)"
218.41.223.21 - - [25/Apr/2005:03:35:09 +0900] "GET /pukiwiki/image/freeze.png HTTP/1.1" 200 352 "http://l-lab.org/pukiwiki/" "Mozilla/4.0 (compatible; MSIE 6.0; Windows NT 5.2; WOW64; SV1; .NET CLR 1.1.4322)"
218.41.223.21 - - [25/Apr/2005:03:35:09 +0900] "GET /pukiwiki/image/diff.png HTTP/1.1" 200 507 "http://l-lab.org/pukiwiki/" "Mozilla/4.0 (compatible; MSIE 6.0; Windows NT 5.2; WOW64; SV1; .NET CLR 1.1.4322)"
218.41.223.21 - - [25/Apr/2005:03:35:09 +0900] "GET /pukiwiki/image/file.png HTTP/1.1" 200 1280 "http://l-lab.org/pukiwiki/" "Mozilla/4.0 (compatible; MSIE 6.0; Windows NT 5.2; WOW64; SV1; .NET CLR 1.1.4322)"
218.41.223.21 - - [25/Apr/2005:03:35:09 +0900] "GET /pukiwiki/image/copy.png HTTP/1.1" 200 490 "http://l-lab.org/pukiwiki/" "Mozilla/4.0 (compatible; MSIE 6.0; Windows NT 5.2; WOW64; SV1; .NET CLR 1.1.4322)"
218.41.223.21 - - [25/Apr/2005:03:35:09 +0900] "GET /pukiwiki/image/rename.png HTTP/1.1" 200 339 "http://l-lab.org/pukiwiki/" "Mozilla/4.0 (compatible; MSIE 6.0; Windows NT 5.2; WOW64; SV1; .NET CLR 1.1.4322)"
218.41.223.21 - - [25/Apr/2005:03:35:09 +0900] "GET /pukiwiki/image/top.png HTTP/1.1" 200 1299 "http://l-lab.org/pukiwiki/" "Mozilla/4.0 (compatible; MSIE 6.0; Windows NT 5.2; WOW64; SV1; .NET CLR 1.1.4322)"
218.41.223.21 - - [25/Apr/2005:03:35:09 +0900] "GET /pukiwiki/image/list.png HTTP/1.1" 200 1234 "http://l-lab.org/pukiwiki/" "Mozilla/4.0 (compatible; MSIE 6.0; Windows NT 5.2; WOW64; SV1; .NET CLR 1.1.4322)"
218.41.223.21 - - [25/Apr/2005:03:35:09 +0900] "GET /pukiwiki/image/search.png HTTP/1.1" 200 1285 "http://l-lab.org/pukiwiki/" "Mozilla/4.0 (compatible; MSIE 6.0; Windows NT 5.2; WOW64; SV1; .NET CLR 1.1.4322)"
218.41.223.21 - - [25/Apr/2005:03:35:09 +0900] "GET /pukiwiki/image/recentchanges.png HTTP/1.1" 200 1314 "http://l-lab.org/pukiwiki/" "Mozilla/4.0 (compatible; MSIE 6.0; Windows NT 5.2; WOW64; SV1; .NET CLR 1.1.4322)"
218.41.223.21 - - [25/Apr/2005:03:35:09 +0900] "GET /pukiwiki/image/backup.png HTTP/1.1" 200 1261 "http://l-lab.org/pukiwiki/" "Mozilla/4.0 (compatible; MSIE 6.0; Windows NT 5.2; WOW64; SV1; .NET CLR 1.1.4322)"
218.41.223.21 - - [25/Apr/2005:03:35:09 +0900] "GET /pukiwiki/image/help.png HTTP/1.1" 200 1274 "http://l-lab.org/pukiwiki/" "Mozilla/4.0 (compatible; MSIE 6.0; Windows NT 5.2; WOW64; SV1; .NET CLR 1.1.4322)"
218.41.223.21 - - [25/Apr/2005:03:35:09 +0900] "GET /pukiwiki/image/rss.png HTTP/1.1" 200 1137 "http://l-lab.org/pukiwiki/" "Mozilla/4.0 (compatible; MSIE 6.0; Windows NT 5.2; WOW64; SV1; .NET CLR 1.1.4322)"
66.249.65.36 - - [25/Apr/2005:03:35:20 +0900] "HEAD /cgi/imgbbs2/thumb/1051295952s.jpg HTTP/1.1" 404 0 "-" "Googlebot-Image/1.0"
66.249.65.36 - - [25/Apr/2005:03:35:24 +0900] "HEAD /cgi/imgbbs2/thumb/1054493555s.jpg HTTP/1.1" 404 0 "-" "Googlebot-Image/1.0"
66.249.65.36 - - [25/Apr/2005:03:35:26 +0900] "HEAD /cgi/imgbbs2/src/1054105588.jpg HTTP/1.1" 404 0 "-" "Googlebot-Image/1.0"
66.249.65.36 - - [25/Apr/2005:03:35:32 +0900] "HEAD /cgi/imgbbs2/src/1050940570.jpg HTTP/1.1" 404 0 "-" "Googlebot-Image/1.0"
66.249.65.36 - - [25/Apr/2005:03:35:36 +0900] "HEAD /cgi/imgbbs2/thumb/1051277766s.jpg HTTP/1.1" 404 0 "-" "Googlebot-Image/1.0"
66.249.65.36 - - [25/Apr/2005:03:35:41 +0900] "HEAD /cgi/imgbbs2/thumb/1067233300s.jpg HTTP/1.1" 404 0 "-" "Googlebot-Image/1.0"
66.249.65.36 - - [25/Apr/2005:03:35:46 +0900] "HEAD /cgi/imgbbs2/thumb/1059676373s.jpg HTTP/1.1" 404 0 "-" "Googlebot-Image/1.0"
66.249.65.36 - - [25/Apr/2005:03:36:10 +0900] "HEAD /cgi/imgbbs2/src/1064937484.jpg HTTP/1.1" 404 0 "-" "Googlebot-Image/1.0"
66.196.90.122 - - [25/Apr/2005:03:36:52 +0900] "GET /robots.txt HTTP/1.0" 200 0 "-" "Mozilla/5.0 (compatible; Yahoo! Slurp; http://help.yahoo.com/help/us/ysearch/slurp)"
66.196.90.182 - - [25/Apr/2005:03:36:53 +0900] "GET / HTTP/1.0" 200 3379 "-" "Mozilla/5.0 (compatible; Yahoo! Slurp; http://help.yahoo.com/help/us/ysearch/slurp)"
207.46.98.66 - - [25/Apr/2005:03:41:03 +0900] "GET /3gp/MATRIX HTTP/1.0" 404 270 "-" "msnbot/1.0 (+http://search.msn.com/msnbot.htm)"
207.46.98.66 - - [25/Apr/2005:03:42:13 +0900] "GET /skin/print.ja.css HTTP/1.0" 404 277 "-" "msnbot/1.0 (+http://search.msn.com/msnbot.htm)"
207.46.98.66 - - [25/Apr/2005:03:45:03 +0900] "GET /cgi/imgbbs2/img4.html HTTP/1.0" 404 281 "-" "msnbot/1.0 (+http://search.msn.com/msnbot.htm)"
66.249.66.115 - - [25/Apr/2005:03:45:50 +0900] "HEAD /cgi/imgbbs2/src/1054243232.jpg HTTP/1.1" 404 0 "-" "Googlebot-Image/1.0"
66.249.66.115 - - [25/Apr/2005:03:45:51 +0900] "HEAD /cgi/imgbbs2/src/1067233300.jpg HTTP/1.1" 404 0 "-" "Googlebot-Image/1.0"
207.46.98.66 - - [25/Apr/2005:03:45:52 +0900] "GET /cgi/imgbbs2/img2.html HTTP/1.0" 404 281 "-" "msnbot/1.0 (+http://search.msn.com/msnbot.htm)"
207.46.98.66 - - [25/Apr/2005:03:47:35 +0900] "GET /pukiwiki/skin/print.ja.css HTTP/1.0" 200 665 "-" "msnbot/1.0 (+http://search.msn.com/msnbot.htm)"
207.46.98.66 - - [25/Apr/2005:03:48:43 +0900] "GET /pukiwiki.php HTTP/1.0" 404 272 "-" "msnbot/1.0 (+http://search.msn.com/msnbot.htm)"
207.46.98.66 - - [25/Apr/2005:03:49:49 +0900] "GET /cgi/imgbbs2/img5.html HTTP/1.0" 404 281 "-" "msnbot/1.0 (+http://search.msn.com/msnbot.htm)"
207.46.98.66 - - [25/Apr/2005:03:51:48 +0900] "GET /cgi/imgbbs2/img3.html HTTP/1.0" 404 281 "-" "msnbot/1.0 (+http://search.msn.com/msnbot.htm)"
66.249.66.115 - - [25/Apr/2005:03:51:55 +0900] "HEAD /cgi/imgbbs2/thumb/1067233233s.jpg HTTP/1.1" 404 0 "-" "Googlebot-Image/1.0"
66.249.66.115 - - [25/Apr/2005:03:55:33 +0900] "HEAD /cgi/imgbbs2/thumb/1050940602s.jpg HTTP/1.1" 404 0 "-" "Googlebot-Image/1.0"
66.249.66.115 - - [25/Apr/2005:03:55:33 +0900] "HEAD /cgi/imgbbs2/thumb/1064936888s.jpg HTTP/1.1" 404 0 "-" "Googlebot-Image/1.0"
66.249.66.115 - - [25/Apr/2005:03:56:58 +0900] "HEAD /cgi/imgbbs2/src/1064936888.jpg HTTP/1.1" 404 0 "-" "Googlebot-Image/1.0"
207.46.98.66 - - [25/Apr/2005:03:57:29 +0900] "GET /pukiwiki/skin/default.ja.css HTTP/1.0" 200 7905 "-" "msnbot/1.0 (+http://search.msn.com/msnbot.htm)"
66.249.66.115 - - [25/Apr/2005:03:58:01 +0900] "HEAD /cgi/imgbbs/thumb/1051422117s.jpg HTTP/1.1" 404 0 "-" "Googlebot-Image/1.0"
66.249.66.236 - - [25/Apr/2005:03:59:41 +0900] "GET /robots.txt HTTP/1.1" 200 0 "-" "Googlebot-Image/1.0"
66.249.66.236 - - [25/Apr/2005:03:59:42 +0900] "HEAD /cgi/imgbbs2/src/1059676373.jpg HTTP/1.1" 404 0 "-" "Googlebot-Image/1.0"
66.249.66.115 - - [25/Apr/2005:03:59:44 +0900] "HEAD /cgi/imgbbs2/src/1064937434.jpg HTTP/1.1" 404 0 "-" "Googlebot-Image/1.0"
66.249.66.115 - - [25/Apr/2005:03:59:48 +0900] "HEAD /cgi/imgbbs2/src/1053690252.jpg HTTP/1.1" 404 0 "-" "Googlebot-Image/1.0"
66.249.66.115 - - [25/Apr/2005:04:00:42 +0900] "HEAD /cgi/imgbbs2/thumb/1065718404s.jpg HTTP/1.1" 404 0 "-" "Googlebot-Image/1.0"
66.249.66.115 - - [25/Apr/2005:04:00:47 +0900] "HEAD /cgi/imgbbs2/thumb/1053690747s.jpg HTTP/1.1" 404 0 "-" "Googlebot-Image/1.0"
66.249.66.115 - - [25/Apr/2005:04:00:52 +0900] "HEAD /cgi/imgbbs2/src/1051280076.jpg HTTP/1.1" 404 0 "-" "Googlebot-Image/1.0"
66.249.66.115 - - [25/Apr/2005:04:01:31 +0900] "HEAD /cgi/imgbbs2/src/1051277665.jpg HTTP/1.1" 404 0 "-" "Googlebot-Image/1.0"
66.249.66.115 - - [25/Apr/2005:04:02:19 +0900] "HEAD /cgi/imgbbs2/src/1054678648.jpg HTTP/1.1" 404 0 "-" "Googlebot-Image/1.0"
207.68.146.56 - - [25/Apr/2005:04:04:54 +0900] "GET /pukiwiki.php?%CD%BD%C4%EA%C9%BD%2F2004-11-01 HTTP/1.0" 200 11085 "-" "msnbot/1.0 (+http://search.msn.com/msnbot.htm)"
66.249.66.115 - - [25/Apr/2005:04:04:57 +0900] "HEAD /cgi/imgbbs2/thumb/1050940570s.jpg HTTP/1.1" 404 0 "-" "Googlebot-Image/1.0"
207.46.98.66 - - [25/Apr/2005:04:16:47 +0900] "GET /cgi/imgbbs2/res/res36.html HTTP/1.0" 404 286 "-" "msnbot/1.0 (+http://search.msn.com/msnbot.htm)"
207.46.98.126 - - [25/Apr/2005:04:19:53 +0900] "GET /pukiwiki.php?cmd=search HTTP/1.0" 200 4220 "-" "msnbot/1.0 (+http://search.msn.com/msnbot.htm)"
66.196.90.122 - - [25/Apr/2005:04:20:56 +0900] "GET /robots.txt HTTP/1.0" 200 0 "-" "Mozilla/5.0 (compatible; Yahoo! Slurp; http://help.yahoo.com/help/us/ysearch/slurp)"
66.196.90.44 - - [25/Apr/2005:04:20:57 +0900] "GET /photo?M=D HTTP/1.0" 301 297 "-" "Mozilla/5.0 (compatible; Yahoo! Slurp; http://help.yahoo.com/help/us/ysearch/slurp)"
66.196.90.44 - - [25/Apr/2005:04:21:01 +0900] "GET /photo/?M=D HTTP/1.0" 200 9331 "-" "Mozilla/5.0 (compatible; Yahoo! Slurp; http://help.yahoo.com/help/us/ysearch/slurp)"
211.10.149.1 - - [25/Apr/2005:04:27:00 +0900] "GET / HTTP/1.1" 200 3379 "-" "Mozilla/5.0 (Windows; U; Windows NT 5.0; ja-JP; rv:1.7.7) Gecko/20050414 Firefox/1.0.3"
211.10.149.1 - - [25/Apr/2005:04:27:00 +0900] "GET /site.css HTTP/1.1" 200 2606 "http://l-lab.org/" "Mozilla/5.0 (Windows; U; Windows NT 5.0; ja-JP; rv:1.7.7) Gecko/20050414 Firefox/1.0.3"
211.10.149.1 - - [25/Apr/2005:04:27:01 +0900] "GET /image/L_bnr.png HTTP/1.1" 200 6449 "http://l-lab.org/" "Mozilla/5.0 (Windows; U; Windows NT 5.0; ja-JP; rv:1.7.7) Gecko/20050414 Firefox/1.0.3"
211.10.149.1 - - [25/Apr/2005:04:27:01 +0900] "GET /image/ellabo.gif HTTP/1.1" 200 21868 "http://l-lab.org/" "Mozilla/5.0 (Windows; U; Windows NT 5.0; ja-JP; rv:1.7.7) Gecko/20050414 Firefox/1.0.3"
211.10.149.1 - - [25/Apr/2005:04:27:01 +0900] "GET /favicon.ico HTTP/1.1" 200 894 "-" "Mozilla/5.0 (Windows; U; Windows NT 5.0; ja-JP; rv:1.7.7) Gecko/20050414 Firefox/1.0.3"
66.249.66.115 - - [25/Apr/2005:04:29:15 +0900] "HEAD /cgi/imgbbs2/src/1051295952.jpg HTTP/1.1" 404 0 "-" "Googlebot-Image/1.0"
207.46.98.66 - - [25/Apr/2005:04:32:18 +0900] "GET /pukiwiki/pukiwiki.php?cmd=edit&page=%A5%D8%A5%EB%A5%D7 HTTP/1.0" 200 5970 "-" "msnbot/1.0 (+http://search.msn.com/msnbot.htm)"
207.46.98.66 - - [25/Apr/2005:04:32:24 +0900] "GET /pukiwiki/pukiwiki.php?cmd=backup&page=%A5%D8%A5%EB%A5%D7 HTTP/1.0" 200 4230 "-" "msnbot/1.0 (+http://search.msn.com/msnbot.htm)"
222.5.192.208 - - [25/Apr/2005:04:45:56 +0900] "GET /cgi/imgbbs/imgboard.html HTTP/1.1" 200 8856 "-" "Mozilla/4.0 (compatible; MSIE 6.0; Windows NT 5.1; SV1; .NET CLR 1.0.3705)"
222.5.192.208 - - [25/Apr/2005:04:45:56 +0900] "GET /cgi/imgbbs/thumb/1055022030s.jpg HTTP/1.1" 200 17045 "-" "Mozilla/4.0 (compatible; MSIE 6.0; Windows NT 5.1; SV1; .NET CLR 1.0.3705)"
222.5.192.208 - - [25/Apr/2005:04:45:56 +0900] "GET /cgi/imgbbs/thumb/1073641855s.jpg HTTP/1.1" 200 19771 "-" "Mozilla/4.0 (compatible; MSIE 6.0; Windows NT 5.1; SV1; .NET CLR 1.0.3705)"
68.142.249.142 - - [25/Apr/2005:04:49:08 +0900] "GET /robots.txt HTTP/1.0" 200 0 "-" "Mozilla/5.0 (compatible; Yahoo! Slurp; http://help.yahoo.com/help/us/ysearch/slurp)"
68.142.251.26 - - [25/Apr/2005:04:49:09 +0900] "GET /cgi/imgbbs/imgbbs.cgi HTTP/1.0" 200 490 "-" "Mozilla/5.0 (compatible; Yahoo! Slurp; http://help.yahoo.com/help/us/ysearch/slurp)"
207.46.98.66 - - [25/Apr/2005:05:01:11 +0900] "GET /pukiwiki/skin/trackback.js HTTP/1.0" 200 269 "-" "msnbot/1.0 (+http://search.msn.com/msnbot.htm)"
207.46.98.66 - - [25/Apr/2005:05:03:26 +0900] "GET /pukiwiki/pukiwiki.php?plugin=rename&refer=%CF%BF%B2%BB%B8%EC%CF%BF HTTP/1.0" 200 4355 "-" "msnbot/1.0 (+http://search.msn.com/msnbot.htm)"
207.46.98.66 - - [25/Apr/2005:05:04:46 +0900] "GET /pukiwiki/pukiwiki.php?cmd=edit&page=MuUn&refer=%CF%BF%B2%BB%B8%EC%CF%BF HTTP/1.0" 200 10192 "-" "msnbot/1.0 (+http://search.msn.com/msnbot.htm)"
207.46.98.66 - - [25/Apr/2005:05:05:06 +0900] "GET /pukiwiki/pukiwiki.php?cmd=search&word=%CF%BF%B2%BB%B8%EC%CF%BF HTTP/1.0" 200 4836 "-" "msnbot/1.0 (+http://search.msn.com/msnbot.htm)"
207.68.146.56 - - [25/Apr/2005:05:08:51 +0900] "GET /pukiwiki.php?%CD%BD%C4%EA%C9%BD%2F2005-02-10 HTTP/1.0" 200 10886 "-" "msnbot/1.0 (+http://search.msn.com/msnbot.htm)"
207.46.98.66 - - [25/Apr/2005:05:16:46 +0900] "GET /pukiwiki/pukiwiki.php?plugin=rename&refer=PukiWiki%2F1.4%2F%A5%DE%A5%CB%A5%E5%A5%A2%A5%EB%2F%A5%D7%A5%E9%A5%B0%A5%A4%A5%F3%2Fu HTTP/1.0" 200 4527 "-" "msnbot/1.0 (+http://search.msn.com/msnbot.htm)"
66.196.90.122 - - [25/Apr/2005:05:17:55 +0900] "GET /robots.txt HTTP/1.0" 200 0 "-" "Mozilla/5.0 (compatible; Yahoo! Slurp; http://help.yahoo.com/help/us/ysearch/slurp)"
66.196.90.64 - - [25/Apr/2005:05:17:56 +0900] "GET /image?D=D HTTP/1.0" 301 297 "-" "Mozilla/5.0 (compatible; Yahoo! Slurp; http://help.yahoo.com/help/us/ysearch/slurp)"
66.196.90.64 - - [25/Apr/2005:05:18:01 +0900] "GET /image/?D=D HTTP/1.0" 200 5025 "-" "Mozilla/5.0 (compatible; Yahoo! Slurp; http://help.yahoo.com/help/us/ysearch/slurp)"
207.46.98.66 - - [25/Apr/2005:05:18:17 +0900] "GET /pukiwiki/pukiwiki.php?cmd=search&word=PukiWiki%2F1.4%2F%A5%DE%A5%CB%A5%E5%A5%A2%A5%EB%2F%A5%D7%A5%E9%A5%B0%A5%A4%A5%F3%2Fu HTTP/1.0" 200 4987 "-" "msnbot/1.0 (+http://search.msn.com/msnbot.htm)"
207.46.98.66 - - [25/Apr/2005:05:18:29 +0900] "GET /pukiwiki/pukiwiki.php?plugin=newpage&refer=PukiWiki%2F1.4%2F%A5%DE%A5%CB%A5%E5%A5%A2%A5%EB%2F%A5%D7%A5%E9%A5%B0%A5%A4%A5%F3%2Fu HTTP/1.0" 200 4227 "-" "msnbot/1.0 (+http://search.msn.com/msnbot.htm)"
61.203.173.197 - - [25/Apr/2005:05:28:13 +0900] "GET / HTTP/1.0" 200 3379 "-" "Mozilla/4.0 (compatible; MSIE 6.0; Windows 98)"
192.218.140.157 - - [25/Apr/2005:05:47:50 +0900] "GET /site.css HTTP/1.0" 304 - "-" "Mozilla/4.0 (compatible;)"
192.218.140.157 - - [25/Apr/2005:05:48:38 +0900] "GET /html/ntp.html HTTP/1.0" 304 - "-" "Mozilla/4.0 (compatible;)"
66.196.90.122 - - [25/Apr/2005:06:08:34 +0900] "GET /robots.txt HTTP/1.0" 200 0 "-" "Mozilla/5.0 (compatible; Yahoo! Slurp; http://help.yahoo.com/help/us/ysearch/slurp)"
66.196.91.42 - - [25/Apr/2005:06:08:34 +0900] "GET /cgi/imgbbs2/res/res38.html HTTP/1.0" 404 286 "-" "Mozilla/5.0 (compatible; Yahoo! Slurp; http://help.yahoo.com/help/us/ysearch/slurp)"
221.186.146.26 - - [25/Apr/2005:06:11:00 +0900] "HEAD / HTTP/1.1" 200 0 "-" "Hatena Antenna/0.4 (http://a.hatena.ne.jp/help)"
221.186.146.26 - - [25/Apr/2005:06:11:00 +0900] "GET / HTTP/1.1" 200 14567 "-" "Hatena Antenna/0.4 (http://a.hatena.ne.jp/help)"
207.68.146.56 - - [25/Apr/2005:06:16:41 +0900] "GET /pukiwiki.php?%CD%BD%C4%EA%C9%BD%2F2005-02-12 HTTP/1.0" 200 10906 "-" "msnbot/1.0 (+http://search.msn.com/msnbot.htm)"
207.46.98.126 - - [25/Apr/2005:06:27:26 +0900] "GET /robots.txt HTTP/1.0" 200 0 "-" "msnbot/1.0 (+http://search.msn.com/msnbot.htm)"
207.46.98.126 - - [25/Apr/2005:06:27:26 +0900] "GET /pukiwiki.php?cmd=rss10 HTTP/1.0" 200 5128 "-" "msnbot/1.0 (+http://search.msn.com/msnbot.htm)"
222.3.63.96 - - [25/Apr/2005:06:28:07 +0900] "GET /pukiwiki/ HTTP/1.1" 200 12873 "-" "Mozilla/5.0 (Windows; U; Windows NT 5.0; ja-JP; rv:1.7.6) Gecko/20050308 Firefox/1.0.1 (MOOX M2)"
222.3.63.96 - - [25/Apr/2005:06:28:07 +0900] "GET /pukiwiki/skin/default.ja.css HTTP/1.1" 200 7905 "http://l-lab.org/pukiwiki/" "Mozilla/5.0 (Windows; U; Windows NT 5.0; ja-JP; rv:1.7.6) Gecko/20050308 Firefox/1.0.1 (MOOX M2)"
222.3.63.96 - - [25/Apr/2005:06:28:07 +0900] "GET /pukiwiki/skin/print.ja.css HTTP/1.1" 200 665 "http://l-lab.org/pukiwiki/" "Mozilla/5.0 (Windows; U; Windows NT 5.0; ja-JP; rv:1.7.6) Gecko/20050308 Firefox/1.0.1 (MOOX M2)"
222.3.63.96 - - [25/Apr/2005:06:28:07 +0900] "GET /pukiwiki/skin/trackback.js HTTP/1.1" 200 269 "http://l-lab.org/pukiwiki/" "Mozilla/5.0 (Windows; U; Windows NT 5.0; ja-JP; rv:1.7.6) Gecko/20050308 Firefox/1.0.1 (MOOX M2)"
222.3.63.96 - - [25/Apr/2005:06:28:07 +0900] "GET /pukiwiki/image/pukiwiki.png HTTP/1.1" 200 4385 "http://l-lab.org/pukiwiki/" "Mozilla/5.0 (Windows; U; Windows NT 5.0; ja-JP; rv:1.7.6) Gecko/20050308 Firefox/1.0.1 (MOOX M2)"
222.3.63.96 - - [25/Apr/2005:06:28:08 +0900] "GET /pukiwiki/image/reload.png HTTP/1.1" 200 1298 "http://l-lab.org/pukiwiki/" "Mozilla/5.0 (Windows; U; Windows NT 5.0; ja-JP; rv:1.7.6) Gecko/20050308 Firefox/1.0.1 (MOOX M2)"
222.3.63.96 - - [25/Apr/2005:06:28:08 +0900] "GET /pukiwiki/image/new.png HTTP/1.1" 200 796 "http://l-lab.org/pukiwiki/" "Mozilla/5.0 (Windows; U; Windows NT 5.0; ja-JP; rv:1.7.6) Gecko/20050308 Firefox/1.0.1 (MOOX M2)"
222.3.63.96 - - [25/Apr/2005:06:28:08 +0900] "GET /pukiwiki/image/freeze.png HTTP/1.1" 200 352 "http://l-lab.org/pukiwiki/" "Mozilla/5.0 (Windows; U; Windows NT 5.0; ja-JP; rv:1.7.6) Gecko/20050308 Firefox/1.0.1 (MOOX M2)"
222.3.63.96 - - [25/Apr/2005:06:28:08 +0900] "GET /pukiwiki/image/diff.png HTTP/1.1" 200 507 "http://l-lab.org/pukiwiki/" "Mozilla/5.0 (Windows; U; Windows NT 5.0; ja-JP; rv:1.7.6) Gecko/20050308 Firefox/1.0.1 (MOOX M2)"
222.3.63.96 - - [25/Apr/2005:06:28:08 +0900] "GET /pukiwiki/image/file.png HTTP/1.1" 200 1280 "http://l-lab.org/pukiwiki/" "Mozilla/5.0 (Windows; U; Windows NT 5.0; ja-JP; rv:1.7.6) Gecko/20050308 Firefox/1.0.1 (MOOX M2)"
222.3.63.96 - - [25/Apr/2005:06:28:08 +0900] "GET /pukiwiki/image/copy.png HTTP/1.1" 200 490 "http://l-lab.org/pukiwiki/" "Mozilla/5.0 (Windows; U; Windows NT 5.0; ja-JP; rv:1.7.6) Gecko/20050308 Firefox/1.0.1 (MOOX M2)"
222.3.63.96 - - [25/Apr/2005:06:28:08 +0900] "GET /pukiwiki/image/rename.png HTTP/1.1" 200 339 "http://l-lab.org/pukiwiki/" "Mozilla/5.0 (Windows; U; Windows NT 5.0; ja-JP; rv:1.7.6) Gecko/20050308 Firefox/1.0.1 (MOOX M2)"
222.3.63.96 - - [25/Apr/2005:06:28:08 +0900] "GET /pukiwiki/image/top.png HTTP/1.1" 200 1299 "http://l-lab.org/pukiwiki/" "Mozilla/5.0 (Windows; U; Windows NT 5.0; ja-JP; rv:1.7.6) Gecko/20050308 Firefox/1.0.1 (MOOX M2)"
222.3.63.96 - - [25/Apr/2005:06:28:08 +0900] "GET /pukiwiki/image/list.png HTTP/1.1" 200 1234 "http://l-lab.org/pukiwiki/" "Mozilla/5.0 (Windows; U; Windows NT 5.0; ja-JP; rv:1.7.6) Gecko/20050308 Firefox/1.0.1 (MOOX M2)"
222.3.63.96 - - [25/Apr/2005:06:28:08 +0900] "GET /pukiwiki/image/search.png HTTP/1.1" 200 1285 "http://l-lab.org/pukiwiki/" "Mozilla/5.0 (Windows; U; Windows NT 5.0; ja-JP; rv:1.7.6) Gecko/20050308 Firefox/1.0.1 (MOOX M2)"
222.3.63.96 - - [25/Apr/2005:06:28:08 +0900] "GET /pukiwiki/image/edit.png HTTP/1.1" 200 1295 "http://l-lab.org/pukiwiki/" "Mozilla/5.0 (Windows; U; Windows NT 5.0; ja-JP; rv:1.7.6) Gecko/20050308 Firefox/1.0.1 (MOOX M2)"
222.3.63.96 - - [25/Apr/2005:06:28:08 +0900] "GET /pukiwiki/image/recentchanges.png HTTP/1.1" 200 1314 "http://l-lab.org/pukiwiki/" "Mozilla/5.0 (Windows; U; Windows NT 5.0; ja-JP; rv:1.7.6) Gecko/20050308 Firefox/1.0.1 (MOOX M2)"
222.3.63.96 - - [25/Apr/2005:06:28:08 +0900] "GET /pukiwiki/image/backup.png HTTP/1.1" 200 1261 "http://l-lab.org/pukiwiki/" "Mozilla/5.0 (Windows; U; Windows NT 5.0; ja-JP; rv:1.7.6) Gecko/20050308 Firefox/1.0.1 (MOOX M2)"
222.3.63.96 - - [25/Apr/2005:06:28:08 +0900] "GET /pukiwiki/image/help.png HTTP/1.1" 200 1274 "http://l-lab.org/pukiwiki/" "Mozilla/5.0 (Windows; U; Windows NT 5.0; ja-JP; rv:1.7.6) Gecko/20050308 Firefox/1.0.1 (MOOX M2)"
222.3.63.96 - - [25/Apr/2005:06:28:08 +0900] "GET /pukiwiki/image/rss.png HTTP/1.1" 200 1137 "http://l-lab.org/pukiwiki/" "Mozilla/5.0 (Windows; U; Windows NT 5.0; ja-JP; rv:1.7.6) Gecko/20050308 Firefox/1.0.1 (MOOX M2)"
222.3.63.96 - - [25/Apr/2005:06:28:09 +0900] "GET /favicon.ico HTTP/1.1" 200 894 "-" "Mozilla/5.0 (Windows; U; Windows NT 5.0; ja-JP; rv:1.7.6) Gecko/20050308 Firefox/1.0.1 (MOOX M2)"
222.3.63.96 - - [25/Apr/2005:06:28:33 +0900] "GET /pukiwiki/pukiwiki.php?%CF%BF%B2%BB%A4%CE%BD%C9%C2%EA HTTP/1.1" 200 12073 "http://l-lab.org/pukiwiki/" "Mozilla/5.0 (Windows; U; Windows NT 5.0; ja-JP; rv:1.7.6) Gecko/20050308 Firefox/1.0.1 (MOOX M2)"
222.3.63.96 - - [25/Apr/2005:06:28:40 +0900] "GET /pukiwiki/pukiwiki.php?%CF%BF%B2%BB%A4%CE%C2%AD%C0%D7 HTTP/1.1" 200 23454 "http://l-lab.org/pukiwiki/pukiwiki.php?%CF%BF%B2%BB%A4%CE%BD%C9%C2%EA" "Mozilla/5.0 (Windows; U; Windows NT 5.0; ja-JP; rv:1.7.6) Gecko/20050308 Firefox/1.0.1 (MOOX M2)"
222.3.63.96 - - [25/Apr/2005:06:29:00 +0900] "GET /pukiwiki/pukiwiki.php?%CF%BF%B2%BB%B8%EC%CF%BF HTTP/1.1" 200 15311 "http://l-lab.org/pukiwiki/pukiwiki.php?%CF%BF%B2%BB%A4%CE%C2%AD%C0%D7" "Mozilla/5.0 (Windows; U; Windows NT 5.0; ja-JP; rv:1.7.6) Gecko/20050308 Firefox/1.0.1 (MOOX M2)"
68.142.249.142 - - [25/Apr/2005:06:31:30 +0900] "GET /robots.txt HTTP/1.0" 200 0 "-" "Mozilla/5.0 (compatible; Yahoo! Slurp; http://help.yahoo.com/help/us/ysearch/slurp)"
68.142.251.143 - - [25/Apr/2005:06:31:30 +0900] "GET /cgi/imgbbs2/img4.html HTTP/1.0" 404 281 "-" "Mozilla/5.0 (compatible; Yahoo! Slurp; http://help.yahoo.com/help/us/ysearch/slurp)"
64.242.88.50 - - [25/Apr/2005:06:42:17 +0900] "GET /webalizer/ HTTP/1.1" 200 10116 "-" "Mozilla/4.0 compatible ZyBorg/1.0 Dead Link Checker (wn.dlc@looksmart.net; http://www.WISEnutbot.com)"
207.46.98.66 - - [25/Apr/2005:06:56:02 +0900] "GET /robots.txt HTTP/1.0" 200 0 "-" "msnbot/1.0 (+http://search.msn.com/msnbot.htm)"
207.46.98.66 - - [25/Apr/2005:06:56:02 +0900] "GET /cgi/imgbbs2/imgboard.html HTTP/1.0" 404 285 "-" "msnbot/1.0 (+http://search.msn.com/msnbot.htm)"
64.242.88.50 - - [25/Apr/2005:06:58:10 +0900] "GET /pukiwiki.php?cmd=edit&page=NMUG%20FrontPage HTTP/1.1" 200 13718 "-" "Mozilla/4.0 compatible ZyBorg/1.0 Dead Link Checker (wn.dlc@looksmart.net; http://www.WISEnutbot.com)"
207.46.98.66 - - [25/Apr/2005:07:04:24 +0900] "GET /image/DO/?N=A HTTP/1.0" 200 1261 "-" "msnbot/1.0 (+http://search.msn.com/msnbot.htm)"
64.242.88.50 - - [25/Apr/2005:07:05:54 +0900] "GET /pukiwiki.php?SandBox HTTP/1.1" 200 11442 "-" "Mozilla/4.0 compatible ZyBorg/1.0 Dead Link Checker (wn.dlc@looksmart.net; http://www.WISEnutbot.com)"
207.46.98.126 - - [25/Apr/2005:07:19:37 +0900] "GET /pukiwiki.php?plugin=newpage HTTP/1.0" 200 4133 "-" "msnbot/1.0 (+http://search.msn.com/msnbot.htm)"
203.174.66.231 - - [25/Apr/2005:07:36:05 +0900] "GET /html/pppoe.html HTTP/1.1" 200 3434 "-" "livedoorCheckers/0.11"
218.225.19.212 - - [25/Apr/2005:07:39:30 +0900] "GET /cgi/imgbbs/imgboard.html HTTP/1.1" 200 8856 "http://images.google.com/imgres?imgurl=http://l-lab.org/cgi/imgbbs/src/1055022030.jpg&imgrefurl=http://l-lab.org/cgi/imgbbs/imgboard.html&h=480&w=640&sz=65&tbnid=bpnRoDN3l_oJ:&tbnh=101&tbnw=135&start=57&prev=/images%3Fq%3D%25E3%2583%25AD%25E3%2583%25AA%26start%3D40%26hl%3Dja%26lr%3D%26sa%3DN" "Mozilla/4.0 (compatible; MSIE 6.0; Windows NT 5.1; SV1)"
218.225.19.212 - - [25/Apr/2005:07:39:31 +0900] "GET /cgi/imgbbs/thumb/1055022030s.jpg HTTP/1.1" 200 17045 "http://l-lab.org/cgi/imgbbs/imgboard.html" "Mozilla/4.0 (compatible; MSIE 6.0; Windows NT 5.1; SV1)"
218.225.19.212 - - [25/Apr/2005:07:39:31 +0900] "GET /cgi/imgbbs/thumb/1073641855s.jpg HTTP/1.1" 200 19771 "http://l-lab.org/cgi/imgbbs/imgboard.html" "Mozilla/4.0 (compatible; MSIE 6.0; Windows NT 5.1; SV1)"
218.225.19.212 - - [25/Apr/2005:07:39:49 +0900] "GET /cgi/imgbbs/src/1073641855.jpg HTTP/1.1" 200 117954 "http://l-lab.org/cgi/imgbbs/imgboard.html" "Mozilla/4.0 (compatible; MSIE 6.0; Windows NT 5.1; SV1)"
218.225.19.212 - - [25/Apr/2005:07:40:02 +0900] "GET /cgi/imgbbs/img2.html HTTP/1.1" 200 8356 "http://l-lab.org/cgi/imgbbs/imgboard.html" "Mozilla/4.0 (compatible; MSIE 6.0; Windows NT 5.1; SV1)"
218.225.19.212 - - [25/Apr/2005:07:40:03 +0900] "GET /cgi/imgbbs/thumb/1071520286s.jpg HTTP/1.1" 200 14815 "http://l-lab.org/cgi/imgbbs/img2.html" "Mozilla/4.0 (compatible; MSIE 6.0; Windows NT 5.1; SV1)"
218.225.19.212 - - [25/Apr/2005:07:40:03 +0900] "GET /cgi/imgbbs/thumb/1064932685s.jpg HTTP/1.1" 200 5769 "http://l-lab.org/cgi/imgbbs/img2.html" "Mozilla/4.0 (compatible; MSIE 6.0; Windows NT 5.1; SV1)"
218.225.19.212 - - [25/Apr/2005:07:40:03 +0900] "GET /cgi/imgbbs/src/1067961568.jpg HTTP/1.1" 200 5260 "http://l-lab.org/cgi/imgbbs/img2.html" "Mozilla/4.0 (compatible; MSIE 6.0; Windows NT 5.1; SV1)"
218.225.19.212 - - [25/Apr/2005:07:40:03 +0900] "GET /cgi/imgbbs/thumb/1066841667s.jpg HTTP/1.1" 200 12632 "http://l-lab.org/cgi/imgbbs/img2.html" "Mozilla/4.0 (compatible; MSIE 6.0; Windows NT 5.1; SV1)"
218.225.19.212 - - [25/Apr/2005:07:40:03 +0900] "GET /cgi/imgbbs/thumb/1065719293s.jpg HTTP/1.1" 200 12349 "http://l-lab.org/cgi/imgbbs/img2.html" "Mozilla/4.0 (compatible; MSIE 6.0; Windows NT 5.1; SV1)"
218.225.19.212 - - [25/Apr/2005:07:40:23 +0900] "GET /cgi/imgbbs/img3.html HTTP/1.1" 200 7453 "http://l-lab.org/cgi/imgbbs/img2.html" "Mozilla/4.0 (compatible; MSIE 6.0; Windows NT 5.1; SV1)"
218.225.19.212 - - [25/Apr/2005:07:40:23 +0900] "GET /cgi/imgbbs/thumb/1064777036s.png HTTP/1.1" 200 289 "http://l-lab.org/cgi/imgbbs/img3.html" "Mozilla/4.0 (compatible; MSIE 6.0; Windows NT 5.1; SV1)"
218.225.19.212 - - [25/Apr/2005:07:40:23 +0900] "GET /cgi/imgbbs/thumb/1065841761s.jpg HTTP/1.1" 200 7833 "http://l-lab.org/cgi/imgbbs/img3.html" "Mozilla/4.0 (compatible; MSIE 6.0; Windows NT 5.1; SV1)"
218.225.19.212 - - [25/Apr/2005:07:40:23 +0900] "GET /cgi/imgbbs/thumb/1064776433s.png HTTP/1.1" 200 289 "http://l-lab.org/cgi/imgbbs/img3.html" "Mozilla/4.0 (compatible; MSIE 6.0; Windows NT 5.1; SV1)"
218.225.19.212 - - [25/Apr/2005:07:40:23 +0900] "GET /cgi/imgbbs/thumb/1064603556s.jpg HTTP/1.1" 200 13169 "http://l-lab.org/cgi/imgbbs/img3.html" "Mozilla/4.0 (compatible; MSIE 6.0; Windows NT 5.1; SV1)"
218.225.19.212 - - [25/Apr/2005:07:40:23 +0900] "GET /cgi/imgbbs/thumb/1064604706s.png HTTP/1.1" 200 231 "http://l-lab.org/cgi/imgbbs/img3.html" "Mozilla/4.0 (compatible; MSIE 6.0; Windows NT 5.1; SV1)"
218.225.19.212 - - [25/Apr/2005:07:40:27 +0900] "GET / HTTP/1.1" 200 3379 "http://l-lab.org/cgi/imgbbs/img3.html" "Mozilla/4.0 (compatible; MSIE 6.0; Windows NT 5.1; SV1)"
