68.127.27.217 - - [26/Apr/2005:09:33:09 +0900] "GET /cgi/imgbbs/src/1059224085.jpg HTTP/1.1" 200 64768 "http://l-lab.org/cgi/imgbbs/img4.html" "Mozilla/5.0 (Windows; U; Windows NT 5.1; en-US; rv:1.7.7) Gecko/20050414 Firefox/1.0.3"
68.127.27.217 - - [26/Apr/2005:09:33:09 +0900] "GET /cgi/imgbbs/src/1058203895.jpg HTTP/1.1" 200 4298 "http://l-lab.org/cgi/imgbbs/img4.html" "Mozilla/5.0 (Windows; U; Windows NT 5.1; en-US; rv:1.7.7) Gecko/20050414 Firefox/1.0.3"
68.127.27.217 - - [26/Apr/2005:09:33:11 +0900] "GET /cgi/imgbbs/img5.html HTTP/1.1" 200 7161 "http://l-lab.org/cgi/imgbbs/img4.html" "Mozilla/5.0 (Windows; U; Windows NT 5.1; en-US; rv:1.7.7) Gecko/20050414 Firefox/1.0.3"
68.127.27.217 - - [26/Apr/2005:09:33:12 +0900] "GET /cgi/imgbbs/thumb/1056463417s.jpg HTTP/1.1" 200 13972 "http://l-lab.org/cgi/imgbbs/img5.html" "Mozilla/5.0 (Windows; U; Windows NT 5.1; en-US; rv:1.7.7) Gecko/20050414 Firefox/1.0.3"
68.127.27.217 - - [26/Apr/2005:09:33:13 +0900] "GET /cgi/imgbbs/src/1056197869.jpg HTTP/1.1" 200 4056 "http://l-lab.org/cgi/imgbbs/img5.html" "Mozilla/5.0 (Windows; U; Windows NT 5.1; en-US; rv:1.7.7) Gecko/20050414 Firefox/1.0.3"
68.127.27.217 - - [26/Apr/2005:09:33:13 +0900] "GET /cgi/imgbbs/src/1056198148.jpg HTTP/1.1" 200 4369 "http://l-lab.org/cgi/imgbbs/img5.html" "Mozilla/5.0 (Windows; U; Windows NT 5.1; en-US; rv:1.7.7) Gecko/20050414 Firefox/1.0.3"
68.127.27.217 - - [26/Apr/2005:09:33:14 +0900] "GET /cgi/imgbbs/thumb/1055021099s.jpg HTTP/1.1" 200 10267 "http://l-lab.org/cgi/imgbbs/img5.html" "Mozilla/5.0 (Windows; U; Windows NT 5.1; en-US; rv:1.7.7) Gecko/20050414 Firefox/1.0.3"
68.127.27.217 - - [26/Apr/2005:09:33:18 +0900] "GET /cgi/imgbbs/src/1059223669.jpg HTTP/1.1" 200 64142 "http://l-lab.org/cgi/imgbbs/img5.html" "Mozilla/5.0 (Windows; U; Windows NT 5.1; en-US; rv:1.7.7) Gecko/20050414 Firefox/1.0.3"
68.127.27.217 - - [26/Apr/2005:09:33:19 +0900] "GET /cgi/imgbbs/img6.html HTTP/1.1" 200 7121 "http://l-lab.org/cgi/imgbbs/img5.html" "Mozilla/5.0 (Windows; U; Windows NT 5.1; en-US; rv:1.7.7) Gecko/20050414 Firefox/1.0.3"
68.127.27.217 - - [26/Apr/2005:09:33:19 +0900] "GET /cgi/imgbbs/thumb/1053947413s.jpg HTTP/1.1" 200 5816 "http://l-lab.org/cgi/imgbbs/img6.html" "Mozilla/5.0 (Windows; U; Windows NT 5.1; en-US; rv:1.7.7) Gecko/20050414 Firefox/1.0.3"
68.127.27.217 - - [26/Apr/2005:09:33:20 +0900] "GET /cgi/imgbbs/thumb/1053700948s.jpg HTTP/1.1" 200 7666 "http://l-lab.org/cgi/imgbbs/img6.html" "Mozilla/5.0 (Windows; U; Windows NT 5.1; en-US; rv:1.7.7) Gecko/20050414 Firefox/1.0.3"
68.127.27.217 - - [26/Apr/2005:09:33:20 +0900] "GET /cgi/imgbbs/thumb/1053689697s.jpg HTTP/1.1" 200 12371 "http://l-lab.org/cgi/imgbbs/img6.html" "Mozilla/5.0 (Windows; U; Windows NT 5.1; en-US; rv:1.7.7) Gecko/20050414 Firefox/1.0.3"
68.127.27.217 - - [26/Apr/2005:09:33:21 +0900] "GET /cgi/imgbbs/thumb/1053541309s.jpg HTTP/1.1" 200 12816 "http://l-lab.org/cgi/imgbbs/img6.html" "Mozilla/5.0 (Windows; U; Windows NT 5.1; en-US; rv:1.7.7) Gecko/20050414 Firefox/1.0.3"
68.127.27.217 - - [26/Apr/2005:09:38:12 +0900] "GET /cgi/imgbbs/src/1059636037.jpg HTTP/1.1" 200 83081 "http://l-lab.org/cgi/imgbbs/img4.html" "Mozilla/5.0 (Windows; U; Windows NT 5.1; en-US; rv:1.7.7) Gecko/20050414 Firefox/1.0.3"
68.142.249.142 - - [26/Apr/2005:10:13:37 +0900] "GET /robots.txt HTTP/1.0" 200 0 "-" "Mozilla/5.0 (compatible; Yahoo! Slurp; http://help.yahoo.com/help/us/ysearch/slurp)"
68.142.250.116 - - [26/Apr/2005:10:13:38 +0900] "GET /etc?D=D HTTP/1.0" 301 295 "-" "Mozilla/5.0 (compatible; Yahoo! Slurp; http://help.yahoo.com/help/us/ysearch/slurp)"
68.142.250.116 - - [26/Apr/2005:10:13:38 +0900] "GET /etc/?D=D HTTP/1.0" 200 2207 "-" "Mozilla/5.0 (compatible; Yahoo! Slurp; http://help.yahoo.com/help/us/ysearch/slurp)"
68.142.250.40 - - [26/Apr/2005:10:16:52 +0900] "GET /pukiwiki/pukiwiki.php?PukiWiki%2F1.4%2F%A5%DE%A5%CB%A5%E5%A5%A2%A5%EB%2F%A5%D7%A5%E9%A5%B0%A5%A4%A5%F3%2Fy HTTP/1.0" 200 16116 "-" "Mozilla/5.0 (compatible; Yahoo! Slurp; http://help.yahoo.com/help/us/ysearch/slurp)"
68.142.249.46 - - [26/Apr/2005:10:17:36 +0900] "GET /image?N=A HTTP/1.0" 301 297 "-" "Mozilla/5.0 (compatible; Yahoo! Slurp; http://help.yahoo.com/help/us/ysearch/slurp)"
68.142.249.46 - - [26/Apr/2005:10:17:37 +0900] "GET /image/?N=A HTTP/1.0" 200 5025 "-" "Mozilla/5.0 (compatible; Yahoo! Slurp; http://help.yahoo.com/help/us/ysearch/slurp)"
66.196.90.37 - - [26/Apr/2005:10:21:51 +0900] "GET /robots.txt HTTP/1.0" 200 0 "-" "Mozilla/5.0 (compatible; Yahoo! Slurp; http://help.yahoo.com/help/us/ysearch/slurp)"
66.196.90.112 - - [26/Apr/2005:10:21:51 +0900] "GET /cgi/imgbbs2/res/res45.html HTTP/1.0" 404 286 "-" "Mozilla/5.0 (compatible; Yahoo! Slurp; http://help.yahoo.com/help/us/ysearch/slurp)"
207.68.146.56 - - [26/Apr/2005:10:29:41 +0900] "GET /pukiwiki.php?SandBox HTTP/1.0" 200 19689 "-" "msnbot/1.0 (+http://search.msn.com/msnbot.htm)"
68.142.249.142 - - [26/Apr/2005:10:36:09 +0900] "GET /robots.txt HTTP/1.0" 200 0 "-" "Mozilla/5.0 (compatible; Yahoo! Slurp; http://help.yahoo.com/help/us/ysearch/slurp)"
68.142.251.192 - - [26/Apr/2005:10:36:10 +0900] "GET /prog?N=D HTTP/1.0" 301 296 "-" "Mozilla/5.0 (compatible; Yahoo! Slurp; http://help.yahoo.com/help/us/ysearch/slurp)"
68.142.251.192 - - [26/Apr/2005:10:36:13 +0900] "GET /prog/?N=D HTTP/1.0" 200 1380 "-" "Mozilla/5.0 (compatible; Yahoo! Slurp; http://help.yahoo.com/help/us/ysearch/slurp)"
66.196.91.173 - - [26/Apr/2005:10:38:22 +0900] "GET /robots.txt HTTP/1.0" 200 0 "-" "Mozilla/5.0 (compatible; Yahoo! Slurp; http://help.yahoo.com/help/us/ysearch/slurp)"
66.196.91.171 - - [26/Apr/2005:10:38:22 +0900] "GET / HTTP/1.0" 304 - "-" "Mozilla/5.0 (compatible; Yahoo! Slurp; http://help.yahoo.com/help/us/ysearch/slurp)"
207.46.98.66 - - [26/Apr/2005:10:45:52 +0900] "GET /robots.txt HTTP/1.0" 200 0 "-" "msnbot/1.0 (+http://search.msn.com/msnbot.htm)"
207.46.98.66 - - [26/Apr/2005:10:45:53 +0900] "GET /pukiwiki/pukiwiki.php?cmd=edit&page=TouchGraphWikiBrowser&refer=PukiWiki%2F1.4%2F%A5%DE%A5%CB%A5%E5%A5%A2%A5%EB%2F%A5%D7%A5%E9%A5%B0%A5%A4%A5%F3%2Ft HTTP/1.0" 200 10588 "-" "msnbot/1.0 (+http://search.msn.com/msnbot.htm)"
64.242.88.50 - - [26/Apr/2005:10:57:08 +0900] "GET / HTTP/1.1" 200 14567 "-" "Mozilla/4.0 compatible ZyBorg/1.0 Dead Link Checker (wn.dlc@looksmart.net; http://www.WISEnutbot.com)"
64.242.88.50 - - [26/Apr/2005:11:14:36 +0900] "GET /pukiwiki.php?\xc3\x83\xc2\x82\xc3\x82\xc2\xb7\xc3\x83\xc2\x83\xc3\x82\xc2\x87\xc3\x83\xc2\x82\xc3\x82\xc2\xbc\xc3\x83\xc2\x82\xc3\x82\xc2\xa8\xc3\x83\xc2\x83\xc3\x82\xc2\x88\xc3\x83\xc2\x83\xc3\x82\xc2\x84 HTTP/1.1" 200 11468 "-" "Mozilla/4.0 compatible ZyBorg/1.0 Dead Link Checker (wn.dlc@looksmart.net; http://www.WISEnutbot.com)"
210.198.208.159 - - [26/Apr/2005:11:19:06 +0900] "GET /pukiwiki/ HTTP/1.1" 200 12873 "-" "Mozilla/4.0 (compatible; MSIE 6.0; Windows NT 5.1; SV1)"
210.198.208.159 - - [26/Apr/2005:11:19:07 +0900] "GET /pukiwiki/skin/default.ja.css HTTP/1.1" 200 7905 "http://l-lab.org/pukiwiki/" "Mozilla/4.0 (compatible; MSIE 6.0; Windows NT 5.1; SV1)"
210.198.208.159 - - [26/Apr/2005:11:19:08 +0900] "GET /pukiwiki/skin/print.ja.css HTTP/1.1" 200 665 "http://l-lab.org/pukiwiki/" "Mozilla/4.0 (compatible; MSIE 6.0; Windows NT 5.1; SV1)"
210.198.208.159 - - [26/Apr/2005:11:19:09 +0900] "GET /pukiwiki/skin/trackback.js HTTP/1.1" 200 269 "http://l-lab.org/pukiwiki/" "Mozilla/4.0 (compatible; MSIE 6.0; Windows NT 5.1; SV1)"
210.198.208.159 - - [26/Apr/2005:11:19:09 +0900] "GET /pukiwiki/image/pukiwiki.png HTTP/1.1" 200 4385 "http://l-lab.org/pukiwiki/" "Mozilla/4.0 (compatible; MSIE 6.0; Windows NT 5.1; SV1)"
210.198.208.159 - - [26/Apr/2005:11:19:11 +0900] "GET /pukiwiki/image/reload.png HTTP/1.1" 200 1298 "http://l-lab.org/pukiwiki/" "Mozilla/4.0 (compatible; MSIE 6.0; Windows NT 5.1; SV1)"
210.198.208.159 - - [26/Apr/2005:11:19:11 +0900] "GET /pukiwiki/image/new.png HTTP/1.1" 200 796 "http://l-lab.org/pukiwiki/" "Mozilla/4.0 (compatible; MSIE 6.0; Windows NT 5.1; SV1)"
210.198.208.159 - - [26/Apr/2005:11:19:11 +0900] "GET /pukiwiki/image/edit.png HTTP/1.1" 200 1295 "http://l-lab.org/pukiwiki/" "Mozilla/4.0 (compatible; MSIE 6.0; Windows NT 5.1; SV1)"
210.198.208.159 - - [26/Apr/2005:11:19:11 +0900] "GET /pukiwiki/image/freeze.png HTTP/1.1" 200 352 "http://l-lab.org/pukiwiki/" "Mozilla/4.0 (compatible; MSIE 6.0; Windows NT 5.1; SV1)"
210.198.208.159 - - [26/Apr/2005:11:19:11 +0900] "GET /pukiwiki/image/diff.png HTTP/1.1" 200 507 "http://l-lab.org/pukiwiki/" "Mozilla/4.0 (compatible; MSIE 6.0; Windows NT 5.1; SV1)"
210.198.208.159 - - [26/Apr/2005:11:19:11 +0900] "GET /pukiwiki/image/file.png HTTP/1.1" 200 1280 "http://l-lab.org/pukiwiki/" "Mozilla/4.0 (compatible; MSIE 6.0; Windows NT 5.1; SV1)"
210.198.208.159 - - [26/Apr/2005:11:19:11 +0900] "GET /pukiwiki/image/copy.png HTTP/1.1" 200 490 "http://l-lab.org/pukiwiki/" "Mozilla/4.0 (compatible; MSIE 6.0; Windows NT 5.1; SV1)"
210.198.208.159 - - [26/Apr/2005:11:19:12 +0900] "GET /pukiwiki/image/rename.png HTTP/1.1" 200 339 "http://l-lab.org/pukiwiki/" "Mozilla/4.0 (compatible; MSIE 6.0; Windows NT 5.1; SV1)"
210.198.208.159 - - [26/Apr/2005:11:19:12 +0900] "GET /pukiwiki/image/top.png HTTP/1.1" 200 1299 "http://l-lab.org/pukiwiki/" "Mozilla/4.0 (compatible; MSIE 6.0; Windows NT 5.1; SV1)"
210.198.208.159 - - [26/Apr/2005:11:19:12 +0900] "GET /pukiwiki/image/list.png HTTP/1.1" 200 1234 "http://l-lab.org/pukiwiki/" "Mozilla/4.0 (compatible; MSIE 6.0; Windows NT 5.1; SV1)"
210.198.208.159 - - [26/Apr/2005:11:19:12 +0900] "GET /pukiwiki/image/search.png HTTP/1.1" 200 1285 "http://l-lab.org/pukiwiki/" "Mozilla/4.0 (compatible; MSIE 6.0; Windows NT 5.1; SV1)"
210.198.208.159 - - [26/Apr/2005:11:19:13 +0900] "GET /pukiwiki/image/recentchanges.png HTTP/1.1" 200 1314 "http://l-lab.org/pukiwiki/" "Mozilla/4.0 (compatible; MSIE 6.0; Windows NT 5.1; SV1)"
210.198.208.159 - - [26/Apr/2005:11:19:13 +0900] "GET /pukiwiki/image/backup.png HTTP/1.1" 200 1261 "http://l-lab.org/pukiwiki/" "Mozilla/4.0 (compatible; MSIE 6.0; Windows NT 5.1; SV1)"
210.198.208.159 - - [26/Apr/2005:11:19:14 +0900] "GET /pukiwiki/image/help.png HTTP/1.1" 200 1274 "http://l-lab.org/pukiwiki/" "Mozilla/4.0 (compatible; MSIE 6.0; Windows NT 5.1; SV1)"
210.198.208.159 - - [26/Apr/2005:11:19:14 +0900] "GET /pukiwiki/image/rss.png HTTP/1.1" 200 1137 "http://l-lab.org/pukiwiki/" "Mozilla/4.0 (compatible; MSIE 6.0; Windows NT 5.1; SV1)"
210.198.208.159 - - [26/Apr/2005:11:19:22 +0900] "GET /pukiwiki/pukiwiki.php?%CF%BF%B2%BB%A4%AC2ch%A4%CB%A4%AF%A4%EB%CD%FD%CD%B3 HTTP/1.1" 200 20031 "http://l-lab.org/pukiwiki/" "Mozilla/4.0 (compatible; MSIE 6.0; Windows NT 5.1; SV1)"
64.242.88.50 - - [26/Apr/2005:11:25:55 +0900] "GET /pukiwiki.php?\xc3\x83\xc2\x83\xc3\x82\xc2\x8d\xc3\x83\xc2\x82\xc3\x82\xc2\xbd\xc3\x83\xc2\x83\xc3\x82\xc2\x84\xc3\x83\xc2\x83\xc3\x82\xc2\xaa\xc3\x83\xc2\x83\xc3\x82\xc2\x89\xc3\x83\xc2\x82\xc3\x82\xc2\xbd/2004-11-02 HTTP/1.1" 200 11782 "-" "Mozilla/4.0 compatible ZyBorg/1.0 Dead Link Checker (wn.dlc@looksmart.net; http://www.WISEnutbot.com)"
219.114.76.70 - - [26/Apr/2005:11:30:36 +0900] "GET /cgi/imgbbs/imgboard.html HTTP/1.1" 200 8856 "http://www.google.com/search?q=%E3%83%AD%E3%83%AA%E3%80%80%E7%94%BB%E5%83%8F%E3%80%80%E6%8E%B2%E7%A4%BA%E6%9D%BF%E3%80%80%EF%BD%8A%EF%BD%90%EF%BD%87&num=50&hl=ja&lr=lang_ja&oe=Shift_JIS&inlang=ja&start=50&sa=N" "Mozilla/4.0 (compatible; MSIE 6.0; Windows NT 5.0)"
219.114.76.70 - - [26/Apr/2005:11:30:37 +0900] "GET /cgi/imgbbs/thumb/1055022030s.jpg HTTP/1.1" 200 17045 "http://l-lab.org/cgi/imgbbs/imgboard.html" "Mozilla/4.0 (compatible; MSIE 6.0; Windows NT 5.0)"
219.114.76.70 - - [26/Apr/2005:11:30:37 +0900] "GET /cgi/imgbbs/thumb/1073641855s.jpg HTTP/1.1" 200 19771 "http://l-lab.org/cgi/imgbbs/imgboard.html" "Mozilla/4.0 (compatible; MSIE 6.0; Windows NT 5.0)"
219.114.76.70 - - [26/Apr/2005:11:30:46 +0900] "GET /cgi/imgbbs/img2.html HTTP/1.1" 200 8356 "http://l-lab.org/cgi/imgbbs/imgboard.html" "Mozilla/4.0 (compatible; MSIE 6.0; Windows NT 5.0)"
219.114.76.70 - - [26/Apr/2005:11:30:47 +0900] "GET /cgi/imgbbs/thumb/1064932685s.jpg HTTP/1.1" 200 5769 "http://l-lab.org/cgi/imgbbs/img2.html" "Mozilla/4.0 (compatible; MSIE 6.0; Windows NT 5.0)"
219.114.76.70 - - [26/Apr/2005:11:30:47 +0900] "GET /cgi/imgbbs/src/1067961568.jpg HTTP/1.1" 200 5260 "http://l-lab.org/cgi/imgbbs/img2.html" "Mozilla/4.0 (compatible; MSIE 6.0; Windows NT 5.0)"
219.114.76.70 - - [26/Apr/2005:11:30:47 +0900] "GET /cgi/imgbbs/thumb/1071520286s.jpg HTTP/1.1" 200 14815 "http://l-lab.org/cgi/imgbbs/img2.html" "Mozilla/4.0 (compatible; MSIE 6.0; Windows NT 5.0)"
219.114.76.70 - - [26/Apr/2005:11:30:47 +0900] "GET /cgi/imgbbs/thumb/1066841667s.jpg HTTP/1.1" 200 12632 "http://l-lab.org/cgi/imgbbs/img2.html" "Mozilla/4.0 (compatible; MSIE 6.0; Windows NT 5.0)"
219.114.76.70 - - [26/Apr/2005:11:30:47 +0900] "GET /cgi/imgbbs/thumb/1065719293s.jpg HTTP/1.1" 200 12349 "http://l-lab.org/cgi/imgbbs/img2.html" "Mozilla/4.0 (compatible; MSIE 6.0; Windows NT 5.0)"
219.126.22.136 - - [26/Apr/2005:11:35:36 +0900] "GET /cgi/imgbbs/imgboard.html HTTP/1.1" 200 8856 "http://images.google.co.jp/imgres?imgurl=http://l-lab.org/cgi/imgbbs/src/1055022030.jpg&imgrefurl=http://l-lab.org/cgi/imgbbs/imgboard.html&h=480&w=640&sz=65&tbnid=bpnRoDN3l_oJ:&tbnh=101&tbnw=135&start=57&prev=/images%3Fq%3D%25E3%2583%25AD%25E3%2583%25AA%26start%3D40%26hl%3Dja%26lr%3D%26sa%3DN" "Mozilla/4.0 (compatible; MSIE 6.0; Windows 98; Win 9x 4.90)"
219.126.22.136 - - [26/Apr/2005:11:35:37 +0900] "GET /cgi/imgbbs/thumb/1055022030s.jpg HTTP/1.1" 200 17045 "http://l-lab.org/cgi/imgbbs/imgboard.html" "Mozilla/4.0 (compatible; MSIE 6.0; Windows 98; Win 9x 4.90)"
219.126.22.136 - - [26/Apr/2005:11:35:38 +0900] "GET /cgi/imgbbs/thumb/1073641855s.jpg HTTP/1.1" 200 19771 "http://l-lab.org/cgi/imgbbs/imgboard.html" "Mozilla/4.0 (compatible; MSIE 6.0; Windows 98; Win 9x 4.90)"
219.203.47.147 - - [26/Apr/2005:11:40:45 +0900] "GET /cgi/imgbbs/imgboard.html HTTP/1.1" 200 8856 "http://images.google.com/imgres?imgurl=http://l-lab.org/cgi/imgbbs/src/1055022030.jpg&imgrefurl=http://l-lab.org/cgi/imgbbs/imgboard.html&h=480&w=640&sz=65&tbnid=bpnRoDN3l_oJ:&tbnh=101&tbnw=135&start=57&prev=/images%3Fq%3D%25E3%2583%25AD%25E3%2583%25AA%26start%3D40%26hl%3Dja%26lr%3D%26sa%3DN" "Mozilla/4.0 (compatible; MSIE 6.0; Windows NT 5.1; FunWebProducts; SV1; .NET CLR 1.1.4322)"
219.203.47.147 - - [26/Apr/2005:11:40:45 +0900] "GET /cgi/imgbbs/thumb/1055022030s.jpg HTTP/1.1" 200 17045 "http://l-lab.org/cgi/imgbbs/imgboard.html" "Mozilla/4.0 (compatible; MSIE 6.0; Windows NT 5.1; FunWebProducts; SV1; .NET CLR 1.1.4322)"
219.203.47.147 - - [26/Apr/2005:11:40:46 +0900] "GET /cgi/imgbbs/thumb/1073641855s.jpg HTTP/1.1" 200 19771 "http://l-lab.org/cgi/imgbbs/imgboard.html" "Mozilla/4.0 (compatible; MSIE 6.0; Windows NT 5.1; FunWebProducts; SV1; .NET CLR 1.1.4322)"
66.249.64.25 - - [26/Apr/2005:11:48:41 +0900] "GET / HTTP/1.0" 200 3379 "-" "Googlebot/2.1 (+http://www.google.com/bot.html)"
211.10.149.1 - - [26/Apr/2005:11:52:47 +0900] "GET / HTTP/1.1" 200 3379 "-" "Mozilla/5.0 (Windows; U; Windows NT 5.0; ja-JP; rv:1.7.7) Gecko/20050414 Firefox/1.0.3"
211.10.149.1 - - [26/Apr/2005:11:52:47 +0900] "GET /site.css HTTP/1.1" 200 2606 "http://l-lab.org/" "Mozilla/5.0 (Windows; U; Windows NT 5.0; ja-JP; rv:1.7.7) Gecko/20050414 Firefox/1.0.3"
211.10.149.1 - - [26/Apr/2005:11:52:47 +0900] "GET /image/L_bnr.png HTTP/1.1" 200 6449 "http://l-lab.org/" "Mozilla/5.0 (Windows; U; Windows NT 5.0; ja-JP; rv:1.7.7) Gecko/20050414 Firefox/1.0.3"
211.10.149.1 - - [26/Apr/2005:11:52:47 +0900] "GET /image/ellabo.gif HTTP/1.1" 200 21868 "http://l-lab.org/" "Mozilla/5.0 (Windows; U; Windows NT 5.0; ja-JP; rv:1.7.7) Gecko/20050414 Firefox/1.0.3"
211.10.149.1 - - [26/Apr/2005:11:52:47 +0900] "GET /favicon.ico HTTP/1.1" 200 894 "-" "Mozilla/5.0 (Windows; U; Windows NT 5.0; ja-JP; rv:1.7.7) Gecko/20050414 Firefox/1.0.3"
211.18.204.251 - - [26/Apr/2005:11:56:05 +0900] "GET /pukiwiki.php?PHP HTTP/1.0" 200 10388 "http://search.yahoo.co.jp/bin/query?p=%cd%bd%c4%ea%c9%bd+%a3%f0%a3%e8%a3%f0&fr=top%2c+top" "Mozilla/4.0 (compatible; MSIE 6.0; Windows NT 5.0; .NET CLR 1.1.4322)"
211.18.204.251 - - [26/Apr/2005:11:56:05 +0900] "GET /skin/default.ja.css HTTP/1.0" 200 7705 "http://www.nmug.org/pukiwiki.php?PHP" "Mozilla/4.0 (compatible; MSIE 6.0; Windows NT 5.0; .NET CLR 1.1.4322)"
211.18.204.251 - - [26/Apr/2005:11:56:06 +0900] "GET /skin/print.ja.css HTTP/1.0" 200 499 "http://www.nmug.org/pukiwiki.php?PHP" "Mozilla/4.0 (compatible; MSIE 6.0; Windows NT 5.0; .NET CLR 1.1.4322)"
211.18.204.251 - - [26/Apr/2005:11:56:06 +0900] "GET /pukiwiki.png HTTP/1.0" 200 4385 "http://www.nmug.org/pukiwiki.php?PHP" "Mozilla/4.0 (compatible; MSIE 6.0; Windows NT 5.0; .NET CLR 1.1.4322)"
211.18.204.251 - - [26/Apr/2005:11:56:07 +0900] "GET /image/reload.png HTTP/1.0" 200 1298 "http://www.nmug.org/pukiwiki.php?PHP" "Mozilla/4.0 (compatible; MSIE 6.0; Windows NT 5.0; .NET CLR 1.1.4322)"
211.18.204.251 - - [26/Apr/2005:11:56:10 +0900] "GET /image/new.png HTTP/1.0" 200 796 "http://www.nmug.org/pukiwiki.php?PHP" "Mozilla/4.0 (compatible; MSIE 6.0; Windows NT 5.0; .NET CLR 1.1.4322)"
211.18.204.251 - - [26/Apr/2005:11:56:10 +0900] "GET /image/edit.png HTTP/1.0" 200 1295 "http://www.nmug.org/pukiwiki.php?PHP" "Mozilla/4.0 (compatible; MSIE 6.0; Windows NT 5.0; .NET CLR 1.1.4322)"
211.18.204.251 - - [26/Apr/2005:11:56:10 +0900] "GET /image/freeze.png HTTP/1.0" 200 352 "http://www.nmug.org/pukiwiki.php?PHP" "Mozilla/4.0 (compatible; MSIE 6.0; Windows NT 5.0; .NET CLR 1.1.4322)"
211.18.204.251 - - [26/Apr/2005:11:56:10 +0900] "GET /image/diff.png HTTP/1.0" 200 507 "http://www.nmug.org/pukiwiki.php?PHP" "Mozilla/4.0 (compatible; MSIE 6.0; Windows NT 5.0; .NET CLR 1.1.4322)"
211.18.204.251 - - [26/Apr/2005:11:56:14 +0900] "GET /image/file.png HTTP/1.0" 200 1280 "http://www.nmug.org/pukiwiki.php?PHP" "Mozilla/4.0 (compatible; MSIE 6.0; Windows NT 5.0; .NET CLR 1.1.4322)"
211.18.204.251 - - [26/Apr/2005:11:56:14 +0900] "GET /image/rename.png HTTP/1.0" 200 339 "http://www.nmug.org/pukiwiki.php?PHP" "Mozilla/4.0 (compatible; MSIE 6.0; Windows NT 5.0; .NET CLR 1.1.4322)"
211.18.204.251 - - [26/Apr/2005:11:56:14 +0900] "GET /image/copy.png HTTP/1.0" 200 490 "http://www.nmug.org/pukiwiki.php?PHP" "Mozilla/4.0 (compatible; MSIE 6.0; Windows NT 5.0; .NET CLR 1.1.4322)"
211.18.204.251 - - [26/Apr/2005:11:56:14 +0900] "GET /image/top.png HTTP/1.0" 200 1299 "http://www.nmug.org/pukiwiki.php?PHP" "Mozilla/4.0 (compatible; MSIE 6.0; Windows NT 5.0; .NET CLR 1.1.4322)"
211.18.204.251 - - [26/Apr/2005:11:56:17 +0900] "GET /image/list.png HTTP/1.0" 200 1234 "http://www.nmug.org/pukiwiki.php?PHP" "Mozilla/4.0 (compatible; MSIE 6.0; Windows NT 5.0; .NET CLR 1.1.4322)"
211.18.204.251 - - [26/Apr/2005:11:56:17 +0900] "GET /image/search.png HTTP/1.0" 200 1285 "http://www.nmug.org/pukiwiki.php?PHP" "Mozilla/4.0 (compatible; MSIE 6.0; Windows NT 5.0; .NET CLR 1.1.4322)"
66.249.71.7 - - [26/Apr/2005:12:01:11 +0900] "GET /robots.txt HTTP/1.0" 200 0 "-" "Googlebot/2.1 (+http://www.google.com/bot.html)"
66.249.71.7 - - [26/Apr/2005:12:01:12 +0900] "GET / HTTP/1.0" 200 3379 "-" "Googlebot/2.1 (+http://www.google.com/bot.html)"
61.46.107.163 - - [26/Apr/2005:12:01:37 +0900] "GET /cgi/imgbbs2/src/1065718404.jpg HTTP/1.1" 404 302 "-" "Mozilla/4.0 (compatible; MSIE 6.0; Windows NT 5.1; SV1; .NET CLR 1.1.4322)"
209.139.109.201 - - [26/Apr/2005:12:06:14 +0900] "GET /cgi/imgbbs/img4.html HTTP/1.0" 200 8900 "http://www.google.com/search?q=imgbbs&hl=en&lr=&ie=UTF-8&start=30&sa=N" "Mozilla/2.0 (compatible; MSIE 3.01; Windows 3.1)"
209.139.109.201 - - [26/Apr/2005:12:06:20 +0900] "GET /cgi/imgbbs/thumb/1052220294s.jpg HTTP/1.0" 200 7530 "http://l-lab.org/cgi/imgbbs/img4.html" "Mozilla/2.0 (compatible; MSIE 3.01; Windows 3.1)"
209.139.109.201 - - [26/Apr/2005:12:06:21 +0900] "GET /cgi/imgbbs/src/1058203895.jpg HTTP/1.0" 200 4298 "http://l-lab.org/cgi/imgbbs/img4.html" "Mozilla/2.0 (compatible; MSIE 3.01; Windows 3.1)"
209.139.109.201 - - [26/Apr/2005:12:06:55 +0900] "GET /cgi/imgbbs/src/1062098357.jpg HTTP/1.0" 200 64217 "http://l-lab.org/cgi/imgbbs/img4.html" "Mozilla/2.0 (compatible; MSIE 3.01; Windows 3.1)"
209.139.109.201 - - [26/Apr/2005:12:07:10 +0900] "GET /cgi/imgbbs/src/1059224085.jpg HTTP/1.0" 200 64768 "http://l-lab.org/cgi/imgbbs/img4.html" "Mozilla/2.0 (compatible; MSIE 3.01; Windows 3.1)"
209.139.109.201 - - [26/Apr/2005:12:09:06 +0900] "GET /cgi/imgbbs/imgboard.html HTTP/1.0" 200 8856 "http://l-lab.org/cgi/imgbbs/img4.html" "Mozilla/2.0 (compatible; MSIE 3.01; Windows 3.1)"
209.139.109.201 - - [26/Apr/2005:12:09:11 +0900] "GET /cgi/imgbbs/thumb/1055022030s.jpg HTTP/1.0" 200 17045 "http://l-lab.org/cgi/imgbbs/imgboard.html" "Mozilla/2.0 (compatible; MSIE 3.01; Windows 3.1)"
209.139.109.201 - - [26/Apr/2005:12:09:19 +0900] "GET /cgi/imgbbs/thumb/1073641855s.jpg HTTP/1.0" 200 19771 "http://l-lab.org/cgi/imgbbs/imgboard.html" "Mozilla/2.0 (compatible; MSIE 3.01; Windows 3.1)"
209.139.109.201 - - [26/Apr/2005:12:09:25 +0900] "GET /cgi/imgbbs/src/1059636037.jpg HTTP/1.0" 200 158060 "http://l-lab.org/cgi/imgbbs/img4.html" "Mozilla/2.0 (compatible; MSIE 3.01; Windows 3.1)"
209.139.109.201 - - [26/Apr/2005:12:09:34 +0900] "GET /cgi/imgbbs/img2.html HTTP/1.0" 200 8356 "http://l-lab.org/cgi/imgbbs/imgboard.html" "Mozilla/2.0 (compatible; MSIE 3.01; Windows 3.1)"
209.139.109.201 - - [26/Apr/2005:12:09:39 +0900] "GET /cgi/imgbbs/thumb/1064932685s.jpg HTTP/1.0" 200 5769 "http://l-lab.org/cgi/imgbbs/img2.html" "Mozilla/2.0 (compatible; MSIE 3.01; Windows 3.1)"
209.139.109.201 - - [26/Apr/2005:12:09:40 +0900] "GET /cgi/imgbbs/src/1067961568.jpg HTTP/1.0" 200 5260 "http://l-lab.org/cgi/imgbbs/img2.html" "Mozilla/2.0 (compatible; MSIE 3.01; Windows 3.1)"
209.139.109.201 - - [26/Apr/2005:12:09:40 +0900] "GET /cgi/imgbbs/thumb/1066841667s.jpg HTTP/1.0" 200 12632 "http://l-lab.org/cgi/imgbbs/img2.html" "Mozilla/2.0 (compatible; MSIE 3.01; Windows 3.1)"
209.139.109.201 - - [26/Apr/2005:12:09:43 +0900] "GET /cgi/imgbbs/thumb/1071520286s.jpg HTTP/1.0" 200 14815 "http://l-lab.org/cgi/imgbbs/img2.html" "Mozilla/2.0 (compatible; MSIE 3.01; Windows 3.1)"
209.139.109.201 - - [26/Apr/2005:12:09:46 +0900] "GET /cgi/imgbbs/thumb/1065719293s.jpg HTTP/1.0" 200 12349 "http://l-lab.org/cgi/imgbbs/img2.html" "Mozilla/2.0 (compatible; MSIE 3.01; Windows 3.1)"
209.139.109.201 - - [26/Apr/2005:12:10:25 +0900] "GET /cgi/imgbbs/img3.html HTTP/1.0" 200 7453 "http://l-lab.org/cgi/imgbbs/img2.html" "Mozilla/2.0 (compatible; MSIE 3.01; Windows 3.1)"
209.139.109.201 - - [26/Apr/2005:12:10:27 +0900] "GET /cgi/imgbbs/thumb/1065841761s.jpg HTTP/1.0" 200 7833 "http://l-lab.org/cgi/imgbbs/img3.html" "Mozilla/2.0 (compatible; MSIE 3.01; Windows 3.1)"
209.139.109.201 - - [26/Apr/2005:12:10:28 +0900] "GET /cgi/imgbbs/thumb/1064777036s.png HTTP/1.0" 200 289 "http://l-lab.org/cgi/imgbbs/img3.html" "Mozilla/2.0 (compatible; MSIE 3.01; Windows 3.1)"
209.139.109.201 - - [26/Apr/2005:12:10:28 +0900] "GET /cgi/imgbbs/thumb/1064776433s.png HTTP/1.0" 200 289 "http://l-lab.org/cgi/imgbbs/img3.html" "Mozilla/2.0 (compatible; MSIE 3.01; Windows 3.1)"
209.139.109.201 - - [26/Apr/2005:12:10:28 +0900] "GET /cgi/imgbbs/thumb/1064603556s.jpg HTTP/1.0" 200 13169 "http://l-lab.org/cgi/imgbbs/img3.html" "Mozilla/2.0 (compatible; MSIE 3.01; Windows 3.1)"
209.139.109.201 - - [26/Apr/2005:12:10:33 +0900] "GET /cgi/imgbbs/thumb/1064604706s.png HTTP/1.0" 200 231 "http://l-lab.org/cgi/imgbbs/img3.html" "Mozilla/2.0 (compatible; MSIE 3.01; Windows 3.1)"
209.139.109.201 - - [26/Apr/2005:12:11:00 +0900] "GET /cgi/imgbbs/img5.html HTTP/1.0" 200 7161 "http://l-lab.org/cgi/imgbbs/img3.html" "Mozilla/2.0 (compatible; MSIE 3.01; Windows 3.1)"
209.139.109.201 - - [26/Apr/2005:12:11:03 +0900] "GET /cgi/imgbbs/src/1056197869.jpg HTTP/1.0" 200 4056 "http://l-lab.org/cgi/imgbbs/img5.html" "Mozilla/2.0 (compatible; MSIE 3.01; Windows 3.1)"
209.139.109.201 - - [26/Apr/2005:12:11:03 +0900] "GET /cgi/imgbbs/src/1056198148.jpg HTTP/1.0" 200 4369 "http://l-lab.org/cgi/imgbbs/img5.html" "Mozilla/2.0 (compatible; MSIE 3.01; Windows 3.1)"
209.139.109.201 - - [26/Apr/2005:12:11:08 +0900] "GET /cgi/imgbbs/thumb/1056463417s.jpg HTTP/1.0" 200 13972 "http://l-lab.org/cgi/imgbbs/img5.html" "Mozilla/2.0 (compatible; MSIE 3.01; Windows 3.1)"
209.139.109.201 - - [26/Apr/2005:12:11:12 +0900] "GET /cgi/imgbbs/thumb/1055021099s.jpg HTTP/1.0" 200 10267 "http://l-lab.org/cgi/imgbbs/img5.html" "Mozilla/2.0 (compatible; MSIE 3.01; Windows 3.1)"
221.186.146.26 - - [26/Apr/2005:12:11:26 +0900] "HEAD / HTTP/1.1" 200 0 "-" "Hatena Antenna/0.4 (http://a.hatena.ne.jp/help)"
221.186.146.26 - - [26/Apr/2005:12:11:27 +0900] "GET / HTTP/1.1" 200 14567 "-" "Hatena Antenna/0.4 (http://a.hatena.ne.jp/help)"
209.139.109.201 - - [26/Apr/2005:12:11:48 +0900] "GET /cgi/imgbbs/img6.html HTTP/1.0" 200 7121 "http://l-lab.org/cgi/imgbbs/img5.html" "Mozilla/2.0 (compatible; MSIE 3.01; Windows 3.1)"
209.139.109.201 - - [26/Apr/2005:12:11:58 +0900] "GET /cgi/imgbbs/thumb/1053947413s.jpg HTTP/1.0" 200 5816 "http://l-lab.org/cgi/imgbbs/img6.html" "Mozilla/2.0 (compatible; MSIE 3.01; Windows 3.1)"
209.139.109.201 - - [26/Apr/2005:12:11:58 +0900] "GET /cgi/imgbbs/thumb/1053689697s.jpg HTTP/1.0" 200 12371 "http://l-lab.org/cgi/imgbbs/img6.html" "Mozilla/2.0 (compatible; MSIE 3.01; Windows 3.1)"
209.139.109.201 - - [26/Apr/2005:12:12:01 +0900] "GET /cgi/imgbbs/thumb/1053541309s.jpg HTTP/1.0" 200 12816 "http://l-lab.org/cgi/imgbbs/img6.html" "Mozilla/2.0 (compatible; MSIE 3.01; Windows 3.1)"
209.139.109.201 - - [26/Apr/2005:12:12:06 +0900] "GET /cgi/imgbbs/thumb/1053700948s.jpg HTTP/1.0" 200 7666 "http://l-lab.org/cgi/imgbbs/img6.html" "Mozilla/2.0 (compatible; MSIE 3.01; Windows 3.1)"
209.139.109.201 - - [26/Apr/2005:12:12:17 +0900] "GET /cgi/imgbbs/src/1059223669.jpg HTTP/1.0" 200 57668 "http://l-lab.org/cgi/imgbbs/img5.html" "Mozilla/2.0 (compatible; MSIE 3.01; Windows 3.1)"
66.249.71.10 - - [26/Apr/2005:12:12:40 +0900] "GET /robots.txt HTTP/1.0" 200 0 "-" "Googlebot/2.1 (+http://www.google.com/bot.html)"
66.249.71.10 - - [26/Apr/2005:12:12:42 +0900] "GET / HTTP/1.0" 200 14527 "-" "Googlebot/2.1 (+http://www.google.com/bot.html)"
210.138.228.2 - - [26/Apr/2005:12:44:43 +0900] "GET / HTTP/1.1" 200 3379 "-" "Mozilla/4.0 (compatible; MSIE 6.0; Windows NT 5.0)"
210.138.228.2 - - [26/Apr/2005:12:44:43 +0900] "GET /site.css HTTP/1.1" 200 2606 "http://www.l-lab.org/" "Mozilla/4.0 (compatible; MSIE 6.0; Windows NT 5.0)"
210.138.228.2 - - [26/Apr/2005:12:44:43 +0900] "GET /image/ellabo.gif HTTP/1.1" 200 21868 "http://www.l-lab.org/" "Mozilla/4.0 (compatible; MSIE 6.0; Windows NT 5.0)"
210.138.228.2 - - [26/Apr/2005:12:44:44 +0900] "GET /image/L_bnr.png HTTP/1.1" 200 6449 "http://www.l-lab.org/" "Mozilla/4.0 (compatible; MSIE 6.0; Windows NT 5.0)"
66.249.71.53 - - [26/Apr/2005:12:47:52 +0900] "GET /robots.txt HTTP/1.0" 200 0 "-" "Googlebot/2.1 (+http://www.google.com/bot.html)"
66.249.71.53 - - [26/Apr/2005:12:47:54 +0900] "GET / HTTP/1.0" 200 14528 "-" "Googlebot/2.1 (+http://www.google.com/bot.html)"
222.149.239.7 - - [26/Apr/2005:13:00:37 +0900] "GET / HTTP/1.0" 200 3379 "-" "Mozilla/4.0 (compatible; MSIE 6.0; Windows 98)"
222.149.239.7 - - [26/Apr/2005:13:00:42 +0900] "GET /html/pppoe.html HTTP/1.0" 200 3434 "-" "Mozilla/4.0 (compatible; MSIE 6.0; Windows 98)"
64.242.88.50 - - [26/Apr/2005:13:04:54 +0900] "GET /pukiwiki.php?\xc3\x83\xc2\x82\xc3\x82\xc2\xa3\xc3\x83\xc2\x83\xc3\x82\xc2\x8c HTTP/1.1" 200 9740 "-" "Mozilla/4.0 compatible ZyBorg/1.0 Dead Link Checker (wn.dlc@looksmart.net; http://www.WISEnutbot.com)"
68.142.251.95 - - [26/Apr/2005:13:16:06 +0900] "GET /robots.txt HTTP/1.0" 200 0 "-" "Mozilla/5.0 (compatible; Yahoo! Slurp; http://help.yahoo.com/help/us/ysearch/slurp)"
68.142.251.195 - - [26/Apr/2005:13:16:07 +0900] "GET /pukiwiki.php?%A5%E1%A5%F3%A5%D0%A1%BC%A5%EA%A5%B9%A5%C8 HTTP/1.0" 200 11962 "-" "Mozilla/5.0 (compatible; Yahoo! Slurp; http://help.yahoo.com/help/us/ysearch/slurp)"
219.166.57.70 - - [26/Apr/2005:13:23:16 +0900] "GET /test-gif.txt HTTP/1.1" 200 59 "-" "Mozilla/5.0 (Windows; U; Windows NT 5.1; ja-JP; rv:1.7.7) Gecko/20050414 Firefox/1.0.3"
219.166.57.70 - - [26/Apr/2005:13:23:16 +0900] "GET /favicon.ico HTTP/1.1" 200 894 "-" "Mozilla/5.0 (Windows; U; Windows NT 5.1; ja-JP; rv:1.7.7) Gecko/20050414 Firefox/1.0.3"
219.166.57.70 - - [26/Apr/2005:13:23:47 +0900] "GET /test-gif.txt HTTP/1.1" 304 - "-" "Mozilla/5.0 (Windows; U; Windows NT 5.1; ja-JP; rv:1.7.7) Gecko/20050414 Firefox/1.0.3"
219.166.57.70 - - [26/Apr/2005:13:24:01 +0900] "GET /test-gif.txt HTTP/1.1" 200 59 "-" "Mozilla/4.0 (compatible; MSIE 6.0; Windows NT 5.1; SV1; .NET CLR 1.1.4322)"
211.4.142.232 - - [26/Apr/2005:13:26:13 +0900] "GET /test-gif.txt HTTP/1.1" 200 59 "-" "Mozilla/5.0 (Windows; U; Windows NT 5.1; ja-JP; rv:1.7.7) Gecko/20050414 Firefox/1.0.3"
211.4.142.232 - - [26/Apr/2005:13:26:13 +0900] "GET /favicon.ico HTTP/1.1" 200 894 "-" "Mozilla/5.0 (Windows; U; Windows NT 5.1; ja-JP; rv:1.7.7) Gecko/20050414 Firefox/1.0.3"
218.223.154.218 - - [26/Apr/2005:13:26:24 +0900] "GET /test-gif.txt HTTP/1.1" 200 59 "-" "Mozilla/5.0 (Windows; U; Windows NT 5.1; ja-JP; rv:1.7.6) Gecko/20050318 Firefox/1.0.2"
218.223.154.218 - - [26/Apr/2005:13:26:24 +0900] "GET /favicon.ico HTTP/1.1" 200 894 "-" "Mozilla/5.0 (Windows; U; Windows NT 5.1; ja-JP; rv:1.7.6) Gecko/20050318 Firefox/1.0.2"
218.228.192.75 - - [26/Apr/2005:13:28:48 +0900] "GET /test-gif.txt HTTP/1.1" 200 59 "-" "Mozilla/5.0 (Windows; U; Windows NT 5.0; ja-JP; rv:1.7.8) Gecko/20050422 Firefox/1.0.4"
218.228.192.75 - - [26/Apr/2005:13:28:48 +0900] "GET /favicon.ico HTTP/1.1" 200 894 "-" "Mozilla/5.0 (Windows; U; Windows NT 5.0; ja-JP; rv:1.7.8) Gecko/20050422 Firefox/1.0.4"
218.228.192.75 - - [26/Apr/2005:13:28:48 +0900] "GET /favicon.ico HTTP/1.1" 200 894 "-" "Mozilla/5.0 (Windows; U; Windows NT 5.0; ja-JP; rv:1.7.8) Gecko/20050422 Firefox/1.0.4"
68.142.251.36 - - [26/Apr/2005:13:29:23 +0900] "GET / HTTP/1.0" 200 14528 "-" "Mozilla/5.0 (compatible; Yahoo! Slurp; http://help.yahoo.com/help/us/ysearch/slurp)"
66.196.90.37 - - [26/Apr/2005:13:38:15 +0900] "GET /robots.txt HTTP/1.0" 200 0 "-" "Mozilla/5.0 (compatible; Yahoo! Slurp; http://help.yahoo.com/help/us/ysearch/slurp)"
66.196.90.187 - - [26/Apr/2005:13:38:16 +0900] "GET /image/DO HTTP/1.0" 301 296 "-" "Mozilla/5.0 (compatible; Yahoo! Slurp; http://help.yahoo.com/help/us/ysearch/slurp)"
66.196.90.187 - - [26/Apr/2005:13:38:20 +0900] "GET /image/DO/ HTTP/1.0" 200 1261 "-" "Mozilla/5.0 (compatible; Yahoo! Slurp; http://help.yahoo.com/help/us/ysearch/slurp)"
218.223.154.218 - - [26/Apr/2005:13:41:18 +0900] "GET /test-gif.txt HTTP/1.1" 304 - "http://tengw.10art-ni.co.jp/cbgr/ag.cgi?page=CalendarWeek&gid=2343&date=da.2005.4.26" "Mozilla/5.0 (Windows; U; Windows NT 5.1; ja-JP; rv:1.7.6) Gecko/20050318 Firefox/1.0.2"
210.159.166.201 - - [26/Apr/2005:13:51:27 +0900] "GET /cgi/imgbbs2/src/1059676373.jpg HTTP/1.1" 404 302 "http://images.search.yahoo.co.jp/bin/search?p=%A5%A8%A5%ED+%A5%A8%A5%EB+&n=5&b=15&c=image&rh=20&d=1&to=17" "Mozilla/4.0 (compatible; MSIE 5.5; Windows 98; Win 9x 4.90)"
207.68.146.56 - - [26/Apr/2005:13:58:36 +0900] "GET /pukiwiki.php?%B7%C7%BC%A8%C8%C4 HTTP/1.0" 200 17345 "-" "msnbot/1.0 (+http://search.msn.com/msnbot.htm)"
219.21.244.202 - - [26/Apr/2005:14:02:38 +0900] "GET /cgi/imgbbs/res/res150.html HTTP/1.1" 200 5104 "http://images.search.yahoo.co.jp/bin/search?p=%b2%e8%c1%fc%b7%c7%bc%a8%c8%c4+%a5%ed%a5%ea" "Mozilla/4.0 (compatible; MSIE 6.0; Windows NT 5.1)"
219.21.244.202 - - [26/Apr/2005:14:02:39 +0900] "GET /cgi/imgbbs/thumb/1055022030s.jpg HTTP/1.1" 200 17045 "http://l-lab.org/cgi/imgbbs/res/res150.html" "Mozilla/4.0 (compatible; MSIE 6.0; Windows NT 5.1)"
219.21.244.202 - - [26/Apr/2005:14:02:45 +0900] "GET /cgi/imgbbs/imgboard.html HTTP/1.1" 200 8856 "http://l-lab.org/cgi/imgbbs/res/res150.html" "Mozilla/4.0 (compatible; MSIE 6.0; Windows NT 5.1)"
219.21.244.202 - - [26/Apr/2005:14:02:46 +0900] "GET /cgi/imgbbs/thumb/1055022030s.jpg HTTP/1.1" 200 17045 "http://l-lab.org/cgi/imgbbs/imgboard.html" "Mozilla/4.0 (compatible; MSIE 6.0; Windows NT 5.1)"
219.21.244.202 - - [26/Apr/2005:14:02:46 +0900] "GET /cgi/imgbbs/thumb/1073641855s.jpg HTTP/1.1" 200 19771 "http://l-lab.org/cgi/imgbbs/imgboard.html" "Mozilla/4.0 (compatible; MSIE 6.0; Windows NT 5.1)"
219.21.244.202 - - [26/Apr/2005:14:02:52 +0900] "GET /cgi/imgbbs/res/res150.html HTTP/1.1" 200 5104 "http://images.search.yahoo.co.jp/bin/search?p=%b2%e8%c1%fc%b7%c7%bc%a8%c8%c4+%a5%ed%a5%ea" "Mozilla/4.0 (compatible; MSIE 6.0; Windows NT 5.1)"
219.21.244.202 - - [26/Apr/2005:14:02:53 +0900] "GET /cgi/imgbbs/thumb/1055022030s.jpg HTTP/1.1" 200 13797 "http://l-lab.org/cgi/imgbbs/res/res150.html" "Mozilla/4.0 (compatible; MSIE 6.0; Windows NT 5.1)"
68.142.249.142 - - [26/Apr/2005:14:15:50 +0900] "GET /robots.txt HTTP/1.0" 200 0 "-" "Mozilla/5.0 (compatible; Yahoo! Slurp; http://help.yahoo.com/help/us/ysearch/slurp)"
68.142.251.140 - - [26/Apr/2005:14:15:50 +0900] "GET /test HTTP/1.0" 304 - "-" "Mozilla/5.0 (compatible; Yahoo! Slurp; http://help.yahoo.com/help/us/ysearch/slurp)"
66.196.90.37 - - [26/Apr/2005:14:17:16 +0900] "GET /robots.txt HTTP/1.0" 200 0 "-" "Mozilla/5.0 (compatible; Yahoo! Slurp; http://help.yahoo.com/help/us/ysearch/slurp)"
66.196.90.210 - - [26/Apr/2005:14:17:16 +0900] "GET /webalizer/usage_200311.html HTTP/1.0" 304 - "-" "Mozilla/5.0 (compatible; Yahoo! Slurp; http://help.yahoo.com/help/us/ysearch/slurp)"
65.214.44.203 - - [26/Apr/2005:14:27:47 +0900] "GET /robots.txt HTTP/1.0" 200 0 "-" "Mozilla/2.0 (compatible; Ask Jeeves/Teoma)"
65.214.44.203 - - [26/Apr/2005:14:27:51 +0900] "GET /hotsanic/system/swap.html HTTP/1.0" 404 285 "-" "Mozilla/2.0 (compatible; Ask Jeeves/Teoma)"
207.46.98.127 - - [26/Apr/2005:14:35:34 +0900] "GET /robots.txt HTTP/1.0" 200 0 "-" "msnbot/1.0 (+http://search.msn.com/msnbot.htm)"
207.46.98.127 - - [26/Apr/2005:14:35:35 +0900] "GET /pukiwiki.php?%CD%BD%C4%EA%C9%BD%2F2005-03-01 HTTP/1.0" 200 10893 "-" "msnbot/1.0 (+http://search.msn.com/msnbot.htm)"
68.142.251.95 - - [26/Apr/2005:14:36:35 +0900] "GET /robots.txt HTTP/1.0" 200 0 "-" "Mozilla/5.0 (compatible; Yahoo! Slurp; http://help.yahoo.com/help/us/ysearch/slurp)"
68.142.251.187 - - [26/Apr/2005:14:36:36 +0900] "GET /pukiwiki.php?Link HTTP/1.0" 200 12472 "-" "Mozilla/5.0 (compatible; Yahoo! Slurp; http://help.yahoo.com/help/us/ysearch/slurp)"
207.46.98.127 - - [26/Apr/2005:14:37:00 +0900] "GET /pukiwiki.php?WikiEngines HTTP/1.0" 200 10927 "-" "msnbot/1.0 (+http://search.msn.com/msnbot.htm)"
207.46.98.127 - - [26/Apr/2005:14:39:58 +0900] "GET /pukiwiki.php?WikiWikiWeb HTTP/1.0" 200 10360 "-" "msnbot/1.0 (+http://search.msn.com/msnbot.htm)"
64.242.88.50 - - [26/Apr/2005:14:41:00 +0900] "GET /pukiwiki.php?\xc3\x83\xc2\x82\xc3\x82\xc2\xa5\xc3\x83\xc2\x83\xc3\x82\xc2\x98\xc3\x83\xc2\x82\xc3\x82\xc2\xa5\xc3\x83\xc2\x83\xc3\x82\xc2\xab\xc3\x83\xc2\x82\xc3\x82\xc2\xa5\xc3\x83\xc2\x83\xc3\x82\xc2\x97 HTTP/1.1" 200 11414 "-" "Mozilla/4.0 compatible ZyBorg/1.0 Dead Link Checker (wn.dlc@looksmart.net; http://www.WISEnutbot.com)"
221.186.146.26 - - [26/Apr/2005:14:42:56 +0900] "HEAD / HTTP/1.1" 200 0 "-" "Hatena Antenna/0.4 (http://a.hatena.ne.jp/help)"
221.186.146.26 - - [26/Apr/2005:14:42:56 +0900] "GET / HTTP/1.1" 200 14568 "-" "Hatena Antenna/0.4 (http://a.hatena.ne.jp/help)"
207.68.146.56 - - [26/Apr/2005:14:58:07 +0900] "GET /robots.txt HTTP/1.0" 200 0 "-" "msnbot/1.0 (+http://search.msn.com/msnbot.htm)"
207.68.146.56 - - [26/Apr/2005:14:58:08 +0900] "GET /pukiwiki.php?MenuBar HTTP/1.0" 200 15820 "-" "msnbot/1.0 (+http://search.msn.com/msnbot.htm)"
66.196.90.37 - - [26/Apr/2005:15:16:13 +0900] "GET /robots.txt HTTP/1.0" 200 0 "-" "Mozilla/5.0 (compatible; Yahoo! Slurp; http://help.yahoo.com/help/us/ysearch/slurp)"
66.196.91.40 - - [26/Apr/2005:15:16:13 +0900] "GET /cgi/imgbbs/res/res156.html HTTP/1.0" 200 3415 "-" "Mozilla/5.0 (compatible; Yahoo! Slurp; http://help.yahoo.com/help/us/ysearch/slurp)"
210.239.12.239 - - [26/Apr/2005:15:17:45 +0900] "GET /cgi/imgbbs/res/res167.html HTTP/1.0" 200 3442 "http://search.yahoo.co.jp/bin/query?p=%a5%a2%a5%bd%a5%d1%a5%bd%a5%de%a5%bd+%b2%e8%c1%fc&fr=top%2c+top" "Mozilla/4.0 (compatible; MSIE 6.0; Windows 98; Win 9x 4.90)"
210.239.12.239 - - [26/Apr/2005:15:17:45 +0900] "GET /cgi/imgbbs/src/1059224085.jpg HTTP/1.0" 200 64768 "http://l-lab.org/cgi/imgbbs/res/res167.html" "Mozilla/4.0 (compatible; MSIE 6.0; Windows 98; Win 9x 4.90)"
210.239.12.239 - - [26/Apr/2005:15:17:49 +0900] "GET /cgi/imgbbs/src/1059224085.jpg HTTP/1.0" 304 - "http://l-lab.org/cgi/imgbbs/res/res167.html" "Mozilla/4.0 (compatible; MSIE 6.0; Windows 98; Win 9x 4.90)"
66.196.101.93 - - [26/Apr/2005:15:26:22 +0900] "GET /robots.txt HTTP/1.0" 200 0 "-" "Mozilla/5.0 (compatible; Yahoo! Slurp; http://help.yahoo.com/help/us/ysearch/slurp)"
66.196.101.85 - - [26/Apr/2005:15:26:23 +0900] "GET / HTTP/1.0" 304 - "-" "Mozilla/5.0 (compatible; Yahoo! Slurp; http://help.yahoo.com/help/us/ysearch/slurp)"
220.63.158.23 - - [26/Apr/2005:15:33:19 +0900] "GET /cgi/imgbbs2/thumb/1051277665s.jpg HTTP/1.1" 404 305 "http://images.search.yahoo.co.jp/bin/search?p=%B2%E8%C1%FC%B7%C7%BC%A8%C8%C4+%A5%A2%A5%CB%A5%E1&n=5&b=48&c=image&d=1&to=50&rh=20&" "Mozilla/4.0 (compatible; MSIE 6.0; Windows NT 5.1; SV1)"
220.63.158.23 - - [26/Apr/2005:15:34:12 +0900] "GET /cgi/imgbbs2/thumb/1051277665s.jpg HTTP/1.1" 404 305 "http://images.search.yahoo.co.jp/bin/search?p=%B2%E8%C1%FC%B7%C7%BC%A8%C8%C4+%A5%A2%A5%CB%A5%E1&n=5&b=48&c=image&d=1&to=50&rh=20&" "Mozilla/4.0 (compatible; MSIE 6.0; Windows NT 5.1; SV1)"
207.46.98.66 - - [26/Apr/2005:15:40:54 +0900] "GET /robots.txt HTTP/1.0" 200 0 "-" "msnbot/1.0 (+http://search.msn.com/msnbot.htm)"
207.46.98.66 - - [26/Apr/2005:15:40:55 +0900] "GET /pukiwiki/pukiwiki.php?cmd=backup&page=FrontPage HTTP/1.0" 200 12071 "-" "msnbot/1.0 (+http://search.msn.com/msnbot.htm)"
207.46.98.127 - - [26/Apr/2005:15:43:09 +0900] "GET /robots.txt HTTP/1.0" 200 0 "-" "msnbot/1.0 (+http://search.msn.com/msnbot.htm)"
207.46.98.127 - - [26/Apr/2005:15:43:09 +0900] "GET /pukiwiki.php?%CD%BD%C4%EA%C9%BD%2F2005-01-17 HTTP/1.0" 200 10985 "-" "msnbot/1.0 (+http://search.msn.com/msnbot.htm)"
207.46.98.127 - - [26/Apr/2005:15:44:46 +0900] "GET /pukiwiki.php?%CD%BD%C4%EA%C9%BD%2F2005-01-18 HTTP/1.0" 200 10900 "-" "msnbot/1.0 (+http://search.msn.com/msnbot.htm)"
207.46.98.66 - - [26/Apr/2005:15:44:49 +0900] "GET /pukiwiki/pukiwiki.php?cmd=diff&page=FrontPage HTTP/1.0" 200 7377 "-" "msnbot/1.0 (+http://search.msn.com/msnbot.htm)"
207.46.98.66 - - [26/Apr/2005:15:48:21 +0900] "GET /pukiwiki/pukiwiki.php?cmd=edit&page=FrontPage HTTP/1.0" 200 12088 "-" "msnbot/1.0 (+http://search.msn.com/msnbot.htm)"
207.46.98.66 - - [26/Apr/2005:15:51:34 +0900] "GET /pukiwiki/pukiwiki.php?cmd=freeze&page=FrontPage HTTP/1.0" 200 6103 "-" "msnbot/1.0 (+http://search.msn.com/msnbot.htm)"
207.46.98.66 - - [26/Apr/2005:15:53:51 +0900] "GET /pukiwiki/pukiwiki.php?plugin=attach&pcmd=upload&page=FrontPage HTTP/1.0" 200 6582 "-" "msnbot/1.0 (+http://search.msn.com/msnbot.htm)"
207.46.98.127 - - [26/Apr/2005:15:54:02 +0900] "GET /pukiwiki.php?Memo HTTP/1.0" 200 17693 "-" "msnbot/1.0 (+http://search.msn.com/msnbot.htm)"
207.46.98.127 - - [26/Apr/2005:15:55:23 +0900] "GET /pukiwiki.php?%CD%BD%C4%EA%C9%BD%2F2004-11-01 HTTP/1.0" 200 11085 "-" "msnbot/1.0 (+http://search.msn.com/msnbot.htm)"
207.46.98.127 - - [26/Apr/2005:15:56:15 +0900] "GET /pukiwiki.php?kunitachi HTTP/1.0" 200 10511 "-" "msnbot/1.0 (+http://search.msn.com/msnbot.htm)"
207.46.98.66 - - [26/Apr/2005:15:56:21 +0900] "GET /pukiwiki/pukiwiki.php?PukiWiki%2F1.4%2F%A5%DE%A5%CB%A5%E5%A5%A2%A5%EB%2F%A5%D7%A5%E9%A5%B0%A5%A4%A5%F3%2Fn HTTP/1.0" 200 21998 "-" "msnbot/1.0 (+http://search.msn.com/msnbot.htm)"
207.46.98.66 - - [26/Apr/2005:16:00:21 +0900] "GET /pukiwiki/pukiwiki.php?InterWikiName HTTP/1.0" 200 15438 "-" "msnbot/1.0 (+http://search.msn.com/msnbot.htm)"
207.46.98.66 - - [26/Apr/2005:16:02:12 +0900] "GET /pukiwiki/pukiwiki.php?PukiWiki%2F1.4%2F%A5%DE%A5%CB%A5%E5%A5%A2%A5%EB%2F%A5%D7%A5%E9%A5%B0%A5%A4%A5%F3%2Fi HTTP/1.0" 200 22169 "-" "msnbot/1.0 (+http://search.msn.com/msnbot.htm)"
207.46.98.66 - - [26/Apr/2005:16:08:14 +0900] "GET /pukiwiki/pukiwiki.php?plugin=tb&__mode=view&tb_id=88654df3ce8234f3fef675cfdd5c9a63 HTTP/1.0" 200 1124 "-" "msnbot/1.0 (+http://search.msn.com/msnbot.htm)"
207.46.98.66 - - [26/Apr/2005:16:13:47 +0900] "GET /pukiwiki/pukiwiki.php?PukiWiki%2F1.4%2F%A5%DE%A5%CB%A5%E5%A5%A2%A5%EB%2F%A5%D7%A5%E9%A5%B0%A5%A4%A5%F3%2Ff HTTP/1.0" 200 17104 "-" "msnbot/1.0 (+http://search.msn.com/msnbot.htm)"
207.46.98.127 - - [26/Apr/2005:16:20:05 +0900] "GET /pukiwiki.php?Link HTTP/1.0" 200 12472 "-" "msnbot/1.0 (+http://search.msn.com/msnbot.htm)"
207.46.98.127 - - [26/Apr/2005:16:21:15 +0900] "GET /pukiwiki.php?%A3%CC HTTP/1.0" 200 10906 "-" "msnbot/1.0 (+http://search.msn.com/msnbot.htm)"
207.46.98.66 - - [26/Apr/2005:16:24:07 +0900] "GET /pukiwiki/pukiwiki.php?PukiWiki%2F1.4%2F%A5%DE%A5%CB%A5%E5%A5%A2%A5%EB%2F%A5%D7%A5%E9%A5%B0%A5%A4%A5%F3%2Fl HTTP/1.0" 200 22509 "-" "msnbot/1.0 (+http://search.msn.com/msnbot.htm)"
207.46.98.127 - - [26/Apr/2005:16:24:28 +0900] "GET /pukiwiki.php?MenuBar HTTP/1.0" 200 15820 "-" "msnbot/1.0 (+http://search.msn.com/msnbot.htm)"
207.46.98.127 - - [26/Apr/2005:16:26:09 +0900] "GET /pukiwiki.php?%CD%BD%C4%EA%C9%BD%2F2004-08-14 HTTP/1.0" 200 10936 "-" "msnbot/1.0 (+http://search.msn.com/msnbot.htm)"
207.46.98.127 - - [26/Apr/2005:16:26:36 +0900] "GET /pukiwiki.php?cmd=rss10 HTTP/1.0" 200 5128 "-" "msnbot/1.0 (+http://search.msn.com/msnbot.htm)"
207.46.98.127 - - [26/Apr/2005:16:28:28 +0900] "GET /pukiwiki.php?cmd=edit&page=%C6%FC%B5%AD&refer=WikiEngines HTTP/1.0" 200 8981 "-" "msnbot/1.0 (+http://search.msn.com/msnbot.htm)"
207.46.98.127 - - [26/Apr/2005:16:29:51 +0900] "GET /pukiwiki.php?plugin=rename&refer=WikiEngines HTTP/1.0" 200 4286 "-" "msnbot/1.0 (+http://search.msn.com/msnbot.htm)"
207.46.98.127 - - [26/Apr/2005:16:31:06 +0900] "GET /pukiwiki.php?cmd=edit&page=WikiWikiWeb HTTP/1.0" 200 9053 "-" "msnbot/1.0 (+http://search.msn.com/msnbot.htm)"
207.46.98.66 - - [26/Apr/2005:16:32:14 +0900] "GET /pukiwiki/pukiwiki.php?PukiWiki%2F1.4%2F%A5%DE%A5%CB%A5%E5%A5%A2%A5%EB%2F%A5%D7%A5%E9%A5%B0%A5%A4%A5%F3%2Fh HTTP/1.0" 200 16335 "-" "msnbot/1.0 (+http://search.msn.com/msnbot.htm)"
61.123.102.209 - - [26/Apr/2005:16:37:16 +0900] "GET / HTTP/1.0" 200 3379 "-" "Mozilla/4.0 (compatible; MSIE 6.0; Windows 98)"
207.46.98.66 - - [26/Apr/2005:16:38:22 +0900] "GET /pukiwiki/pukiwiki.php?PukiWiki%2F1.4%2F%A5%DE%A5%CB%A5%E5%A5%A2%A5%EB%2F%A5%D7%A5%E9%A5%B0%A5%A4%A5%F3%2Fe HTTP/1.0" 200 16262 "-" "msnbot/1.0 (+http://search.msn.com/msnbot.htm)"
207.46.98.66 - - [26/Apr/2005:16:40:52 +0900] "GET /pukiwiki/pukiwiki.php?plugin=rename&refer=FrontPage HTTP/1.0" 200 4343 "-" "msnbot/1.0 (+http://search.msn.com/msnbot.htm)"
207.46.98.66 - - [26/Apr/2005:16:41:04 +0900] "GET /pukiwiki/pukiwiki.php?plugin=template&refer=FrontPage HTTP/1.0" 200 6690 "-" "msnbot/1.0 (+http://search.msn.com/msnbot.htm)"
207.46.98.66 - - [26/Apr/2005:16:44:35 +0900] "GET /pukiwiki/pukiwiki.php?FrontPage HTTP/1.0" 200 12839 "-" "msnbot/1.0 (+http://search.msn.com/msnbot.htm)"
207.46.98.66 - - [26/Apr/2005:16:47:27 +0900] "GET /pukiwiki/pukiwiki.php?%CF%BF%B2%BB%A4%B3%A4%C8%A2%A1Rb.XJ8VXow%A4%CE%C0%B8%C2%A9%C8%C4 HTTP/1.0" 200 13711 "-" "msnbot/1.0 (+http://search.msn.com/msnbot.htm)"
68.142.249.142 - - [26/Apr/2005:16:47:33 +0900] "GET /robots.txt HTTP/1.0" 200 0 "-" "Mozilla/5.0 (compatible; Yahoo! Slurp; http://help.yahoo.com/help/us/ysearch/slurp)"
68.142.251.15 - - [26/Apr/2005:16:47:34 +0900] "GET /prog?M=A HTTP/1.0" 301 296 "-" "Mozilla/5.0 (compatible; Yahoo! Slurp; http://help.yahoo.com/help/us/ysearch/slurp)"
68.142.251.15 - - [26/Apr/2005:16:47:34 +0900] "GET /prog/?M=A HTTP/1.0" 200 1380 "-" "Mozilla/5.0 (compatible; Yahoo! Slurp; http://help.yahoo.com/help/us/ysearch/slurp)"
207.46.98.66 - - [26/Apr/2005:16:49:10 +0900] "GET /pukiwiki/pukiwiki.php?cmd=list HTTP/1.0" 200 13700 "-" "msnbot/1.0 (+http://search.msn.com/msnbot.htm)"
207.46.98.66 - - [26/Apr/2005:16:50:41 +0900] "GET /pukiwiki/pukiwiki.php?%B8%EC%CF%BF HTTP/1.0" 200 12610 "-" "msnbot/1.0 (+http://search.msn.com/msnbot.htm)"
207.46.98.66 - - [26/Apr/2005:16:52:11 +0900] "GET /pukiwiki/pukiwiki.php?%CF%BF%B2%BB%A4%CE%BD%C9%C2%EA HTTP/1.0" 200 12033 "-" "msnbot/1.0 (+http://search.msn.com/msnbot.htm)"
207.46.98.66 - - [26/Apr/2005:16:57:05 +0900] "GET /pukiwiki/pukiwiki.php?PukiWiki%2F1.4%2F%A5%DE%A5%CB%A5%E5%A5%A2%A5%EB%2F%A5%D7%A5%E9%A5%B0%A5%A4%A5%F3%2Fp HTTP/1.0" 200 23711 "-" "msnbot/1.0 (+http://search.msn.com/msnbot.htm)"
202.161.202.79 - - [26/Apr/2005:16:57:49 +0900] "GET / HTTP/1.1" 200 3379 "http://profiles.yahoo.co.jp/l_ja_jp" "Mozilla/4.0 (compatible; MSIE 5.17; Mac_PowerPC)"
202.161.202.79 - - [26/Apr/2005:16:57:50 +0900] "GET /site.css HTTP/1.1" 200 2606 "http://l-lab.org/" "Mozilla/4.0 (compatible; MSIE 5.17; Mac_PowerPC)"
202.161.202.79 - - [26/Apr/2005:16:57:50 +0900] "GET /image/ellabo.gif HTTP/1.1" 200 21868 "http://l-lab.org/" "Mozilla/4.0 (compatible; MSIE 5.17; Mac_PowerPC)"
202.161.202.79 - - [26/Apr/2005:16:57:51 +0900] "GET /image/L_bnr.png HTTP/1.1" 200 6449 "http://l-lab.org/" "Mozilla/4.0 (compatible; MSIE 5.17; Mac_PowerPC)"
202.161.202.79 - - [26/Apr/2005:16:58:06 +0900] "GET / HTTP/1.1" 200 14568 "http://profiles.yahoo.co.jp/l_ja_jp" "Mozilla/4.0 (compatible; MSIE 5.17; Mac_PowerPC)"
202.161.202.79 - - [26/Apr/2005:16:58:07 +0900] "GET /skin/default.ja.css HTTP/1.1" 200 7705 "http://nmug.org/" "Mozilla/4.0 (compatible; MSIE 5.17; Mac_PowerPC)"
202.161.202.79 - - [26/Apr/2005:16:58:07 +0900] "GET /skin/print.ja.css HTTP/1.1" 200 499 "http://nmug.org/" "Mozilla/4.0 (compatible; MSIE 5.17; Mac_PowerPC)"
202.161.202.79 - - [26/Apr/2005:16:58:07 +0900] "GET /pukiwiki.png HTTP/1.1" 200 4385 "http://nmug.org/" "Mozilla/4.0 (compatible; MSIE 5.17; Mac_PowerPC)"
202.161.202.79 - - [26/Apr/2005:16:58:07 +0900] "GET /image/reload.png HTTP/1.1" 200 1298 "http://nmug.org/" "Mozilla/4.0 (compatible; MSIE 5.17; Mac_PowerPC)"
202.161.202.79 - - [26/Apr/2005:16:58:07 +0900] "GET /image/new.png HTTP/1.1" 200 796 "http://nmug.org/" "Mozilla/4.0 (compatible; MSIE 5.17; Mac_PowerPC)"
202.161.202.79 - - [26/Apr/2005:16:58:07 +0900] "GET /image/edit.png HTTP/1.1" 200 1295 "http://nmug.org/" "Mozilla/4.0 (compatible; MSIE 5.17; Mac_PowerPC)"
202.161.202.79 - - [26/Apr/2005:16:58:07 +0900] "GET /image/freeze.png HTTP/1.1" 200 352 "http://nmug.org/" "Mozilla/4.0 (compatible; MSIE 5.17; Mac_PowerPC)"
202.161.202.79 - - [26/Apr/2005:16:58:08 +0900] "GET /image/backup.png HTTP/1.1" 200 1261 "http://nmug.org/" "Mozilla/4.0 (compatible; MSIE 5.17; Mac_PowerPC)"
202.161.202.79 - - [26/Apr/2005:16:58:09 +0900] "GET /image/help.png HTTP/1.1" 200 1274 "http://nmug.org/" "Mozilla/4.0 (compatible; MSIE 5.17; Mac_PowerPC)"
207.46.98.66 - - [26/Apr/2005:16:58:39 +0900] "GET /pukiwiki/pukiwiki.php?PukiWiki%2F1.4%2F%A5%DE%A5%CB%A5%E5%A5%A2%A5%EB%2F%A5%D7%A5%E9%A5%B0%A5%A4%A5%F3%2Fo HTTP/1.0" 200 17046 "-" "msnbot/1.0 (+http://search.msn.com/msnbot.htm)"
209.237.238.172 - - [26/Apr/2005:16:59:03 +0900] "GET /robots.txt HTTP/1.0" 200 0 "-" "ia_archiver"
209.237.238.172 - - [26/Apr/2005:16:59:03 +0900] "GET /spam/?S=D HTTP/1.0" 200 2401 "-" "ia_archiver"
209.237.238.172 - - [26/Apr/2005:16:59:54 +0900] "GET /spam/?N=A HTTP/1.0" 200 2401 "-" "ia_archiver"
207.46.98.66 - - [26/Apr/2005:16:59:59 +0900] "GET /pukiwiki/pukiwiki.php?%CF%BF%B2%BB%B4%D8%B7%B8%B2%E8%C1%FC HTTP/1.0" 200 14232 "-" "msnbot/1.0 (+http://search.msn.com/msnbot.htm)"
207.46.98.66 - - [26/Apr/2005:17:00:51 +0900] "GET /pukiwiki/pukiwiki.php?%B5%BF%BB%F7%B7%DC%B0%EC%CD%F7 HTTP/1.0" 200 15048 "-" "msnbot/1.0 (+http://search.msn.com/msnbot.htm)"
207.46.98.66 - - [26/Apr/2005:17:01:52 +0900] "GET /pukiwiki/pukiwiki.php?cmd=rss10 HTTP/1.0" 200 9365 "-" "msnbot/1.0 (+http://search.msn.com/msnbot.htm)"
209.237.238.172 - - [26/Apr/2005:17:02:20 +0900] "GET /spam/?M=D HTTP/1.0" 200 2401 "-" "ia_archiver"
207.46.98.66 - - [26/Apr/2005:17:03:53 +0900] "GET /pukiwiki/pukiwiki.php?MenuBar HTTP/1.0" 200 12304 "-" "msnbot/1.0 (+http://search.msn.com/msnbot.htm)"
207.46.98.66 - - [26/Apr/2005:17:05:39 +0900] "GET /pukiwiki/pukiwiki.php?PukiWiki%2F1.4%2F%A5%DE%A5%CB%A5%E5%A5%A2%A5%EB%2F%A5%D7%A5%E9%A5%B0%A5%A4%A5%F3%2Fs HTTP/1.0" 200 23558 "-" "msnbot/1.0 (+http://search.msn.com/msnbot.htm)"
207.68.146.56 - - [26/Apr/2005:17:10:22 +0900] "GET /pukiwiki.php?%CD%BD%C4%EA%C9%BD%2F2005-02-10 HTTP/1.0" 200 10886 "-" "msnbot/1.0 (+http://search.msn.com/msnbot.htm)"
207.46.98.66 - - [26/Apr/2005:17:11:49 +0900] "GET /pukiwiki/pukiwiki.php?PukiWiki%2F1.4%2F%A5%DE%A5%CB%A5%E5%A5%A2%A5%EB%2F%A5%D7%A5%E9%A5%B0%A5%A4%A5%F3%2Fv HTTP/1.0" 200 18235 "-" "msnbot/1.0 (+http://search.msn.com/msnbot.htm)"
68.142.249.142 - - [26/Apr/2005:17:13:00 +0900] "GET /robots.txt HTTP/1.0" 200 0 "-" "Mozilla/5.0 (compatible; Yahoo! Slurp; http://help.yahoo.com/help/us/ysearch/slurp)"
68.142.250.167 - - [26/Apr/2005:17:13:00 +0900] "GET /etc?D=A HTTP/1.0" 301 295 "-" "Mozilla/5.0 (compatible; Yahoo! Slurp; http://help.yahoo.com/help/us/ysearch/slurp)"
68.142.250.167 - - [26/Apr/2005:17:13:01 +0900] "GET /etc/?D=A HTTP/1.0" 200 2207 "-" "Mozilla/5.0 (compatible; Yahoo! Slurp; http://help.yahoo.com/help/us/ysearch/slurp)"
207.46.98.127 - - [26/Apr/2005:17:14:51 +0900] "GET /pukiwiki.php?NMUG%20FrontPage HTTP/1.0" 200 14528 "-" "msnbot/1.0 (+http://search.msn.com/msnbot.htm)"
207.46.98.127 - - [26/Apr/2005:17:15:23 +0900] "GET /pukiwiki.php?%A5%E1%A5%F3%A5%D0%A1%BC%A5%EA%A5%B9%A5%C8 HTTP/1.0" 200 11962 "-" "msnbot/1.0 (+http://search.msn.com/msnbot.htm)"
207.46.98.127 - - [26/Apr/2005:17:16:01 +0900] "GET /pukiwiki.php?%CD%BD%C4%EA%C9%BD%2F2004-07-19 HTTP/1.0" 200 10922 "-" "msnbot/1.0 (+http://search.msn.com/msnbot.htm)"
