207.46.98.65 - - [24/Apr/2005:06:43:13 +0900] "GET /prog/test.c HTTP/1.0" 200 1173 "-" "msnbot/1.0 (+http://search.msn.com/msnbot.htm)"
207.46.98.65 - - [24/Apr/2005:06:49:24 +0900] "GET /pukiwiki/pukiwiki.php?PukiWiki%2F1.4%2F%A5%DE%A5%CB%A5%E5%A5%A2%A5%EB%2F%A5%D7%A5%E9%A5%B0%A5%A4%A5%F3%2Fm HTTP/1.0" 200 22447 "-" "msnbot/1.0 (+http://search.msn.com/msnbot.htm)"
207.46.98.65 - - [24/Apr/2005:06:50:07 +0900] "GET /prog/?D=D HTTP/1.0" 200 1380 "-" "msnbot/1.0 (+http://search.msn.com/msnbot.htm)"
207.46.98.65 - - [24/Apr/2005:06:50:22 +0900] "GET /prog/?M=D HTTP/1.0" 200 1380 "-" "msnbot/1.0 (+http://search.msn.com/msnbot.htm)"
207.46.98.65 - - [24/Apr/2005:06:50:55 +0900] "GET /pukiwiki/pukiwiki.php?PukiWiki%2F1.4%2F%A5%DE%A5%CB%A5%E5%A5%A2%A5%EB%2F%A5%D7%A5%E9%A5%B0%A5%A4%A5%F3%2Fa HTTP/1.0" 200 26713 "-" "msnbot/1.0 (+http://search.msn.com/msnbot.htm)"
64.242.88.50 - - [24/Apr/2005:07:07:58 +0900] "GET /pukiwiki.php?\xc3\x83\xc2\x83\xc3\x82\xc2\x8d\xc3\x83\xc2\x82\xc3\x82\xc2\xbd\xc3\x83\xc2\x83\xc3\x82\xc2\x84\xc3\x83\xc2\x83\xc3\x82\xc2\xaa\xc3\x83\xc2\x83\xc3\x82\xc2\x89\xc3\x83\xc2\x82\xc3\x82\xc2\xbd/2004-08-13 HTTP/1.1" 200 11782 "-" "Mozilla/4.0 compatible ZyBorg/1.0 Dead Link Checker (wn.dlc@looksmart.net; http://www.WISEnutbot.com)"
207.46.98.65 - - [24/Apr/2005:07:16:02 +0900] "GET /cgi/imgbbs2/imgboard.html HTTP/1.0" 404 285 "-" "msnbot/1.0 (+http://search.msn.com/msnbot.htm)"
202.108.1.10 - - [24/Apr/2005:07:23:20 +0900] "HEAD /pukiwiki.php? HTTP/1.1" 200 0 "-" "User-Agent: Mozilla/4.0 (compatible; MSIE 5.5; Windows NT 5.0)"
202.108.1.10 - - [24/Apr/2005:07:23:24 +0900] "GET /pukiwiki.php? HTTP/1.1" 200 14567 "-" "User-Agent: Mozilla/4.0 (compatible; MSIE 5.5; Windows NT 5.0)"
202.108.1.10 - - [24/Apr/2005:07:23:26 +0900] "GET /skin/print.ja.css HTTP/1.1" 200 499 "-" "User-Agent: Mozilla/4.0 (compatible; MSIE 5.5; Windows NT 5.0)"
202.108.1.10 - - [24/Apr/2005:07:23:30 +0900] "GET /skin/default.ja.css HTTP/1.1" 200 7705 "-" "User-Agent: Mozilla/4.0 (compatible; MSIE 5.5; Windows NT 5.0)"
207.46.98.65 - - [24/Apr/2005:07:24:01 +0900] "GET /pukiwiki/pukiwiki.php?cmd=rss10 HTTP/1.0" 200 9365 "-" "msnbot/1.0 (+http://search.msn.com/msnbot.htm)"
207.46.98.65 - - [24/Apr/2005:07:27:27 +0900] "GET /cgi/imgbbs2/img4.html HTTP/1.0" 404 281 "-" "msnbot/1.0 (+http://search.msn.com/msnbot.htm)"
207.46.98.65 - - [24/Apr/2005:07:27:59 +0900] "GET /cgi/imgbbs2/img2.html HTTP/1.0" 404 281 "-" "msnbot/1.0 (+http://search.msn.com/msnbot.htm)"
207.46.98.65 - - [24/Apr/2005:07:29:41 +0900] "GET /3gp/MATRIX HTTP/1.0" 404 270 "-" "msnbot/1.0 (+http://search.msn.com/msnbot.htm)"
207.46.98.65 - - [24/Apr/2005:07:29:54 +0900] "GET /skin/default.ja.css HTTP/1.0" 404 279 "-" "msnbot/1.0 (+http://search.msn.com/msnbot.htm)"
203.174.66.231 - - [24/Apr/2005:07:30:40 +0900] "GET /html/pppoe.html HTTP/1.1" 200 3434 "-" "livedoorCheckers/0.11"
207.46.98.65 - - [24/Apr/2005:07:34:08 +0900] "GET /skin/print.ja.css HTTP/1.0" 404 277 "-" "msnbot/1.0 (+http://search.msn.com/msnbot.htm)"
207.68.146.56 - - [24/Apr/2005:07:43:31 +0900] "GET /pukiwiki.php?cmd=backup&page=%A5%A2%A5%F3%A5%B1%A1%BC%A5%C8 HTTP/1.0" 200 15595 "-" "msnbot/1.0 (+http://search.msn.com/msnbot.htm)"
207.46.98.65 - - [24/Apr/2005:07:47:17 +0900] "GET /robots.txt HTTP/1.0" 200 0 "-" "msnbot/1.0 (+http://search.msn.com/msnbot.htm)"
207.46.98.65 - - [24/Apr/2005:07:47:17 +0900] "GET /pukiwiki.php HTTP/1.0" 404 272 "-" "msnbot/1.0 (+http://search.msn.com/msnbot.htm)"
207.46.98.65 - - [24/Apr/2005:07:47:58 +0900] "GET /pukiwiki/skin/print.ja.css HTTP/1.0" 200 665 "-" "msnbot/1.0 (+http://search.msn.com/msnbot.htm)"
207.46.98.65 - - [24/Apr/2005:07:51:00 +0900] "GET /cgi/imgbbs2/img5.html HTTP/1.0" 404 281 "-" "msnbot/1.0 (+http://search.msn.com/msnbot.htm)"
207.46.98.65 - - [24/Apr/2005:07:51:05 +0900] "GET /site.css HTTP/1.0" 200 2606 "-" "msnbot/1.0 (+http://search.msn.com/msnbot.htm)"
68.142.251.75 - - [24/Apr/2005:07:51:50 +0900] "GET /robots.txt HTTP/1.0" 200 0 "-" "Mozilla/5.0 (compatible; Yahoo! Slurp; http://help.yahoo.com/help/us/ysearch/slurp)"
68.142.249.75 - - [24/Apr/2005:07:51:52 +0900] "GET /pukiwiki.php?%CD%BD%C4%EA%C9%BD HTTP/1.0" 200 19534 "-" "Mozilla/5.0 (compatible; Yahoo! Slurp; http://help.yahoo.com/help/us/ysearch/slurp)"
207.46.98.65 - - [24/Apr/2005:07:52:48 +0900] "GET /cgi/imgbbs2/img3.html HTTP/1.0" 404 281 "-" "msnbot/1.0 (+http://search.msn.com/msnbot.htm)"
68.142.249.103 - - [24/Apr/2005:07:56:40 +0900] "GET /pukiwiki.php HTTP/1.0" 200 14527 "-" "Mozilla/5.0 (compatible; Yahoo! Slurp; http://help.yahoo.com/help/us/ysearch/slurp)"
207.46.98.65 - - [24/Apr/2005:08:04:43 +0900] "GET /pukiwiki/skin/default.ja.css HTTP/1.0" 200 7905 "-" "msnbot/1.0 (+http://search.msn.com/msnbot.htm)"
222.226.127.181 - - [24/Apr/2005:08:33:59 +0900] "GET /pukiwiki/ HTTP/1.1" 200 12873 "http://ime.st/l-lab.org/pukiwiki/" "Mozilla/4.0 (compatible; MSIE 6.0; Windows NT 5.1; SV1)"
222.226.127.181 - - [24/Apr/2005:08:33:59 +0900] "GET /pukiwiki/skin/default.ja.css HTTP/1.1" 200 7905 "http://l-lab.org/pukiwiki/" "Mozilla/4.0 (compatible; MSIE 6.0; Windows NT 5.1; SV1)"
222.226.127.181 - - [24/Apr/2005:08:33:59 +0900] "GET /pukiwiki/skin/print.ja.css HTTP/1.1" 200 665 "http://l-lab.org/pukiwiki/" "Mozilla/4.0 (compatible; MSIE 6.0; Windows NT 5.1; SV1)"
222.226.127.181 - - [24/Apr/2005:08:33:59 +0900] "GET /pukiwiki/skin/trackback.js HTTP/1.1" 200 269 "http://l-lab.org/pukiwiki/" "Mozilla/4.0 (compatible; MSIE 6.0; Windows NT 5.1; SV1)"
222.226.127.181 - - [24/Apr/2005:08:33:59 +0900] "GET /pukiwiki/image/pukiwiki.png HTTP/1.1" 200 4385 "http://l-lab.org/pukiwiki/" "Mozilla/4.0 (compatible; MSIE 6.0; Windows NT 5.1; SV1)"
222.226.127.181 - - [24/Apr/2005:08:34:00 +0900] "GET /pukiwiki/image/reload.png HTTP/1.1" 200 1298 "http://l-lab.org/pukiwiki/" "Mozilla/4.0 (compatible; MSIE 6.0; Windows NT 5.1; SV1)"
222.226.127.181 - - [24/Apr/2005:08:34:00 +0900] "GET /pukiwiki/image/new.png HTTP/1.1" 200 796 "http://l-lab.org/pukiwiki/" "Mozilla/4.0 (compatible; MSIE 6.0; Windows NT 5.1; SV1)"
222.226.127.181 - - [24/Apr/2005:08:34:00 +0900] "GET /pukiwiki/image/edit.png HTTP/1.1" 200 1295 "http://l-lab.org/pukiwiki/" "Mozilla/4.0 (compatible; MSIE 6.0; Windows NT 5.1; SV1)"
222.226.127.181 - - [24/Apr/2005:08:34:00 +0900] "GET /pukiwiki/image/freeze.png HTTP/1.1" 200 352 "http://l-lab.org/pukiwiki/" "Mozilla/4.0 (compatible; MSIE 6.0; Windows NT 5.1; SV1)"
222.226.127.181 - - [24/Apr/2005:08:34:00 +0900] "GET /pukiwiki/image/diff.png HTTP/1.1" 200 507 "http://l-lab.org/pukiwiki/" "Mozilla/4.0 (compatible; MSIE 6.0; Windows NT 5.1; SV1)"
222.226.127.181 - - [24/Apr/2005:08:34:00 +0900] "GET /pukiwiki/image/file.png HTTP/1.1" 200 1280 "http://l-lab.org/pukiwiki/" "Mozilla/4.0 (compatible; MSIE 6.0; Windows NT 5.1; SV1)"
222.226.127.181 - - [24/Apr/2005:08:34:00 +0900] "GET /pukiwiki/image/copy.png HTTP/1.1" 200 490 "http://l-lab.org/pukiwiki/" "Mozilla/4.0 (compatible; MSIE 6.0; Windows NT 5.1; SV1)"
222.226.127.181 - - [24/Apr/2005:08:34:00 +0900] "GET /pukiwiki/image/rename.png HTTP/1.1" 200 339 "http://l-lab.org/pukiwiki/" "Mozilla/4.0 (compatible; MSIE 6.0; Windows NT 5.1; SV1)"
222.226.127.181 - - [24/Apr/2005:08:34:00 +0900] "GET /pukiwiki/image/top.png HTTP/1.1" 200 1299 "http://l-lab.org/pukiwiki/" "Mozilla/4.0 (compatible; MSIE 6.0; Windows NT 5.1; SV1)"
222.226.127.181 - - [24/Apr/2005:08:34:00 +0900] "GET /pukiwiki/image/list.png HTTP/1.1" 200 1234 "http://l-lab.org/pukiwiki/" "Mozilla/4.0 (compatible; MSIE 6.0; Windows NT 5.1; SV1)"
222.226.127.181 - - [24/Apr/2005:08:34:00 +0900] "GET /pukiwiki/image/search.png HTTP/1.1" 200 1285 "http://l-lab.org/pukiwiki/" "Mozilla/4.0 (compatible; MSIE 6.0; Windows NT 5.1; SV1)"
222.226.127.181 - - [24/Apr/2005:08:34:00 +0900] "GET /pukiwiki/image/recentchanges.png HTTP/1.1" 200 1314 "http://l-lab.org/pukiwiki/" "Mozilla/4.0 (compatible; MSIE 6.0; Windows NT 5.1; SV1)"
222.226.127.181 - - [24/Apr/2005:08:34:00 +0900] "GET /pukiwiki/image/backup.png HTTP/1.1" 200 1261 "http://l-lab.org/pukiwiki/" "Mozilla/4.0 (compatible; MSIE 6.0; Windows NT 5.1; SV1)"
222.226.127.181 - - [24/Apr/2005:08:34:00 +0900] "GET /pukiwiki/image/help.png HTTP/1.1" 200 1274 "http://l-lab.org/pukiwiki/" "Mozilla/4.0 (compatible; MSIE 6.0; Windows NT 5.1; SV1)"
222.226.127.181 - - [24/Apr/2005:08:34:00 +0900] "GET /pukiwiki/image/rss.png HTTP/1.1" 200 1137 "http://l-lab.org/pukiwiki/" "Mozilla/4.0 (compatible; MSIE 6.0; Windows NT 5.1; SV1)"
221.186.146.26 - - [24/Apr/2005:08:37:46 +0900] "HEAD / HTTP/1.1" 200 0 "-" "Hatena Antenna/0.4 (http://a.hatena.ne.jp/help)"
221.186.146.26 - - [24/Apr/2005:08:37:47 +0900] "GET / HTTP/1.1" 200 14567 "-" "Hatena Antenna/0.4 (http://a.hatena.ne.jp/help)"
207.68.146.56 - - [24/Apr/2005:08:38:09 +0900] "GET /robots.txt HTTP/1.0" 200 0 "-" "msnbot/1.0 (+http://search.msn.com/msnbot.htm)"
207.68.146.56 - - [24/Apr/2005:08:38:09 +0900] "GET /pukiwiki.php?plugin=attach&pcmd=upload&page=%A5%A2%A5%F3%A5%B1%A1%BC%A5%C8 HTTP/1.0" 200 6725 "-" "msnbot/1.0 (+http://search.msn.com/msnbot.htm)"
207.68.146.56 - - [24/Apr/2005:09:05:45 +0900] "GET /pukiwiki.php?cmd=freeze&page=%A5%A2%A5%F3%A5%B1%A1%BC%A5%C8 HTTP/1.0" 200 6239 "-" "msnbot/1.0 (+http://search.msn.com/msnbot.htm)"
64.242.88.50 - - [24/Apr/2005:09:05:54 +0900] "GET /pukiwiki.php?\xc3\x83\xc2\x82\xc3\x82\xc2\xa5\xc3\x83\xc2\x83\xc3\x82\xc2\x84\xc3\x83\xc2\x82\xc3\x82\xc2\xa1\xc3\x83\xc2\x82\xc3\x82\xc2\xbc\xc3\x83\xc2\x82\xc3\x82\xc2\xa5\xc3\x83\xc2\x83\xc3\x82\xc2\xaa\xc3\x83\xc2\x82\xc3\x82\xc2\xa5\xc3\x83\xc2\x83\xc3\x82\xc2\xb3\xc3\x83\xc2\x82\xc3\x82\xc2\xa5\xc3\x83\xc2\x82\xc3\x82\xc2\xb0\xc3\x83\xc2\x82\xc3\x82\xc2\xa5\xc3\x83\xc2\x82\xc3\x82\xc2\xb9\xc3\x83\xc2\x82\xc3\x82\xc2\xa5\xc3\x83\xc2\x83\xc3\x82\xc2\x9d\xc3\x83\xc2\x82\xc3\x82\xc2\xa5\xc3\x83\xc2\x83\xc3\x82\xc2\x83\xc3\x83\xc2\x82\xc3\x82\xc2\xa5\xc3\x83\xc2\x83\xc3\x82\xc2\x88 HTTP/1.1" 200 12172 "-" "Mozilla/4.0 compatible ZyBorg/1.0 Dead Link Checker (wn.dlc@looksmart.net; http://www.WISEnutbot.com)"
207.46.98.65 - - [24/Apr/2005:09:06:59 +0900] "GET /pukiwiki/pukiwiki.php?cmd=edit&page=JiOnww&refer=%B5%BF%BB%F7%B7%DC%B0%EC%CD%F7 HTTP/1.0" 200 10236 "-" "msnbot/1.0 (+http://search.msn.com/msnbot.htm)"
207.46.98.65 - - [24/Apr/2005:09:08:36 +0900] "GET /pukiwiki/pukiwiki.php?plugin=attach&refer=%CF%BF%B2%BB%B4%D8%B7%B8%B2%E8%C1%FC&openfile=55455ff2ebb5.JPG HTTP/1.0" 200 35054 "-" "msnbot/1.0 (+http://search.msn.com/msnbot.htm)"
220.36.76.54 - - [24/Apr/2005:09:14:54 +0900] "GET /pukiwiki/ HTTP/1.1" 200 12873 "-" "Mozilla/4.0 (compatible; MSIE 6.0; Windows NT 5.1; SV1; .NET CLR 1.1.4322)"
220.36.76.54 - - [24/Apr/2005:09:14:55 +0900] "GET /pukiwiki/skin/print.ja.css HTTP/1.1" 304 - "http://l-lab.org/pukiwiki/" "Mozilla/4.0 (compatible; MSIE 6.0; Windows NT 5.1; SV1; .NET CLR 1.1.4322)"
220.36.76.54 - - [24/Apr/2005:09:14:55 +0900] "GET /pukiwiki/skin/default.ja.css HTTP/1.1" 304 - "http://l-lab.org/pukiwiki/" "Mozilla/4.0 (compatible; MSIE 6.0; Windows NT 5.1; SV1; .NET CLR 1.1.4322)"
220.36.76.54 - - [24/Apr/2005:09:14:55 +0900] "GET /pukiwiki/skin/trackback.js HTTP/1.1" 304 - "http://l-lab.org/pukiwiki/" "Mozilla/4.0 (compatible; MSIE 6.0; Windows NT 5.1; SV1; .NET CLR 1.1.4322)"
220.36.76.54 - - [24/Apr/2005:09:14:55 +0900] "GET /pukiwiki/image/pukiwiki.png HTTP/1.1" 304 - "http://l-lab.org/pukiwiki/" "Mozilla/4.0 (compatible; MSIE 6.0; Windows NT 5.1; SV1; .NET CLR 1.1.4322)"
220.36.76.54 - - [24/Apr/2005:09:14:55 +0900] "GET /pukiwiki/image/reload.png HTTP/1.1" 304 - "http://l-lab.org/pukiwiki/" "Mozilla/4.0 (compatible; MSIE 6.0; Windows NT 5.1; SV1; .NET CLR 1.1.4322)"
220.36.76.54 - - [24/Apr/2005:09:14:55 +0900] "GET /pukiwiki/image/new.png HTTP/1.1" 304 - "http://l-lab.org/pukiwiki/" "Mozilla/4.0 (compatible; MSIE 6.0; Windows NT 5.1; SV1; .NET CLR 1.1.4322)"
220.36.76.54 - - [24/Apr/2005:09:14:55 +0900] "GET /pukiwiki/image/edit.png HTTP/1.1" 304 - "http://l-lab.org/pukiwiki/" "Mozilla/4.0 (compatible; MSIE 6.0; Windows NT 5.1; SV1; .NET CLR 1.1.4322)"
220.36.76.54 - - [24/Apr/2005:09:14:55 +0900] "GET /pukiwiki/image/freeze.png HTTP/1.1" 304 - "http://l-lab.org/pukiwiki/" "Mozilla/4.0 (compatible; MSIE 6.0; Windows NT 5.1; SV1; .NET CLR 1.1.4322)"
220.36.76.54 - - [24/Apr/2005:09:14:55 +0900] "GET /pukiwiki/image/top.png HTTP/1.1" 304 - "http://l-lab.org/pukiwiki/" "Mozilla/4.0 (compatible; MSIE 6.0; Windows NT 5.1; SV1; .NET CLR 1.1.4322)"
220.36.76.54 - - [24/Apr/2005:09:14:55 +0900] "GET /pukiwiki/image/list.png HTTP/1.1" 304 - "http://l-lab.org/pukiwiki/" "Mozilla/4.0 (compatible; MSIE 6.0; Windows NT 5.1; SV1; .NET CLR 1.1.4322)"
220.36.76.54 - - [24/Apr/2005:09:14:55 +0900] "GET /pukiwiki/image/diff.png HTTP/1.1" 304 - "http://l-lab.org/pukiwiki/" "Mozilla/4.0 (compatible; MSIE 6.0; Windows NT 5.1; SV1; .NET CLR 1.1.4322)"
220.36.76.54 - - [24/Apr/2005:09:14:55 +0900] "GET /pukiwiki/image/recentchanges.png HTTP/1.1" 304 - "http://l-lab.org/pukiwiki/" "Mozilla/4.0 (compatible; MSIE 6.0; Windows NT 5.1; SV1; .NET CLR 1.1.4322)"
220.36.76.54 - - [24/Apr/2005:09:14:55 +0900] "GET /pukiwiki/image/backup.png HTTP/1.1" 304 - "http://l-lab.org/pukiwiki/" "Mozilla/4.0 (compatible; MSIE 6.0; Windows NT 5.1; SV1; .NET CLR 1.1.4322)"
220.36.76.54 - - [24/Apr/2005:09:14:55 +0900] "GET /pukiwiki/image/help.png HTTP/1.1" 304 - "http://l-lab.org/pukiwiki/" "Mozilla/4.0 (compatible; MSIE 6.0; Windows NT 5.1; SV1; .NET CLR 1.1.4322)"
220.36.76.54 - - [24/Apr/2005:09:14:58 +0900] "GET /pukiwiki/image/file.png HTTP/1.1" 304 - "http://l-lab.org/pukiwiki/" "Mozilla/4.0 (compatible; MSIE 6.0; Windows NT 5.1; SV1; .NET CLR 1.1.4322)"
220.36.76.54 - - [24/Apr/2005:09:14:58 +0900] "GET /pukiwiki/image/copy.png HTTP/1.1" 304 - "http://l-lab.org/pukiwiki/" "Mozilla/4.0 (compatible; MSIE 6.0; Windows NT 5.1; SV1; .NET CLR 1.1.4322)"
220.36.76.54 - - [24/Apr/2005:09:14:58 +0900] "GET /pukiwiki/image/rename.png HTTP/1.1" 304 - "http://l-lab.org/pukiwiki/" "Mozilla/4.0 (compatible; MSIE 6.0; Windows NT 5.1; SV1; .NET CLR 1.1.4322)"
220.36.76.54 - - [24/Apr/2005:09:15:03 +0900] "GET /pukiwiki/pukiwiki.php?%CF%BF%B2%BB%A4%AC2ch%A4%CB%A4%AF%A4%EB%CD%FD%CD%B3 HTTP/1.1" 200 20031 "http://l-lab.org/pukiwiki/" "Mozilla/4.0 (compatible; MSIE 6.0; Windows NT 5.1; SV1; .NET CLR 1.1.4322)"
220.36.76.54 - - [24/Apr/2005:09:15:04 +0900] "GET /pukiwiki/image/search.png HTTP/1.1" 304 - "http://l-lab.org/pukiwiki/pukiwiki.php?%CF%BF%B2%BB%A4%AC2ch%A4%CB%A4%AF%A4%EB%CD%FD%CD%B3" "Mozilla/4.0 (compatible; MSIE 6.0; Windows NT 5.1; SV1; .NET CLR 1.1.4322)"
220.36.76.54 - - [24/Apr/2005:09:15:04 +0900] "GET /pukiwiki/image/rss.png HTTP/1.1" 304 - "http://l-lab.org/pukiwiki/pukiwiki.php?%CF%BF%B2%BB%A4%AC2ch%A4%CB%A4%AF%A4%EB%CD%FD%CD%B3" "Mozilla/4.0 (compatible; MSIE 6.0; Windows NT 5.1; SV1; .NET CLR 1.1.4322)"
207.46.98.65 - - [24/Apr/2005:09:16:48 +0900] "GET /pukiwiki/pukiwiki.php?cmd=freeze&page=%B5%BF%BB%F7%B7%DC%B0%EC%CD%F7 HTTP/1.0" 200 6442 "-" "msnbot/1.0 (+http://search.msn.com/msnbot.htm)"
207.46.98.65 - - [24/Apr/2005:09:17:50 +0900] "GET /pukiwiki/pukiwiki.php?cmd=diff&page=%B5%BF%BB%F7%B7%DC%B0%EC%CD%F7 HTTP/1.0" 200 7787 "-" "msnbot/1.0 (+http://search.msn.com/msnbot.htm)"
220.36.76.54 - - [24/Apr/2005:09:18:02 +0900] "GET /pukiwiki/ HTTP/1.1" 200 12873 "-" "Mozilla/4.0 (compatible; MSIE 6.0; Windows NT 5.1; SV1; .NET CLR 1.1.4322)"
220.36.76.54 - - [24/Apr/2005:09:18:15 +0900] "GET /pukiwiki/pukiwiki.php?%CF%BF%B2%BB%A4%CE%C2%AD%C0%D7 HTTP/1.1" 200 23454 "http://l-lab.org/pukiwiki/" "Mozilla/4.0 (compatible; MSIE 6.0; Windows NT 5.1; SV1; .NET CLR 1.1.4322)"
220.36.76.54 - - [24/Apr/2005:09:18:24 +0900] "GET /pukiwiki/ HTTP/1.1" 200 12873 "-" "Mozilla/4.0 (compatible; MSIE 6.0; Windows NT 5.1; SV1; .NET CLR 1.1.4322)"
220.36.76.54 - - [24/Apr/2005:09:18:30 +0900] "GET /pukiwiki/pukiwiki.php?%CF%BF%B2%BB%A4%B3%A4%C8%A2%A1Rb.XJ8VXow%A4%CE%C0%B8%C2%A9%C8%C4 HTTP/1.1" 200 13751 "http://l-lab.org/pukiwiki/" "Mozilla/4.0 (compatible; MSIE 6.0; Windows NT 5.1; SV1; .NET CLR 1.1.4322)"
220.36.76.54 - - [24/Apr/2005:09:18:38 +0900] "GET /pukiwiki/ HTTP/1.1" 200 12873 "-" "Mozilla/4.0 (compatible; MSIE 6.0; Windows NT 5.1; SV1; .NET CLR 1.1.4322)"
220.36.76.54 - - [24/Apr/2005:09:18:46 +0900] "GET /pukiwiki/pukiwiki.php?%CF%BF%B2%BB%B4%D8%B7%B8%B2%E8%C1%FC HTTP/1.1" 200 14272 "http://l-lab.org/pukiwiki/" "Mozilla/4.0 (compatible; MSIE 6.0; Windows NT 5.1; SV1; .NET CLR 1.1.4322)"
220.36.76.54 - - [24/Apr/2005:09:18:49 +0900] "GET /pukiwiki/pukiwiki.php?plugin=ref&page=%CF%BF%B2%BB%B4%D8%B7%B8%B2%E8%C1%FC&src=e025ccc190e3.JPG HTTP/1.1" 200 177880 "http://l-lab.org/pukiwiki/pukiwiki.php?%CF%BF%B2%BB%B4%D8%B7%B8%B2%E8%C1%FC" "Mozilla/4.0 (compatible; MSIE 6.0; Windows NT 5.1; SV1; .NET CLR 1.1.4322)"
220.36.76.54 - - [24/Apr/2005:09:18:51 +0900] "GET /pukiwiki/pukiwiki.php?plugin=ref&page=%CF%BF%B2%BB%B4%D8%B7%B8%B2%E8%C1%FC&src=55455ff2ebb5.JPG HTTP/1.1" 200 207364 "http://l-lab.org/pukiwiki/pukiwiki.php?%CF%BF%B2%BB%B4%D8%B7%B8%B2%E8%C1%FC" "Mozilla/4.0 (compatible; MSIE 6.0; Windows NT 5.1; SV1; .NET CLR 1.1.4322)"
220.36.76.54 - - [24/Apr/2005:09:19:09 +0900] "GET /pukiwiki/ HTTP/1.1" 200 12873 "-" "Mozilla/4.0 (compatible; MSIE 6.0; Windows NT 5.1; SV1; .NET CLR 1.1.4322)"
220.36.76.54 - - [24/Apr/2005:09:19:14 +0900] "GET /pukiwiki/pukiwiki.php?%CF%BF%B2%BB%B8%EC%CF%BF HTTP/1.1" 200 15311 "http://l-lab.org/pukiwiki/" "Mozilla/4.0 (compatible; MSIE 6.0; Windows NT 5.1; SV1; .NET CLR 1.1.4322)"
64.242.88.50 - - [24/Apr/2005:09:19:47 +0900] "GET /pukiwiki.php?\xc3\x83\xc2\x82\xc3\x82\xc2\xa5\xc3\x83\xc2\x82\xc3\x82\xc2\xa2\xc3\x83\xc2\x82\xc3\x82\xc2\xa5\xc3\x83\xc2\x83\xc3\x82\xc2\xb3\xc3\x83\xc2\x82\xc3\x82\xc2\xa5\xc3\x83\xc2\x82\xc3\x82\xc2\xb1\xc3\x83\xc2\x82\xc3\x82\xc2\xa1\xc3\x83\xc2\x82\xc3\x82\xc2\xbc\xc3\x83\xc2\x82\xc3\x82\xc2\xa5\xc3\x83\xc2\x83\xc3\x82\xc2\x88 HTTP/1.1" 200 11442 "-" "Mozilla/4.0 compatible ZyBorg/1.0 Dead Link Checker (wn.dlc@looksmart.net; http://www.WISEnutbot.com)"
207.46.98.65 - - [24/Apr/2005:09:19:51 +0900] "GET /pukiwiki/pukiwiki.php?cmd=edit&page=%B5%BF%BB%F7%B7%DC%B0%EC%CD%F7 HTTP/1.0" 200 13092 "-" "msnbot/1.0 (+http://search.msn.com/msnbot.htm)"
220.36.76.54 - - [24/Apr/2005:09:20:05 +0900] "GET /pukiwiki/ HTTP/1.1" 200 12873 "-" "Mozilla/4.0 (compatible; MSIE 6.0; Windows NT 5.1; SV1; .NET CLR 1.1.4322)"
220.36.76.54 - - [24/Apr/2005:09:20:08 +0900] "GET /pukiwiki/pukiwiki.php?%B8%EC%CF%BF HTTP/1.1" 200 12650 "http://l-lab.org/pukiwiki/" "Mozilla/4.0 (compatible; MSIE 6.0; Windows NT 5.1; SV1; .NET CLR 1.1.4322)"
220.36.76.54 - - [24/Apr/2005:09:20:40 +0900] "GET /pukiwiki/ HTTP/1.1" 200 12873 "-" "Mozilla/4.0 (compatible; MSIE 6.0; Windows NT 5.1; SV1; .NET CLR 1.1.4322)"
207.46.98.65 - - [24/Apr/2005:09:22:21 +0900] "GET /pukiwiki/pukiwiki.php?plugin=rename&refer=PukiWiki%2F1.4%2F%A5%DE%A5%CB%A5%E5%A5%A2%A5%EB%2F%A5%D7%A5%E9%A5%B0%A5%A4%A5%F3%2Fp HTTP/1.0" 200 4527 "-" "msnbot/1.0 (+http://search.msn.com/msnbot.htm)"
207.46.98.126 - - [24/Apr/2005:09:22:33 +0900] "GET /robots.txt HTTP/1.0" 200 0 "-" "msnbot/1.0 (+http://search.msn.com/msnbot.htm)"
207.46.98.126 - - [24/Apr/2005:09:22:33 +0900] "GET /pukiwiki.php?%CD%BD%C4%EA%C9%BD%2F2005-03-01 HTTP/1.0" 200 10893 "-" "msnbot/1.0 (+http://search.msn.com/msnbot.htm)"
207.46.98.65 - - [24/Apr/2005:09:22:45 +0900] "GET /pukiwiki/pukiwiki.php?plugin=template&refer=PukiWiki%2F1.4%2F%A5%DE%A5%CB%A5%E5%A5%A2%A5%EB%2F%A5%D7%A5%E9%A5%B0%A5%A4%A5%F3%2Fp HTTP/1.0" 200 17829 "-" "msnbot/1.0 (+http://search.msn.com/msnbot.htm)"
207.46.98.65 - - [24/Apr/2005:09:23:05 +0900] "GET /pukiwiki/pukiwiki.php?cmd=edit&page=%A3%CC&refer=%B5%BF%BB%F7%B7%DC%B0%EC%CD%F7 HTTP/1.0" 200 10224 "-" "msnbot/1.0 (+http://search.msn.com/msnbot.htm)"
207.46.98.65 - - [24/Apr/2005:09:29:50 +0900] "GET /pukiwiki/pukiwiki.php?plugin=rename&refer=%B5%BF%BB%F7%B7%DC%B0%EC%CD%F7 HTTP/1.0" 200 4368 "-" "msnbot/1.0 (+http://search.msn.com/msnbot.htm)"
207.68.146.56 - - [24/Apr/2005:09:29:54 +0900] "GET /pukiwiki.php?cmd=diff&page=%A5%A2%A5%F3%A5%B1%A1%BC%A5%C8 HTTP/1.0" 200 7204 "-" "msnbot/1.0 (+http://search.msn.com/msnbot.htm)"
207.46.98.65 - - [24/Apr/2005:09:30:20 +0900] "GET /pukiwiki/pukiwiki.php?cmd=search&word=%B5%BF%BB%F7%B7%DC%B0%EC%CD%F7 HTTP/1.0" 200 4722 "-" "msnbot/1.0 (+http://search.msn.com/msnbot.htm)"
207.46.98.65 - - [24/Apr/2005:09:30:29 +0900] "GET /pukiwiki/pukiwiki.php?plugin=attach&refer=%CF%BF%B2%BB%B4%D8%B7%B8%B2%E8%C1%FC&openfile=e025ccc190e3.JPG HTTP/1.0" 200 35054 "-" "msnbot/1.0 (+http://search.msn.com/msnbot.htm)"
220.36.76.54 - - [24/Apr/2005:09:31:13 +0900] "GET /pukiwiki/ HTTP/1.1" 200 12873 "-" "Mozilla/4.0 (compatible; MSIE 6.0; Windows NT 5.1; SV1; .NET CLR 1.1.4322)"
61.125.207.56 - - [24/Apr/2005:09:36:57 +0900] "GET /html/hitori2004.html HTTP/1.1" 200 7526 "http://www.google.co.jp/search?num=100&hl=ja&q=webalizer+debian+%E6%97%A5%E6%9C%AC%E8%AA%9E%E5%8C%96&btnG=Google+%E6%A4%9C%E7%B4%A2&lr=lang_ja" "Mozilla/5.0 (Windows; U; Windows NT 5.1; ja-JP; rv:1.7.6) Gecko/20050318 Firefox/1.0.2"
61.125.207.56 - - [24/Apr/2005:09:36:57 +0900] "GET /site.css HTTP/1.1" 200 2606 "http://l-lab.org/html/hitori2004.html" "Mozilla/5.0 (Windows; U; Windows NT 5.1; ja-JP; rv:1.7.6) Gecko/20050318 Firefox/1.0.2"
61.125.207.56 - - [24/Apr/2005:09:36:58 +0900] "GET /favicon.ico HTTP/1.1" 200 894 "-" "-"
61.125.207.56 - - [24/Apr/2005:09:36:58 +0900] "GET /image/L_bnr.png HTTP/1.1" 200 6449 "http://l-lab.org/html/hitori2004.html" "Mozilla/5.0 (Windows; U; Windows NT 5.1; ja-JP; rv:1.7.6) Gecko/20050318 Firefox/1.0.2"
61.125.207.56 - - [24/Apr/2005:09:36:59 +0900] "GET /favicon.ico HTTP/1.1" 200 894 "-" "Mozilla/5.0 (Windows; U; Windows NT 5.1; ja-JP; rv:1.7.6) Gecko/20050318 Firefox/1.0.2"
61.125.207.56 - - [24/Apr/2005:09:37:47 +0900] "GET /webalizer/ HTTP/1.1" 200 10116 "http://l-lab.org/html/hitori2004.html" "Mozilla/5.0 (Windows; U; Windows NT 5.1; ja-JP; rv:1.7.6) Gecko/20050318 Firefox/1.0.2"
61.125.207.56 - - [24/Apr/2005:09:37:47 +0900] "GET /webalizer/usage.png HTTP/1.1" 200 1338 "http://l-lab.org/webalizer/" "Mozilla/5.0 (Windows; U; Windows NT 5.1; ja-JP; rv:1.7.6) Gecko/20050318 Firefox/1.0.2"
165.76.181.182 - - [24/Apr/2005:10:17:05 +0900] "GET /pukiwiki/ HTTP/1.1" 200 12873 "-" "Mozilla/5.0 (Windows; U; Windows NT 5.1; ja-JP; rv:1.7.7) Gecko/20050414 Firefox/1.0.3"
165.76.181.182 - - [24/Apr/2005:10:17:05 +0900] "GET /pukiwiki/skin/default.ja.css HTTP/1.1" 200 7905 "http://l-lab.org/pukiwiki/skin/default.ja.css" "Mozilla/5.0 (Windows; U; Windows NT 5.1; ja-JP; rv:1.7.7) Gecko/20050414 Firefox/1.0.3"
165.76.181.182 - - [24/Apr/2005:10:17:06 +0900] "GET /pukiwiki/skin/print.ja.css HTTP/1.1" 200 665 "http://l-lab.org/pukiwiki/skin/print.ja.css" "Mozilla/5.0 (Windows; U; Windows NT 5.1; ja-JP; rv:1.7.7) Gecko/20050414 Firefox/1.0.3"
165.76.181.182 - - [24/Apr/2005:10:17:06 +0900] "GET /pukiwiki/skin/trackback.js HTTP/1.1" 200 269 "http://l-lab.org/pukiwiki/skin/trackback.js" "Mozilla/5.0 (Windows; U; Windows NT 5.1; ja-JP; rv:1.7.7) Gecko/20050414 Firefox/1.0.3"
165.76.181.182 - - [24/Apr/2005:10:17:06 +0900] "GET /pukiwiki/image/pukiwiki.png HTTP/1.1" 200 4385 "http://l-lab.org/pukiwiki/image/pukiwiki.png" "Mozilla/5.0 (Windows; U; Windows NT 5.1; ja-JP; rv:1.7.7) Gecko/20050414 Firefox/1.0.3"
165.76.181.182 - - [24/Apr/2005:10:17:06 +0900] "GET /pukiwiki/image/reload.png HTTP/1.1" 200 1298 "http://l-lab.org/pukiwiki/image/reload.png" "Mozilla/5.0 (Windows; U; Windows NT 5.1; ja-JP; rv:1.7.7) Gecko/20050414 Firefox/1.0.3"
165.76.181.182 - - [24/Apr/2005:10:17:06 +0900] "GET /pukiwiki/image/edit.png HTTP/1.1" 200 1295 "http://l-lab.org/pukiwiki/image/edit.png" "Mozilla/5.0 (Windows; U; Windows NT 5.1; ja-JP; rv:1.7.7) Gecko/20050414 Firefox/1.0.3"
165.76.181.182 - - [24/Apr/2005:10:17:06 +0900] "GET /pukiwiki/image/new.png HTTP/1.1" 200 796 "http://l-lab.org/pukiwiki/image/new.png" "Mozilla/5.0 (Windows; U; Windows NT 5.1; ja-JP; rv:1.7.7) Gecko/20050414 Firefox/1.0.3"
165.76.181.182 - - [24/Apr/2005:10:17:06 +0900] "GET /pukiwiki/image/diff.png HTTP/1.1" 200 507 "http://l-lab.org/pukiwiki/image/diff.png" "Mozilla/5.0 (Windows; U; Windows NT 5.1; ja-JP; rv:1.7.7) Gecko/20050414 Firefox/1.0.3"
165.76.181.182 - - [24/Apr/2005:10:17:06 +0900] "GET /pukiwiki/image/freeze.png HTTP/1.1" 200 352 "http://l-lab.org/pukiwiki/image/freeze.png" "Mozilla/5.0 (Windows; U; Windows NT 5.1; ja-JP; rv:1.7.7) Gecko/20050414 Firefox/1.0.3"
165.76.181.182 - - [24/Apr/2005:10:17:06 +0900] "GET /pukiwiki/image/file.png HTTP/1.1" 200 1280 "http://l-lab.org/pukiwiki/image/file.png" "Mozilla/5.0 (Windows; U; Windows NT 5.1; ja-JP; rv:1.7.7) Gecko/20050414 Firefox/1.0.3"
165.76.181.182 - - [24/Apr/2005:10:17:06 +0900] "GET /pukiwiki/image/copy.png HTTP/1.1" 200 490 "http://l-lab.org/pukiwiki/image/copy.png" "Mozilla/5.0 (Windows; U; Windows NT 5.1; ja-JP; rv:1.7.7) Gecko/20050414 Firefox/1.0.3"
165.76.181.182 - - [24/Apr/2005:10:17:06 +0900] "GET /pukiwiki/image/rename.png HTTP/1.1" 200 339 "http://l-lab.org/pukiwiki/image/rename.png" "Mozilla/5.0 (Windows; U; Windows NT 5.1; ja-JP; rv:1.7.7) Gecko/20050414 Firefox/1.0.3"
165.76.181.182 - - [24/Apr/2005:10:17:06 +0900] "GET /pukiwiki/image/top.png HTTP/1.1" 200 1299 "http://l-lab.org/pukiwiki/image/top.png" "Mozilla/5.0 (Windows; U; Windows NT 5.1; ja-JP; rv:1.7.7) Gecko/20050414 Firefox/1.0.3"
165.76.181.182 - - [24/Apr/2005:10:17:06 +0900] "GET /pukiwiki/image/list.png HTTP/1.1" 200 1234 "http://l-lab.org/pukiwiki/image/list.png" "Mozilla/5.0 (Windows; U; Windows NT 5.1; ja-JP; rv:1.7.7) Gecko/20050414 Firefox/1.0.3"
165.76.181.182 - - [24/Apr/2005:10:17:06 +0900] "GET /pukiwiki/image/search.png HTTP/1.1" 200 1285 "http://l-lab.org/pukiwiki/image/search.png" "Mozilla/5.0 (Windows; U; Windows NT 5.1; ja-JP; rv:1.7.7) Gecko/20050414 Firefox/1.0.3"
165.76.181.182 - - [24/Apr/2005:10:17:06 +0900] "GET /pukiwiki/image/help.png HTTP/1.1" 200 1274 "http://l-lab.org/pukiwiki/image/help.png" "Mozilla/5.0 (Windows; U; Windows NT 5.1; ja-JP; rv:1.7.7) Gecko/20050414 Firefox/1.0.3"
165.76.181.182 - - [24/Apr/2005:10:17:06 +0900] "GET /pukiwiki/image/backup.png HTTP/1.1" 200 1261 "http://l-lab.org/pukiwiki/image/backup.png" "Mozilla/5.0 (Windows; U; Windows NT 5.1; ja-JP; rv:1.7.7) Gecko/20050414 Firefox/1.0.3"
165.76.181.182 - - [24/Apr/2005:10:17:06 +0900] "GET /pukiwiki/image/recentchanges.png HTTP/1.1" 200 1314 "http://l-lab.org/pukiwiki/image/recentchanges.png" "Mozilla/5.0 (Windows; U; Windows NT 5.1; ja-JP; rv:1.7.7) Gecko/20050414 Firefox/1.0.3"
165.76.181.182 - - [24/Apr/2005:10:17:06 +0900] "GET /pukiwiki/image/rss.png HTTP/1.1" 200 1137 "http://l-lab.org/pukiwiki/image/rss.png" "Mozilla/5.0 (Windows; U; Windows NT 5.1; ja-JP; rv:1.7.7) Gecko/20050414 Firefox/1.0.3"
165.76.181.182 - - [24/Apr/2005:10:17:06 +0900] "GET /favicon.ico HTTP/1.1" 200 894 "-" "Mozilla/5.0 (Windows; U; Windows NT 5.1; ja-JP; rv:1.7.7) Gecko/20050414 Firefox/1.0.3"
207.68.146.56 - - [24/Apr/2005:10:25:32 +0900] "GET /pukiwiki.php?cmd=edit&page=%A5%A2%A5%F3%A5%B1%A1%BC%A5%C8 HTTP/1.0" 200 10975 "-" "msnbot/1.0 (+http://search.msn.com/msnbot.htm)"
207.46.98.126 - - [24/Apr/2005:10:30:18 +0900] "GET /robots.txt HTTP/1.0" 200 0 "-" "msnbot/1.0 (+http://search.msn.com/msnbot.htm)"
207.46.98.126 - - [24/Apr/2005:10:30:19 +0900] "GET /pukiwiki.php?%CD%BD%C4%EA%C9%BD%2F2005-03-01 HTTP/1.0" 200 10893 "-" "msnbot/1.0 (+http://search.msn.com/msnbot.htm)"
59.128.58.175 - - [24/Apr/2005:10:30:33 +0900] "GET /pict/122_2265.JPG HTTP/1.1" 200 17552 "http://page8.auctions.yahoo.co.jp/jp/auction/h26323063" "Mozilla/4.0 (compatible; MSIE 6.0; Windows NT 5.1; MathPlayer 2.0; SV1; .NET CLR 1.1.4322)"
207.46.98.65 - - [24/Apr/2005:10:43:30 +0900] "GET /robots.txt HTTP/1.0" 200 0 "-" "msnbot/1.0 (+http://search.msn.com/msnbot.htm)"
207.46.98.65 - - [24/Apr/2005:10:43:30 +0900] "GET /prog/output.log HTTP/1.0" 200 30 "-" "msnbot/1.0 (+http://search.msn.com/msnbot.htm)"
68.142.249.142 - - [24/Apr/2005:10:43:32 +0900] "GET /robots.txt HTTP/1.0" 200 0 "-" "Mozilla/5.0 (compatible; Yahoo! Slurp; http://help.yahoo.com/help/us/ysearch/slurp)"
68.142.249.10 - - [24/Apr/2005:10:43:34 +0900] "GET /pukiwiki/pukiwiki.php?cmd=search&word=FrontPage HTTP/1.0" 200 6124 "-" "Mozilla/5.0 (compatible; Yahoo! Slurp; http://help.yahoo.com/help/us/ysearch/slurp)"
207.46.98.65 - - [24/Apr/2005:10:45:29 +0900] "GET /prog/test HTTP/1.0" 200 12624 "-" "msnbot/1.0 (+http://search.msn.com/msnbot.htm)"
207.46.98.65 - - [24/Apr/2005:10:50:15 +0900] "GET /prog/output2.log HTTP/1.0" 200 30 "-" "msnbot/1.0 (+http://search.msn.com/msnbot.htm)"
207.46.98.65 - - [24/Apr/2005:10:54:39 +0900] "GET /prog/?N=A HTTP/1.0" 200 1380 "-" "msnbot/1.0 (+http://search.msn.com/msnbot.htm)"
219.156.55.150 - - [24/Apr/2005:10:56:57 +0900] "GET /default.ida?XXXXXXXXXXXXXXXXXXXXXXXXXXXXXXXXXXXXXXXXXXXXXXXXXXXXXXXXXXXXXXXXXXXXXXXXXXXXXXXXXXXXXXXXXXXXXXXXXXXXXXXXXXXXXXXXXXXXXXXXXXXXXXXXXXXXXXXXXXXXXXXXXXXXXXXXXXXXXXXXXXXXXXXXXXXXXXXXXXXXXXXXXXXXXXXXXXXXXXXXXXXXXXXXXXXXXXXXXXXXXXXX%u9090%u6858%ucbd3%u7801%u9090%u6858%ucbd3%u7801%u9090%u6858%ucbd3%u7801%u9090%u9090%u8190%u00c3%u0003%u8b00%u531b%u53ff%u0078%u0000%u00=a HTTP/1.0" 404 271 "-" "-"
64.246.0.17 - - [24/Apr/2005:11:08:01 +0900] "GET /robots.txt HTTP/1.0" 200 0 "-" "Mozilla/4.0 (compatible; MSIE 5.01; Windows NT)"
219.114.3.71 - - [24/Apr/2005:11:15:10 +0900] "GET /pukiwiki/ HTTP/1.1" 200 12873 "-" "Mozilla/4.0 (compatible; MSIE 6.0; Windows NT 5.1; SV1; .NET CLR 1.1.4322)"
219.114.3.71 - - [24/Apr/2005:11:15:10 +0900] "GET /pukiwiki/skin/default.ja.css HTTP/1.1" 200 7905 "http://l-lab.org/pukiwiki/" "Mozilla/4.0 (compatible; MSIE 6.0; Windows NT 5.1; SV1; .NET CLR 1.1.4322)"
219.114.3.71 - - [24/Apr/2005:11:15:10 +0900] "GET /pukiwiki/skin/print.ja.css HTTP/1.1" 200 665 "http://l-lab.org/pukiwiki/" "Mozilla/4.0 (compatible; MSIE 6.0; Windows NT 5.1; SV1; .NET CLR 1.1.4322)"
219.114.3.71 - - [24/Apr/2005:11:15:10 +0900] "GET /pukiwiki/skin/trackback.js HTTP/1.1" 200 269 "http://l-lab.org/pukiwiki/" "Mozilla/4.0 (compatible; MSIE 6.0; Windows NT 5.1; SV1; .NET CLR 1.1.4322)"
219.114.3.71 - - [24/Apr/2005:11:15:10 +0900] "GET /pukiwiki/image/pukiwiki.png HTTP/1.1" 200 4385 "http://l-lab.org/pukiwiki/" "Mozilla/4.0 (compatible; MSIE 6.0; Windows NT 5.1; SV1; .NET CLR 1.1.4322)"
219.114.3.71 - - [24/Apr/2005:11:15:11 +0900] "GET /pukiwiki/image/reload.png HTTP/1.1" 200 1298 "http://l-lab.org/pukiwiki/" "Mozilla/4.0 (compatible; MSIE 6.0; Windows NT 5.1; SV1; .NET CLR 1.1.4322)"
219.114.3.71 - - [24/Apr/2005:11:15:11 +0900] "GET /pukiwiki/image/new.png HTTP/1.1" 200 796 "http://l-lab.org/pukiwiki/" "Mozilla/4.0 (compatible; MSIE 6.0; Windows NT 5.1; SV1; .NET CLR 1.1.4322)"
219.114.3.71 - - [24/Apr/2005:11:15:11 +0900] "GET /pukiwiki/image/edit.png HTTP/1.1" 200 1295 "http://l-lab.org/pukiwiki/" "Mozilla/4.0 (compatible; MSIE 6.0; Windows NT 5.1; SV1; .NET CLR 1.1.4322)"
219.114.3.71 - - [24/Apr/2005:11:15:11 +0900] "GET /pukiwiki/image/freeze.png HTTP/1.1" 200 352 "http://l-lab.org/pukiwiki/" "Mozilla/4.0 (compatible; MSIE 6.0; Windows NT 5.1; SV1; .NET CLR 1.1.4322)"
219.114.3.71 - - [24/Apr/2005:11:15:11 +0900] "GET /pukiwiki/image/diff.png HTTP/1.1" 200 507 "http://l-lab.org/pukiwiki/" "Mozilla/4.0 (compatible; MSIE 6.0; Windows NT 5.1; SV1; .NET CLR 1.1.4322)"
219.114.3.71 - - [24/Apr/2005:11:15:11 +0900] "GET /pukiwiki/image/file.png HTTP/1.1" 200 1280 "http://l-lab.org/pukiwiki/" "Mozilla/4.0 (compatible; MSIE 6.0; Windows NT 5.1; SV1; .NET CLR 1.1.4322)"
219.114.3.71 - - [24/Apr/2005:11:15:11 +0900] "GET /pukiwiki/image/copy.png HTTP/1.1" 200 490 "http://l-lab.org/pukiwiki/" "Mozilla/4.0 (compatible; MSIE 6.0; Windows NT 5.1; SV1; .NET CLR 1.1.4322)"
219.114.3.71 - - [24/Apr/2005:11:15:11 +0900] "GET /pukiwiki/image/rename.png HTTP/1.1" 200 339 "http://l-lab.org/pukiwiki/" "Mozilla/4.0 (compatible; MSIE 6.0; Windows NT 5.1; SV1; .NET CLR 1.1.4322)"
64.242.88.50 - - [24/Apr/2005:11:15:11 +0900] "GET /index.html HTTP/1.1" 200 3379 "-" "Mozilla/4.0 compatible ZyBorg/1.0 Dead Link Checker (wn.dlc@looksmart.net; http://www.WISEnutbot.com)"
219.114.3.71 - - [24/Apr/2005:11:15:11 +0900] "GET /pukiwiki/image/top.png HTTP/1.1" 200 1299 "http://l-lab.org/pukiwiki/" "Mozilla/4.0 (compatible; MSIE 6.0; Windows NT 5.1; SV1; .NET CLR 1.1.4322)"
219.114.3.71 - - [24/Apr/2005:11:15:11 +0900] "GET /pukiwiki/image/list.png HTTP/1.1" 200 1234 "http://l-lab.org/pukiwiki/" "Mozilla/4.0 (compatible; MSIE 6.0; Windows NT 5.1; SV1; .NET CLR 1.1.4322)"
219.114.3.71 - - [24/Apr/2005:11:15:11 +0900] "GET /pukiwiki/image/search.png HTTP/1.1" 200 1285 "http://l-lab.org/pukiwiki/" "Mozilla/4.0 (compatible; MSIE 6.0; Windows NT 5.1; SV1; .NET CLR 1.1.4322)"
219.114.3.71 - - [24/Apr/2005:11:15:11 +0900] "GET /pukiwiki/image/recentchanges.png HTTP/1.1" 200 1314 "http://l-lab.org/pukiwiki/" "Mozilla/4.0 (compatible; MSIE 6.0; Windows NT 5.1; SV1; .NET CLR 1.1.4322)"
219.114.3.71 - - [24/Apr/2005:11:15:11 +0900] "GET /pukiwiki/image/backup.png HTTP/1.1" 200 1261 "http://l-lab.org/pukiwiki/" "Mozilla/4.0 (compatible; MSIE 6.0; Windows NT 5.1; SV1; .NET CLR 1.1.4322)"
219.114.3.71 - - [24/Apr/2005:11:15:11 +0900] "GET /pukiwiki/image/help.png HTTP/1.1" 200 1274 "http://l-lab.org/pukiwiki/" "Mozilla/4.0 (compatible; MSIE 6.0; Windows NT 5.1; SV1; .NET CLR 1.1.4322)"
219.114.3.71 - - [24/Apr/2005:11:15:11 +0900] "GET /pukiwiki/image/rss.png HTTP/1.1" 200 1137 "http://l-lab.org/pukiwiki/" "Mozilla/4.0 (compatible; MSIE 6.0; Windows NT 5.1; SV1; .NET CLR 1.1.4322)"
219.114.3.71 - - [24/Apr/2005:11:15:25 +0900] "GET /pukiwiki/pukiwiki.php?%CF%BF%B2%BB%B8%EC%CF%BF HTTP/1.1" 200 15311 "http://l-lab.org/pukiwiki/" "Mozilla/4.0 (compatible; MSIE 6.0; Windows NT 5.1; SV1; .NET CLR 1.1.4322)"
219.114.3.71 - - [24/Apr/2005:11:15:51 +0900] "GET /pukiwiki/pukiwiki.php?%CF%BF%B2%BB%A4%CE%BD%C9%C2%EA HTTP/1.1" 200 12073 "http://l-lab.org/pukiwiki/pukiwiki.php?%CF%BF%B2%BB%B8%EC%CF%BF" "Mozilla/4.0 (compatible; MSIE 6.0; Windows NT 5.1; SV1; .NET CLR 1.1.4322)"
219.114.3.71 - - [24/Apr/2005:11:16:00 +0900] "GET /pukiwiki/pukiwiki.php?%CF%BF%B2%BB%A4%B3%A4%C8%A2%A1Rb.XJ8VXow%A4%CE%C0%B8%C2%A9%C8%C4 HTTP/1.1" 200 13751 "http://l-lab.org/pukiwiki/pukiwiki.php?%CF%BF%B2%BB%A4%CE%BD%C9%C2%EA" "Mozilla/4.0 (compatible; MSIE 6.0; Windows NT 5.1; SV1; .NET CLR 1.1.4322)"
207.46.98.65 - - [24/Apr/2005:11:39:45 +0900] "GET /cgi/imgbbs2/imgboard.html HTTP/1.0" 404 285 "-" "msnbot/1.0 (+http://search.msn.com/msnbot.htm)"
218.227.111.36 - - [24/Apr/2005:11:41:21 +0900] "GET /pukiwiki/ HTTP/1.1" 200 12873 "-" "Mozilla/4.0 (compatible; MSIE 6.0; Windows NT 5.1; .NET CLR 1.1.4322)"
218.227.111.36 - - [24/Apr/2005:11:41:22 +0900] "GET /pukiwiki/skin/default.ja.css HTTP/1.1" 200 7905 "http://l-lab.org/pukiwiki/" "Mozilla/4.0 (compatible; MSIE 6.0; Windows NT 5.1; .NET CLR 1.1.4322; Lunascape 1.4.1)"
218.227.111.36 - - [24/Apr/2005:11:41:22 +0900] "GET /pukiwiki/skin/print.ja.css HTTP/1.1" 200 665 "http://l-lab.org/pukiwiki/" "Mozilla/4.0 (compatible; MSIE 6.0; Windows NT 5.1; .NET CLR 1.1.4322; Lunascape 1.4.1)"
218.227.111.36 - - [24/Apr/2005:11:41:22 +0900] "GET /pukiwiki/skin/trackback.js HTTP/1.1" 200 269 "http://l-lab.org/pukiwiki/" "Mozilla/4.0 (compatible; MSIE 6.0; Windows NT 5.1; .NET CLR 1.1.4322; Lunascape 1.4.1)"
218.227.111.36 - - [24/Apr/2005:11:41:22 +0900] "GET /pukiwiki/image/pukiwiki.png HTTP/1.1" 200 4385 "http://l-lab.org/pukiwiki/" "Mozilla/4.0 (compatible; MSIE 6.0; Windows NT 5.1; .NET CLR 1.1.4322; Lunascape 1.4.1)"
218.227.111.36 - - [24/Apr/2005:11:41:22 +0900] "GET /pukiwiki/image/reload.png HTTP/1.1" 200 1298 "http://l-lab.org/pukiwiki/" "Mozilla/4.0 (compatible; MSIE 6.0; Windows NT 5.1; .NET CLR 1.1.4322; Lunascape 1.4.1)"
218.227.111.36 - - [24/Apr/2005:11:41:22 +0900] "GET /pukiwiki/image/edit.png HTTP/1.1" 200 1295 "http://l-lab.org/pukiwiki/" "Mozilla/4.0 (compatible; MSIE 6.0; Windows NT 5.1; .NET CLR 1.1.4322; Lunascape 1.4.1)"
218.227.111.36 - - [24/Apr/2005:11:41:22 +0900] "GET /pukiwiki/image/new.png HTTP/1.1" 200 796 "http://l-lab.org/pukiwiki/" "Mozilla/4.0 (compatible; MSIE 6.0; Windows NT 5.1; .NET CLR 1.1.4322; Lunascape 1.4.1)"
218.227.111.36 - - [24/Apr/2005:11:41:22 +0900] "GET /pukiwiki/image/diff.png HTTP/1.1" 200 507 "http://l-lab.org/pukiwiki/" "Mozilla/4.0 (compatible; MSIE 6.0; Windows NT 5.1; .NET CLR 1.1.4322; Lunascape 1.4.1)"
218.227.111.36 - - [24/Apr/2005:11:41:22 +0900] "GET /pukiwiki/image/freeze.png HTTP/1.1" 200 352 "http://l-lab.org/pukiwiki/" "Mozilla/4.0 (compatible; MSIE 6.0; Windows NT 5.1; .NET CLR 1.1.4322; Lunascape 1.4.1)"
218.227.111.36 - - [24/Apr/2005:11:41:25 +0900] "GET /pukiwiki/image/file.png HTTP/1.1" 200 1280 "http://l-lab.org/pukiwiki/" "Mozilla/4.0 (compatible; MSIE 6.0; Windows NT 5.1; .NET CLR 1.1.4322; Lunascape 1.4.1)"
218.227.111.36 - - [24/Apr/2005:11:41:25 +0900] "GET /pukiwiki/image/rename.png HTTP/1.1" 200 339 "http://l-lab.org/pukiwiki/" "Mozilla/4.0 (compatible; MSIE 6.0; Windows NT 5.1; .NET CLR 1.1.4322; Lunascape 1.4.1)"
218.227.111.36 - - [24/Apr/2005:11:41:31 +0900] "GET /pukiwiki/image/rss.png HTTP/1.1" 200 1137 "http://l-lab.org/pukiwiki/" "Mozilla/4.0 (compatible; MSIE 6.0; Windows NT 5.1; .NET CLR 1.1.4322; Lunascape 1.4.1)"
218.227.111.36 - - [24/Apr/2005:11:41:31 +0900] "GET /pukiwiki/image/help.png HTTP/1.1" 200 1274 "http://l-lab.org/pukiwiki/" "Mozilla/4.0 (compatible; MSIE 6.0; Windows NT 5.1; .NET CLR 1.1.4322; Lunascape 1.4.1)"
218.227.111.36 - - [24/Apr/2005:11:41:31 +0900] "GET /pukiwiki/image/recentchanges.png HTTP/1.1" 200 1314 "http://l-lab.org/pukiwiki/" "Mozilla/4.0 (compatible; MSIE 6.0; Windows NT 5.1; .NET CLR 1.1.4322; Lunascape 1.4.1)"
218.227.111.36 - - [24/Apr/2005:11:41:31 +0900] "GET /pukiwiki/image/backup.png HTTP/1.1" 200 1261 "http://l-lab.org/pukiwiki/" "Mozilla/4.0 (compatible; MSIE 6.0; Windows NT 5.1; .NET CLR 1.1.4322; Lunascape 1.4.1)"
218.227.111.36 - - [24/Apr/2005:11:41:48 +0900] "GET /pukiwiki/pukiwiki.php?%8E%C3%8E%DD%8E%CC%8E%DF%8E%DA HTTP/1.1" 200 73538 "http://l-lab.org/pukiwiki/" "Mozilla/4.0 (compatible; MSIE 6.0; Windows NT 5.1; .NET CLR 1.1.4322; Lunascape 1.4.1)"
218.227.111.36 - - [24/Apr/2005:11:41:49 +0900] "GET /pukiwiki/image/copy.png HTTP/1.1" 200 490 "http://l-lab.org/pukiwiki/pukiwiki.php?%8E%C3%8E%DD%8E%CC%8E%DF%8E%DA" "Mozilla/4.0 (compatible; MSIE 6.0; Windows NT 5.1; .NET CLR 1.1.4322; Lunascape 1.4.1)"
218.227.111.36 - - [24/Apr/2005:11:41:49 +0900] "GET /pukiwiki/image/top.png HTTP/1.1" 200 1299 "http://l-lab.org/pukiwiki/pukiwiki.php?%8E%C3%8E%DD%8E%CC%8E%DF%8E%DA" "Mozilla/4.0 (compatible; MSIE 6.0; Windows NT 5.1; .NET CLR 1.1.4322; Lunascape 1.4.1)"
218.227.111.36 - - [24/Apr/2005:11:41:49 +0900] "GET /pukiwiki/image/list.png HTTP/1.1" 200 1234 "http://l-lab.org/pukiwiki/pukiwiki.php?%8E%C3%8E%DD%8E%CC%8E%DF%8E%DA" "Mozilla/4.0 (compatible; MSIE 6.0; Windows NT 5.1; .NET CLR 1.1.4322; Lunascape 1.4.1)"
218.227.111.36 - - [24/Apr/2005:11:41:49 +0900] "GET /pukiwiki/image/search.png HTTP/1.1" 200 1285 "http://l-lab.org/pukiwiki/pukiwiki.php?%8E%C3%8E%DD%8E%CC%8E%DF%8E%DA" "Mozilla/4.0 (compatible; MSIE 6.0; Windows NT 5.1; .NET CLR 1.1.4322; Lunascape 1.4.1)"
207.46.98.65 - - [24/Apr/2005:11:43:24 +0900] "GET /prog/test HTTP/1.0" 200 12624 "-" "msnbot/1.0 (+http://search.msn.com/msnbot.htm)"
207.46.98.65 - - [24/Apr/2005:11:47:50 +0900] "GET /prog/output.log HTTP/1.0" 200 30 "-" "msnbot/1.0 (+http://search.msn.com/msnbot.htm)"
207.46.98.65 - - [24/Apr/2005:11:49:29 +0900] "GET /prog/?N=A HTTP/1.0" 200 1380 "-" "msnbot/1.0 (+http://search.msn.com/msnbot.htm)"
221.186.146.26 - - [24/Apr/2005:11:52:14 +0900] "HEAD / HTTP/1.1" 200 0 "-" "Hatena Antenna/0.4 (http://a.hatena.ne.jp/help)"
221.186.146.26 - - [24/Apr/2005:11:52:15 +0900] "GET / HTTP/1.1" 200 14567 "-" "Hatena Antenna/0.4 (http://a.hatena.ne.jp/help)"
207.46.98.126 - - [24/Apr/2005:11:53:24 +0900] "GET /pukiwiki.php?cmd=rss10 HTTP/1.0" 200 5128 "-" "msnbot/1.0 (+http://search.msn.com/msnbot.htm)"
207.46.98.65 - - [24/Apr/2005:12:05:45 +0900] "GET /prog/output2.log HTTP/1.0" 200 30 "-" "msnbot/1.0 (+http://search.msn.com/msnbot.htm)"
207.46.98.65 - - [24/Apr/2005:12:08:49 +0900] "GET /pukiwiki/pukiwiki.php?cmd=rss10 HTTP/1.0" 200 9365 "-" "msnbot/1.0 (+http://search.msn.com/msnbot.htm)"
68.142.251.75 - - [24/Apr/2005:12:13:35 +0900] "GET /robots.txt HTTP/1.0" 200 0 "-" "Mozilla/5.0 (compatible; Yahoo! Slurp; http://help.yahoo.com/help/us/ysearch/slurp)"
68.142.250.156 - - [24/Apr/2005:12:13:39 +0900] "GET /pukiwiki.php?%C0%B0%B7%C1%A5%EB%A1%BC%A5%EB HTTP/1.0" 200 57590 "-" "Mozilla/5.0 (compatible; Yahoo! Slurp; http://help.yahoo.com/help/us/ysearch/slurp)"
207.46.98.65 - - [24/Apr/2005:12:16:32 +0900] "GET /prog/test.c HTTP/1.0" 200 1173 "-" "msnbot/1.0 (+http://search.msn.com/msnbot.htm)"
207.46.98.65 - - [24/Apr/2005:12:17:44 +0900] "GET /skin/default.ja.css HTTP/1.0" 404 279 "-" "msnbot/1.0 (+http://search.msn.com/msnbot.htm)"
66.249.64.4 - - [24/Apr/2005:12:18:52 +0900] "GET /robots.txt HTTP/1.0" 200 0 "-" "Googlebot/2.1 (+http://www.google.com/bot.html)"
66.249.64.4 - - [24/Apr/2005:12:18:52 +0900] "GET / HTTP/1.0" 200 3379 "-" "Googlebot/2.1 (+http://www.google.com/bot.html)"
207.46.98.65 - - [24/Apr/2005:12:27:31 +0900] "GET /3gp/MATRIX HTTP/1.0" 404 270 "-" "msnbot/1.0 (+http://search.msn.com/msnbot.htm)"
207.46.98.65 - - [24/Apr/2005:12:27:44 +0900] "GET /skin/print.ja.css HTTP/1.0" 404 277 "-" "msnbot/1.0 (+http://search.msn.com/msnbot.htm)"
207.46.98.65 - - [24/Apr/2005:12:36:35 +0900] "GET /cgi/imgbbs2/img4.html HTTP/1.0" 404 281 "-" "msnbot/1.0 (+http://search.msn.com/msnbot.htm)"
207.46.98.126 - - [24/Apr/2005:12:38:12 +0900] "GET /pukiwiki.php?%CD%BD%C4%EA%C9%BD%2F2005-01-18 HTTP/1.0" 200 10900 "-" "msnbot/1.0 (+http://search.msn.com/msnbot.htm)"
207.46.98.65 - - [24/Apr/2005:12:40:30 +0900] "GET /prog/?N=D HTTP/1.0" 200 1380 "-" "msnbot/1.0 (+http://search.msn.com/msnbot.htm)"
207.46.98.65 - - [24/Apr/2005:12:42:03 +0900] "GET /cgi/imgbbs2/img2.html HTTP/1.0" 404 281 "-" "msnbot/1.0 (+http://search.msn.com/msnbot.htm)"
207.46.98.126 - - [24/Apr/2005:12:42:50 +0900] "GET /pukiwiki.php?Memo HTTP/1.0" 200 17693 "-" "msnbot/1.0 (+http://search.msn.com/msnbot.htm)"
207.46.98.126 - - [24/Apr/2005:12:44:10 +0900] "GET /pukiwiki.php?%CD%BD%C4%EA%C9%BD%2F2005-01-17 HTTP/1.0" 200 10985 "-" "msnbot/1.0 (+http://search.msn.com/msnbot.htm)"
207.46.98.126 - - [24/Apr/2005:12:45:04 +0900] "GET /pukiwiki.php?kunitachi HTTP/1.0" 200 10511 "-" "msnbot/1.0 (+http://search.msn.com/msnbot.htm)"
66.249.64.13 - - [24/Apr/2005:12:50:35 +0900] "GET /robots.txt HTTP/1.0" 200 0 "-" "Googlebot/2.1 (+http://www.google.com/bot.html)"
66.249.64.13 - - [24/Apr/2005:12:50:36 +0900] "GET / HTTP/1.0" 200 14527 "-" "Googlebot/2.1 (+http://www.google.com/bot.html)"
207.46.98.126 - - [24/Apr/2005:12:52:54 +0900] "GET /pukiwiki.php?Link HTTP/1.0" 200 12472 "-" "msnbot/1.0 (+http://search.msn.com/msnbot.htm)"
207.46.98.126 - - [24/Apr/2005:12:56:05 +0900] "GET /pukiwiki.php?%A3%CC HTTP/1.0" 200 10906 "-" "msnbot/1.0 (+http://search.msn.com/msnbot.htm)"
207.46.98.126 - - [24/Apr/2005:12:56:51 +0900] "GET /pukiwiki.php?MenuBar HTTP/1.0" 200 15820 "-" "msnbot/1.0 (+http://search.msn.com/msnbot.htm)"
207.46.98.65 - - [24/Apr/2005:12:56:57 +0900] "GET /pukiwiki.php HTTP/1.0" 404 272 "-" "msnbot/1.0 (+http://search.msn.com/msnbot.htm)"
207.46.98.126 - - [24/Apr/2005:12:57:14 +0900] "GET /pukiwiki.php?%CD%BD%C4%EA%C9%BD%2F2004-11-01 HTTP/1.0" 200 11085 "-" "msnbot/1.0 (+http://search.msn.com/msnbot.htm)"
207.46.98.65 - - [24/Apr/2005:12:58:10 +0900] "GET /pukiwiki/skin/print.ja.css HTTP/1.0" 200 665 "-" "msnbot/1.0 (+http://search.msn.com/msnbot.htm)"
207.46.98.126 - - [24/Apr/2005:12:58:13 +0900] "GET /pukiwiki.php?%CD%BD%C4%EA%C9%BD%2F2004-08-14 HTTP/1.0" 200 10936 "-" "msnbot/1.0 (+http://search.msn.com/msnbot.htm)"
207.46.98.65 - - [24/Apr/2005:13:00:27 +0900] "GET /cgi/imgbbs2/img3.html HTTP/1.0" 404 281 "-" "msnbot/1.0 (+http://search.msn.com/msnbot.htm)"
207.46.98.65 - - [24/Apr/2005:13:00:39 +0900] "GET /cgi/imgbbs2/img5.html HTTP/1.0" 404 281 "-" "msnbot/1.0 (+http://search.msn.com/msnbot.htm)"
207.46.98.65 - - [24/Apr/2005:13:00:47 +0900] "GET /site.css HTTP/1.0" 200 2606 "-" "msnbot/1.0 (+http://search.msn.com/msnbot.htm)"
219.37.248.2 - - [24/Apr/2005:13:04:22 +0900] "GET /cgi/imgbbs/imgboard.html HTTP/1.1" 200 8856 "http://images.google.co.jp/imgres?imgurl=http://l-lab.org/cgi/imgbbs/src/1055022030.jpg&imgrefurl=http://l-lab.org/cgi/imgbbs/imgboard.html&h=480&w=640&sz=65&tbnid=bpnRoDN3l_oJ:&tbnh=101&tbnw=135&start=57&prev=/images%3Fq%3D%25E3%2583%25AD%25E3%2583%25AA%26start%3D40%26hl%3Dja%26lr%3D%26ie%3DUTF-8%26inlang%3Dja%26sa%3DN" "Mozilla/5.0 (compatible; Konqueror/3.3; Linux 2.4.27; X11) (KHTML, like Gecko)"
219.37.248.2 - - [24/Apr/2005:13:04:46 +0900] "GET /cgi/imgbbs/thumb/1055022030s.jpg HTTP/1.1" 200 17045 "http://l-lab.org/cgi/imgbbs/imgboard.html" "Mozilla/5.0 (compatible; Konqueror/3.3; Linux 2.4.27; X11) (KHTML, like Gecko)"
219.37.248.2 - - [24/Apr/2005:13:04:47 +0900] "GET /cgi/imgbbs/thumb/1073641855s.jpg HTTP/1.1" 200 19771 "http://l-lab.org/cgi/imgbbs/imgboard.html" "Mozilla/5.0 (compatible; Konqueror/3.3; Linux 2.4.27; X11) (KHTML, like Gecko)"
66.249.71.15 - - [24/Apr/2005:13:07:35 +0900] "GET / HTTP/1.0" 200 14527 "-" "Googlebot/2.1 (+http://www.google.com/bot.html)"
207.46.98.65 - - [24/Apr/2005:13:07:48 +0900] "GET /pukiwiki/skin/default.ja.css HTTP/1.0" 200 7905 "-" "msnbot/1.0 (+http://search.msn.com/msnbot.htm)"
207.46.98.126 - - [24/Apr/2005:13:11:32 +0900] "GET /pukiwiki.php?NMUG%20FrontPage HTTP/1.0" 200 14527 "-" "msnbot/1.0 (+http://search.msn.com/msnbot.htm)"
207.46.98.126 - - [24/Apr/2005:13:15:47 +0900] "GET /pukiwiki.php?%CD%BD%C4%EA%C9%BD HTTP/1.0" 200 19534 "-" "msnbot/1.0 (+http://search.msn.com/msnbot.htm)"
66.196.90.37 - - [24/Apr/2005:13:15:51 +0900] "GET /robots.txt HTTP/1.0" 200 0 "-" "Mozilla/5.0 (compatible; Yahoo! Slurp; http://help.yahoo.com/help/us/ysearch/slurp)"
66.196.90.177 - - [24/Apr/2005:13:15:51 +0900] "GET /cgi/imgbbs/res/res146.html HTTP/1.0" 200 3277 "-" "Mozilla/5.0 (compatible; Yahoo! Slurp; http://help.yahoo.com/help/us/ysearch/slurp)"
207.46.98.126 - - [24/Apr/2005:13:17:41 +0900] "GET /pukiwiki.php?%A5%E1%A5%F3%A5%D0%A1%BC%A5%EA%A5%B9%A5%C8 HTTP/1.0" 200 11962 "-" "msnbot/1.0 (+http://search.msn.com/msnbot.htm)"
64.242.88.50 - - [24/Apr/2005:13:19:00 +0900] "GET /pukiwiki.php?cmd=freeze&page=NMUG%20FrontPage HTTP/1.1" 200 6052 "-" "Mozilla/4.0 compatible ZyBorg/1.0 Dead Link Checker (wn.dlc@looksmart.net; http://www.WISEnutbot.com)"
207.46.98.126 - - [24/Apr/2005:13:19:03 +0900] "GET /pukiwiki.php?%CD%BD%C4%EA%C9%BD%2F2004-08-15 HTTP/1.0" 200 10936 "-" "msnbot/1.0 (+http://search.msn.com/msnbot.htm)"
207.46.98.126 - - [24/Apr/2005:13:20:14 +0900] "GET /pukiwiki.php?%CD%BD%C4%EA%C9%BD%2F2004-07-19 HTTP/1.0" 200 10922 "-" "msnbot/1.0 (+http://search.msn.com/msnbot.htm)"
66.249.64.6 - - [24/Apr/2005:13:20:53 +0900] "GET /robots.txt HTTP/1.0" 200 0 "-" "Googlebot/2.1 (+http://www.google.com/bot.html)"
66.249.64.6 - - [24/Apr/2005:13:20:55 +0900] "GET / HTTP/1.0" 200 14528 "-" "Googlebot/2.1 (+http://www.google.com/bot.html)"
207.46.98.126 - - [24/Apr/2005:13:21:06 +0900] "GET /pukiwiki.php?%A5%C4%A1%BC%A5%EA%A5%F3%A5%B0%A5%B9%A5%DD%A5%C3%A5%C8 HTTP/1.0" 200 11597 "-" "msnbot/1.0 (+http://search.msn.com/msnbot.htm)"
220.220.207.118 - - [24/Apr/2005:13:23:37 +0900] "GET /pukiwiki/ HTTP/1.1" 200 12873 "http://pc8.2ch.net/pc/" "Mozilla/5.0 (Windows; U; Windows NT 5.1; ja-JP; rv:1.7.6) Gecko/20050311 Firefox/1.0.1"
220.220.207.118 - - [24/Apr/2005:13:23:37 +0900] "GET /pukiwiki/skin/default.ja.css HTTP/1.1" 200 7905 "http://l-lab.org/pukiwiki/" "Mozilla/5.0 (Windows; U; Windows NT 5.1; ja-JP; rv:1.7.6) Gecko/20050311 Firefox/1.0.1"
220.220.207.118 - - [24/Apr/2005:13:23:37 +0900] "GET /pukiwiki/skin/print.ja.css HTTP/1.1" 200 665 "http://l-lab.org/pukiwiki/" "Mozilla/5.0 (Windows; U; Windows NT 5.1; ja-JP; rv:1.7.6) Gecko/20050311 Firefox/1.0.1"
220.220.207.118 - - [24/Apr/2005:13:23:37 +0900] "GET /pukiwiki/skin/trackback.js HTTP/1.1" 200 269 "http://l-lab.org/pukiwiki/" "Mozilla/5.0 (Windows; U; Windows NT 5.1; ja-JP; rv:1.7.6) Gecko/20050311 Firefox/1.0.1"
220.220.207.118 - - [24/Apr/2005:13:23:37 +0900] "GET /pukiwiki/image/pukiwiki.png HTTP/1.1" 200 4385 "http://l-lab.org/pukiwiki/" "Mozilla/5.0 (Windows; U; Windows NT 5.1; ja-JP; rv:1.7.6) Gecko/20050311 Firefox/1.0.1"
220.220.207.118 - - [24/Apr/2005:13:23:37 +0900] "GET /pukiwiki/image/reload.png HTTP/1.1" 200 1298 "http://l-lab.org/pukiwiki/" "Mozilla/5.0 (Windows; U; Windows NT 5.1; ja-JP; rv:1.7.6) Gecko/20050311 Firefox/1.0.1"
220.220.207.118 - - [24/Apr/2005:13:23:38 +0900] "GET /pukiwiki/image/new.png HTTP/1.1" 200 796 "http://l-lab.org/pukiwiki/" "Mozilla/5.0 (Windows; U; Windows NT 5.1; ja-JP; rv:1.7.6) Gecko/20050311 Firefox/1.0.1"
220.220.207.118 - - [24/Apr/2005:13:23:38 +0900] "GET /pukiwiki/image/edit.png HTTP/1.1" 200 1295 "http://l-lab.org/pukiwiki/" "Mozilla/5.0 (Windows; U; Windows NT 5.1; ja-JP; rv:1.7.6) Gecko/20050311 Firefox/1.0.1"
220.220.207.118 - - [24/Apr/2005:13:23:38 +0900] "GET /pukiwiki/image/freeze.png HTTP/1.1" 200 352 "http://l-lab.org/pukiwiki/" "Mozilla/5.0 (Windows; U; Windows NT 5.1; ja-JP; rv:1.7.6) Gecko/20050311 Firefox/1.0.1"
220.220.207.118 - - [24/Apr/2005:13:23:38 +0900] "GET /pukiwiki/image/diff.png HTTP/1.1" 200 507 "http://l-lab.org/pukiwiki/" "Mozilla/5.0 (Windows; U; Windows NT 5.1; ja-JP; rv:1.7.6) Gecko/20050311 Firefox/1.0.1"
220.220.207.118 - - [24/Apr/2005:13:23:38 +0900] "GET /pukiwiki/image/file.png HTTP/1.1" 200 1280 "http://l-lab.org/pukiwiki/" "Mozilla/5.0 (Windows; U; Windows NT 5.1; ja-JP; rv:1.7.6) Gecko/20050311 Firefox/1.0.1"
220.220.207.118 - - [24/Apr/2005:13:23:38 +0900] "GET /pukiwiki/image/copy.png HTTP/1.1" 200 490 "http://l-lab.org/pukiwiki/" "Mozilla/5.0 (Windows; U; Windows NT 5.1; ja-JP; rv:1.7.6) Gecko/20050311 Firefox/1.0.1"
