207.46.98.66 - - [26/Apr/2005:22:40:36 +0900] "GET /pukiwiki/pukiwiki.php?plugin=rename&refer=SandBox HTTP/1.0" 200 4334 "-" "msnbot/1.0 (+http://search.msn.com/msnbot.htm)"
207.46.98.66 - - [26/Apr/2005:22:41:20 +0900] "GET /pukiwiki/pukiwiki.php?plugin=attach&pcmd=upload&page=PukiWiki%2F1.4%2F%A5%DE%A5%CB%A5%E5%A5%A2%A5%EB%2F%A5%D7%A5%E9%A5%B0%A5%A4%A5%F3%2Fm HTTP/1.0" 200 7938 "-" "msnbot/1.0 (+http://search.msn.com/msnbot.htm)"
64.140.49.66 - - [26/Apr/2005:22:41:24 +0900] "GET /cgi/imgbbs2/imgbbs.cgi?mode=admin HTTP/1.0" 404 282 "-" "TurnitinBot/2.0 http://www.turnitin.com/robot/crawlerinfo.html"
207.46.98.66 - - [26/Apr/2005:22:41:26 +0900] "GET /pukiwiki/pukiwiki.php?plugin=attach&pcmd=upload&page=PukiWiki%2F1.4%2F%A5%DE%A5%CB%A5%E5%A5%A2%A5%EB%2F%A5%D7%A5%E9%A5%B0%A5%A4%A5%F3%2Fn HTTP/1.0" 200 7938 "-" "msnbot/1.0 (+http://search.msn.com/msnbot.htm)"
207.46.98.66 - - [26/Apr/2005:22:42:10 +0900] "GET /pukiwiki/pukiwiki.php?cmd=edit&page=JavaScript&refer=PukiWiki%2F1.4%2F%A5%DE%A5%CB%A5%E5%A5%A2%A5%EB%2F%A5%D7%A5%E9%A5%B0%A5%A4%A5%F3%2Fb HTTP/1.0" 200 10368 "-" "msnbot/1.0 (+http://search.msn.com/msnbot.htm)"
207.46.98.66 - - [26/Apr/2005:22:42:17 +0900] "GET /pukiwiki/pukiwiki.php?plugin=attach&pcmd=upload&page=InterWiki HTTP/1.0" 200 6582 "-" "msnbot/1.0 (+http://search.msn.com/msnbot.htm)"
195.93.102.2 - - [26/Apr/2005:22:42:18 +0900] "GET /cgi/imgbbs2/imgboard.html HTTP/1.0" 404 285 "http://www.google.fr/search?q=imgboard&hl=fr&lr=&ie=UTF-8&start=160&sa=N" "Mozilla/4.0 (compatible; MSIE 6.0; AOL 9.0; Windows 98)"
64.140.49.66 - - [26/Apr/2005:22:43:01 +0900] "GET /cgi/imgbbs2/res/res43.html HTTP/1.0" 404 286 "-" "TurnitinBot/2.0 http://www.turnitin.com/robot/crawlerinfo.html"
64.140.49.66 - - [26/Apr/2005:22:44:27 +0900] "GET /cgi/imgbbs2/res/res45.html HTTP/1.0" 404 286 "-" "TurnitinBot/2.0 http://www.turnitin.com/robot/crawlerinfo.html"
64.140.49.66 - - [26/Apr/2005:22:45:55 +0900] "GET /cgi/imgbbs2/res/res46.html HTTP/1.0" 404 286 "-" "TurnitinBot/2.0 http://www.turnitin.com/robot/crawlerinfo.html"
64.140.49.66 - - [26/Apr/2005:22:47:39 +0900] "GET /cgi/imgbbs2/res/res53.html HTTP/1.0" 404 286 "-" "TurnitinBot/2.0 http://www.turnitin.com/robot/crawlerinfo.html"
64.140.49.66 - - [26/Apr/2005:22:49:08 +0900] "GET /mrtg/casper_cpu1.html HTTP/1.0" 200 7972 "-" "TurnitinBot/2.0 http://www.turnitin.com/robot/crawlerinfo.html"
207.46.98.66 - - [26/Apr/2005:22:49:16 +0900] "GET /pukiwiki/pukiwiki.php?plugin=attach&pcmd=upload&page=%CF%BF%B2%BB%A4%C8%A4%E2%A4%C3%A4%B5%A4%EA%A5%DE%A1%BC%A5%AF HTTP/1.0" 200 7482 "-" "msnbot/1.0 (+http://search.msn.com/msnbot.htm)"
207.68.146.56 - - [26/Apr/2005:22:49:43 +0900] "GET /robots.txt HTTP/1.0" 200 0 "-" "msnbot/1.0 (+http://search.msn.com/msnbot.htm)"
207.68.146.56 - - [26/Apr/2005:22:49:44 +0900] "GET /pukiwiki.php?cmd=edit&page=NMUG%20FrontPage HTTP/1.0" 200 13691 "-" "msnbot/1.0 (+http://search.msn.com/msnbot.htm)"
207.46.98.66 - - [26/Apr/2005:22:50:18 +0900] "GET /pukiwiki/pukiwiki.php?cmd=freeze&page=%CF%BF%B2%BB%A4%C8%A4%E2%A4%C3%A4%B5%A4%EA%A5%DE%A1%BC%A5%AF HTTP/1.0" 200 6952 "-" "msnbot/1.0 (+http://search.msn.com/msnbot.htm)"
64.140.49.66 - - [26/Apr/2005:22:50:41 +0900] "GET /mrtg/casper_eth0.html HTTP/1.0" 200 8331 "-" "TurnitinBot/2.0 http://www.turnitin.com/robot/crawlerinfo.html"
64.140.49.66 - - [26/Apr/2005:22:52:06 +0900] "GET /mrtg/casper_mem.html HTTP/1.0" 200 8403 "-" "TurnitinBot/2.0 http://www.turnitin.com/robot/crawlerinfo.html"
207.46.98.66 - - [26/Apr/2005:22:52:14 +0900] "GET /pukiwiki/pukiwiki.php?cmd=edit&page=%CF%BF%B2%BB%A4%C8%A4%E2%A4%C3%A4%B5%A4%EA%A5%DE%A1%BC%A5%AF HTTP/1.0" 200 18896 "-" "msnbot/1.0 (+http://search.msn.com/msnbot.htm)"
207.46.98.66 - - [26/Apr/2005:22:52:25 +0900] "GET /pukiwiki/pukiwiki.php?PHP HTTP/1.0" 200 11440 "-" "msnbot/1.0 (+http://search.msn.com/msnbot.htm)"
64.140.49.66 - - [26/Apr/2005:22:53:33 +0900] "GET /mrtg/melchior_eth0.html HTTP/1.0" 200 8651 "-" "TurnitinBot/2.0 http://www.turnitin.com/robot/crawlerinfo.html"
207.46.98.66 - - [26/Apr/2005:22:53:54 +0900] "GET /pukiwiki/pukiwiki.php?cmd=edit&page=%8E%C3%8E%DD%8E%CC%8E%DF%8E%DA HTTP/1.0" 200 104798 "-" "msnbot/1.0 (+http://search.msn.com/msnbot.htm)"
207.46.98.66 - - [26/Apr/2005:22:54:05 +0900] "GET /pukiwiki/pukiwiki.php?plugin=rename&refer=PukiWiki%2F1.4%2F%A5%DE%A5%CB%A5%E5%A5%A2%A5%EB%2F%A5%D7%A5%E9%A5%B0%A5%A4%A5%F3%2Fv HTTP/1.0" 200 4527 "-" "msnbot/1.0 (+http://search.msn.com/msnbot.htm)"
64.140.49.66 - - [26/Apr/2005:22:55:21 +0900] "GET /mrtg/melchior_eth1.html HTTP/1.0" 200 8714 "-" "TurnitinBot/2.0 http://www.turnitin.com/robot/crawlerinfo.html"
64.140.49.66 - - [26/Apr/2005:22:56:51 +0900] "GET /mrtg/melchior_load.html HTTP/1.0" 200 8186 "-" "TurnitinBot/2.0 http://www.turnitin.com/robot/crawlerinfo.html"
64.140.49.66 - - [26/Apr/2005:22:58:29 +0900] "GET /webalizer/usage_200403.html HTTP/1.0" 200 129686 "-" "TurnitinBot/2.0 http://www.turnitin.com/robot/crawlerinfo.html"
64.140.49.66 - - [26/Apr/2005:22:59:51 +0900] "GET /webalizer/usage_200404.html HTTP/1.0" 200 128947 "-" "TurnitinBot/2.0 http://www.turnitin.com/robot/crawlerinfo.html"
64.140.49.66 - - [26/Apr/2005:23:01:16 +0900] "GET /webalizer/usage_200405.html HTTP/1.0" 200 129972 "-" "TurnitinBot/2.0 http://www.turnitin.com/robot/crawlerinfo.html"
66.194.6.72 - - [26/Apr/2005:23:01:17 +0900] "GET / HTTP/1.1" 200 14570 "-" "Mozilla/4.0 (compatible; MSIE 6.0; Windows NT 5.1; Q312460)"
220.59.208.177 - - [26/Apr/2005:23:02:05 +0900] "GET /cgi/imgbbs/imgboard.html HTTP/1.1" 304 - "-" "Mozilla/4.0 (compatible; MSIE 6.0; Windows 98)"
220.59.208.177 - - [26/Apr/2005:23:02:06 +0900] "GET /cgi/imgbbs/thumb/1055022030s.jpg HTTP/1.1" 304 - "http://l-lab.org/cgi/imgbbs/imgboard.html" "Mozilla/4.0 (compatible; MSIE 6.0; Windows 98)"
220.59.208.177 - - [26/Apr/2005:23:02:06 +0900] "GET /cgi/imgbbs/thumb/1073641855s.jpg HTTP/1.1" 304 - "http://l-lab.org/cgi/imgbbs/imgboard.html" "Mozilla/4.0 (compatible; MSIE 6.0; Windows 98)"
64.140.49.66 - - [26/Apr/2005:23:02:51 +0900] "GET /webalizer/usage_200406.html HTTP/1.0" 200 129638 "-" "TurnitinBot/2.0 http://www.turnitin.com/robot/crawlerinfo.html"
207.68.146.55 - - [26/Apr/2005:23:03:19 +0900] "GET /cgi/imgbbs/res/res108.html HTTP/1.0" 200 4356 "-" "msnbot/1.0 (+http://search.msn.com/msnbot.htm)"
64.140.49.66 - - [26/Apr/2005:23:04:26 +0900] "GET /webalizer/usage_200407.html HTTP/1.0" 200 130052 "-" "TurnitinBot/2.0 http://www.turnitin.com/robot/crawlerinfo.html"
64.140.49.66 - - [26/Apr/2005:23:06:04 +0900] "GET /webalizer/usage_200408.html HTTP/1.0" 200 129955 "-" "TurnitinBot/2.0 http://www.turnitin.com/robot/crawlerinfo.html"
64.140.49.66 - - [26/Apr/2005:23:07:33 +0900] "GET /webalizer/usage_200409.html HTTP/1.0" 200 129652 "-" "TurnitinBot/2.0 http://www.turnitin.com/robot/crawlerinfo.html"
64.140.49.66 - - [26/Apr/2005:23:09:06 +0900] "GET /webalizer/usage_200410.html HTTP/1.0" 200 130035 "-" "TurnitinBot/2.0 http://www.turnitin.com/robot/crawlerinfo.html"
64.140.49.66 - - [26/Apr/2005:23:11:03 +0900] "GET /webalizer/usage_200411.html HTTP/1.0" 200 129461 "-" "TurnitinBot/2.0 http://www.turnitin.com/robot/crawlerinfo.html"
81.57.78.113 - - [26/Apr/2005:23:11:52 +0900] "GET /cgi/imgbbs/imgboard.html HTTP/1.1" 200 8856 "http://www.google.fr/search?num=100&hl=fr&as_qdr=all&q=age+imgboard&meta=lr%3Dlang_ja" "Mozilla/4.0 (compatible; MSIE 6.0; Windows NT 5.1; SV1; .NET CLR 1.1.4322)"
81.57.78.113 - - [26/Apr/2005:23:11:54 +0900] "GET /cgi/imgbbs/thumb/1055022030s.jpg HTTP/1.1" 200 17045 "http://l-lab.org/cgi/imgbbs/imgboard.html" "Mozilla/4.0 (compatible; MSIE 6.0; Windows NT 5.1; SV1; .NET CLR 1.1.4322)"
81.57.78.113 - - [26/Apr/2005:23:11:55 +0900] "GET /cgi/imgbbs/thumb/1073641855s.jpg HTTP/1.1" 200 19771 "http://l-lab.org/cgi/imgbbs/imgboard.html" "Mozilla/4.0 (compatible; MSIE 6.0; Windows NT 5.1; SV1; .NET CLR 1.1.4322)"
81.57.78.113 - - [26/Apr/2005:23:12:04 +0900] "GET /cgi/imgbbs/img2.html HTTP/1.1" 200 8356 "http://l-lab.org/cgi/imgbbs/imgboard.html" "Mozilla/4.0 (compatible; MSIE 6.0; Windows NT 5.1; SV1; .NET CLR 1.1.4322)"
81.57.78.113 - - [26/Apr/2005:23:12:05 +0900] "GET /cgi/imgbbs/thumb/1064932685s.jpg HTTP/1.1" 200 5769 "http://l-lab.org/cgi/imgbbs/img2.html" "Mozilla/4.0 (compatible; MSIE 6.0; Windows NT 5.1; SV1; .NET CLR 1.1.4322)"
81.57.78.113 - - [26/Apr/2005:23:12:06 +0900] "GET /cgi/imgbbs/thumb/1071520286s.jpg HTTP/1.1" 200 14815 "http://l-lab.org/cgi/imgbbs/img2.html" "Mozilla/4.0 (compatible; MSIE 6.0; Windows NT 5.1; SV1; .NET CLR 1.1.4322)"
81.57.78.113 - - [26/Apr/2005:23:12:06 +0900] "GET /cgi/imgbbs/src/1067961568.jpg HTTP/1.1" 200 5260 "http://l-lab.org/cgi/imgbbs/img2.html" "Mozilla/4.0 (compatible; MSIE 6.0; Windows NT 5.1; SV1; .NET CLR 1.1.4322)"
81.57.78.113 - - [26/Apr/2005:23:12:06 +0900] "GET /cgi/imgbbs/thumb/1066841667s.jpg HTTP/1.1" 200 12632 "http://l-lab.org/cgi/imgbbs/img2.html" "Mozilla/4.0 (compatible; MSIE 6.0; Windows NT 5.1; SV1; .NET CLR 1.1.4322)"
81.57.78.113 - - [26/Apr/2005:23:12:06 +0900] "GET /cgi/imgbbs/thumb/1065719293s.jpg HTTP/1.1" 200 12349 "http://l-lab.org/cgi/imgbbs/img2.html" "Mozilla/4.0 (compatible; MSIE 6.0; Windows NT 5.1; SV1; .NET CLR 1.1.4322)"
64.140.49.66 - - [26/Apr/2005:23:12:30 +0900] "GET /webalizer/usage_200412.html HTTP/1.0" 200 125555 "-" "TurnitinBot/2.0 http://www.turnitin.com/robot/crawlerinfo.html"
64.140.49.66 - - [26/Apr/2005:23:13:59 +0900] "GET /webalizer/usage_200501.html HTTP/1.0" 200 129937 "-" "TurnitinBot/2.0 http://www.turnitin.com/robot/crawlerinfo.html"
64.140.49.66 - - [26/Apr/2005:23:15:36 +0900] "GET /webalizer/usage_200502.html HTTP/1.0" 200 127588 "-" "TurnitinBot/2.0 http://www.turnitin.com/robot/crawlerinfo.html"
64.140.49.66 - - [26/Apr/2005:23:16:58 +0900] "GET /cgi/pukiwiki/ HTTP/1.0" 404 273 "-" "TurnitinBot/2.0 http://www.turnitin.com/robot/crawlerinfo.html"
64.140.49.66 - - [26/Apr/2005:23:18:45 +0900] "GET /cgi/pukiwiki/pukiwiki.php HTTP/1.0" 404 285 "-" "TurnitinBot/2.0 http://www.turnitin.com/robot/crawlerinfo.html"
64.140.49.66 - - [26/Apr/2005:23:20:15 +0900] "GET /cgi/imgbbs/res/res187.html HTTP/1.0" 200 4823 "-" "TurnitinBot/2.0 http://www.turnitin.com/robot/crawlerinfo.html"
81.211.190.180 - - [26/Apr/2005:23:20:18 +0900] "GET /cgi/imgbbs/imgboard.html HTTP/1.1" 200 8856 "http://www.google.it/search?q=imgboard&hl=it&lr=&start=40&sa=N" "Mozilla/4.0 (compatible; MSIE 6.0; Windows NT 5.1; SV1)"
81.211.190.180 - - [26/Apr/2005:23:20:21 +0900] "GET /cgi/imgbbs/thumb/1055022030s.jpg HTTP/1.1" 200 17045 "http://l-lab.org/cgi/imgbbs/imgboard.html" "Mozilla/4.0 (compatible; MSIE 6.0; Windows NT 5.1; SV1)"
81.211.190.180 - - [26/Apr/2005:23:20:25 +0900] "GET /cgi/imgbbs/thumb/1073641855s.jpg HTTP/1.1" 200 19771 "http://l-lab.org/cgi/imgbbs/imgboard.html" "Mozilla/4.0 (compatible; MSIE 6.0; Windows NT 5.1; SV1)"
81.211.190.180 - - [26/Apr/2005:23:20:31 +0900] "GET /cgi/imgbbs/img2.html HTTP/1.1" 200 8356 "http://l-lab.org/cgi/imgbbs/imgboard.html" "Mozilla/4.0 (compatible; MSIE 6.0; Windows NT 5.1; SV1)"
81.211.190.180 - - [26/Apr/2005:23:20:32 +0900] "GET /cgi/imgbbs/thumb/1071520286s.jpg HTTP/1.1" 200 14815 "http://l-lab.org/cgi/imgbbs/img2.html" "Mozilla/4.0 (compatible; MSIE 6.0; Windows NT 5.1; SV1)"
81.211.190.180 - - [26/Apr/2005:23:20:32 +0900] "GET /cgi/imgbbs/thumb/1064932685s.jpg HTTP/1.1" 200 5769 "http://l-lab.org/cgi/imgbbs/img2.html" "Mozilla/4.0 (compatible; MSIE 6.0; Windows NT 5.1; SV1)"
81.211.190.180 - - [26/Apr/2005:23:20:35 +0900] "GET /cgi/imgbbs/src/1067961568.jpg HTTP/1.1" 200 5260 "http://l-lab.org/cgi/imgbbs/img2.html" "Mozilla/4.0 (compatible; MSIE 6.0; Windows NT 5.1; SV1)"
81.211.190.180 - - [26/Apr/2005:23:20:37 +0900] "GET /cgi/imgbbs/thumb/1066841667s.jpg HTTP/1.1" 200 12632 "http://l-lab.org/cgi/imgbbs/img2.html" "Mozilla/4.0 (compatible; MSIE 6.0; Windows NT 5.1; SV1)"
81.211.190.180 - - [26/Apr/2005:23:20:37 +0900] "GET /cgi/imgbbs/thumb/1065719293s.jpg HTTP/1.1" 200 12349 "http://l-lab.org/cgi/imgbbs/img2.html" "Mozilla/4.0 (compatible; MSIE 6.0; Windows NT 5.1; SV1)"
64.140.49.66 - - [26/Apr/2005:23:21:48 +0900] "GET /cgi/imgbbs/res/res197.html HTTP/1.0" 200 3414 "-" "TurnitinBot/2.0 http://www.turnitin.com/robot/crawlerinfo.html"
64.140.49.66 - - [26/Apr/2005:23:23:19 +0900] "GET /cgi/imgbbs/res/res198.html HTTP/1.0" 200 3460 "-" "TurnitinBot/2.0 http://www.turnitin.com/robot/crawlerinfo.html"
64.140.49.66 - - [26/Apr/2005:23:24:46 +0900] "GET /cgi/imgbbs/res/res201.html HTTP/1.0" 200 3728 "-" "TurnitinBot/2.0 http://www.turnitin.com/robot/crawlerinfo.html"
64.140.49.66 - - [26/Apr/2005:23:26:44 +0900] "GET /cgi/imgbbs/res/res206.html HTTP/1.0" 200 3082 "-" "TurnitinBot/2.0 http://www.turnitin.com/robot/crawlerinfo.html"
64.140.49.66 - - [26/Apr/2005:23:28:16 +0900] "GET /cgi/imgbbs/res/res175.html HTTP/1.0" 200 3584 "-" "TurnitinBot/2.0 http://www.turnitin.com/robot/crawlerinfo.html"
64.140.49.66 - - [26/Apr/2005:23:29:46 +0900] "GET /cgi/imgbbs/res/res178.html HTTP/1.0" 200 3372 "-" "TurnitinBot/2.0 http://www.turnitin.com/robot/crawlerinfo.html"
64.140.49.66 - - [26/Apr/2005:23:31:11 +0900] "GET /cgi/imgbbs/res/res179.html HTTP/1.0" 200 3402 "-" "TurnitinBot/2.0 http://www.turnitin.com/robot/crawlerinfo.html"
207.46.98.127 - - [26/Apr/2005:23:32:40 +0900] "GET /robots.txt HTTP/1.0" 200 0 "-" "msnbot/1.0 (+http://search.msn.com/msnbot.htm)"
207.46.98.127 - - [26/Apr/2005:23:32:41 +0900] "GET /pukiwiki.php?%A5%A2%A5%F3%A5%B1%A1%BC%A5%C8 HTTP/1.0" 200 22192 "-" "msnbot/1.0 (+http://search.msn.com/msnbot.htm)"
64.140.49.66 - - [26/Apr/2005:23:32:42 +0900] "GET /cgi/imgbbs/res/res181.html HTTP/1.0" 200 3657 "-" "TurnitinBot/2.0 http://www.turnitin.com/robot/crawlerinfo.html"
64.140.49.66 - - [26/Apr/2005:23:34:15 +0900] "GET /cgi/imgbbs/res/res182.html HTTP/1.0" 200 3324 "-" "TurnitinBot/2.0 http://www.turnitin.com/robot/crawlerinfo.html"
64.140.49.66 - - [26/Apr/2005:23:35:51 +0900] "GET /cgi/imgbbs/res/res108.html HTTP/1.0" 200 4356 "-" "TurnitinBot/2.0 http://www.turnitin.com/robot/crawlerinfo.html"
64.140.49.66 - - [26/Apr/2005:23:37:17 +0900] "GET /cgi/imgbbs/res/res161.html HTTP/1.0" 200 4158 "-" "TurnitinBot/2.0 http://www.turnitin.com/robot/crawlerinfo.html"
64.140.49.66 - - [26/Apr/2005:23:38:43 +0900] "GET /cgi/imgbbs/res/res166.html HTTP/1.0" 200 3153 "-" "TurnitinBot/2.0 http://www.turnitin.com/robot/crawlerinfo.html"
64.140.49.66 - - [26/Apr/2005:23:40:09 +0900] "GET /cgi/imgbbs/res/res167.html HTTP/1.0" 200 3442 "-" "TurnitinBot/2.0 http://www.turnitin.com/robot/crawlerinfo.html"
64.140.49.66 - - [26/Apr/2005:23:41:54 +0900] "GET /cgi/imgbbs/res/res168.html HTTP/1.0" 200 3122 "-" "TurnitinBot/2.0 http://www.turnitin.com/robot/crawlerinfo.html"
64.140.49.66 - - [26/Apr/2005:23:43:27 +0900] "GET /cgi/imgbbs/res/res146.html HTTP/1.0" 200 3277 "-" "TurnitinBot/2.0 http://www.turnitin.com/robot/crawlerinfo.html"
64.140.49.66 - - [26/Apr/2005:23:44:52 +0900] "GET /cgi/imgbbs/res/res148.html HTTP/1.0" 200 3515 "-" "TurnitinBot/2.0 http://www.turnitin.com/robot/crawlerinfo.html"
64.140.49.66 - - [26/Apr/2005:23:46:17 +0900] "GET /cgi/imgbbs/res/res156.html HTTP/1.0" 200 3415 "-" "TurnitinBot/2.0 http://www.turnitin.com/robot/crawlerinfo.html"
64.140.49.66 - - [26/Apr/2005:23:47:39 +0900] "GET /cgi/imgbbs/res/res157.html HTTP/1.0" 200 3264 "-" "TurnitinBot/2.0 http://www.turnitin.com/robot/crawlerinfo.html"
64.140.49.66 - - [26/Apr/2005:23:49:18 +0900] "GET /cgi/imgbbs/res/res159.html HTTP/1.0" 200 3576 "-" "TurnitinBot/2.0 http://www.turnitin.com/robot/crawlerinfo.html"
64.140.49.66 - - [26/Apr/2005:23:50:46 +0900] "GET /cgi/imgbbs2/res/res34.html HTTP/1.0" 404 286 "-" "TurnitinBot/2.0 http://www.turnitin.com/robot/crawlerinfo.html"
64.140.49.66 - - [26/Apr/2005:23:52:14 +0900] "GET /cgi/imgbbs2/res/res38.html HTTP/1.0" 404 286 "-" "TurnitinBot/2.0 http://www.turnitin.com/robot/crawlerinfo.html"
64.140.49.66 - - [26/Apr/2005:23:53:35 +0900] "GET /cgi/imgbbs2/res/res39.html HTTP/1.0" 404 286 "-" "TurnitinBot/2.0 http://www.turnitin.com/robot/crawlerinfo.html"
64.140.49.66 - - [26/Apr/2005:23:54:56 +0900] "GET /cgi/imgbbs2/res/res40.html HTTP/1.0" 404 286 "-" "TurnitinBot/2.0 http://www.turnitin.com/robot/crawlerinfo.html"
64.140.49.66 - - [26/Apr/2005:23:57:17 +0900] "GET /cgi/imgbbs2/res/res41.html HTTP/1.0" 404 286 "-" "TurnitinBot/2.0 http://www.turnitin.com/robot/crawlerinfo.html"
64.140.49.66 - - [26/Apr/2005:23:58:40 +0900] "GET /cgi/imgbbs2/res/res23.html HTTP/1.0" 404 286 "-" "TurnitinBot/2.0 http://www.turnitin.com/robot/crawlerinfo.html"
64.140.49.66 - - [27/Apr/2005:00:00:06 +0900] "GET /cgi/imgbbs2/res/res24.html HTTP/1.0" 404 286 "-" "TurnitinBot/2.0 http://www.turnitin.com/robot/crawlerinfo.html"
64.140.49.66 - - [27/Apr/2005:00:01:29 +0900] "GET /cgi/imgbbs2/res/res27.html HTTP/1.0" 404 286 "-" "TurnitinBot/2.0 http://www.turnitin.com/robot/crawlerinfo.html"
64.140.49.66 - - [27/Apr/2005:00:03:03 +0900] "GET /cgi/imgbbs2/res/res29.html HTTP/1.0" 404 286 "-" "TurnitinBot/2.0 http://www.turnitin.com/robot/crawlerinfo.html"
64.140.49.66 - - [27/Apr/2005:00:04:30 +0900] "GET /cgi/imgbbs2/res/res31.html HTTP/1.0" 404 286 "-" "TurnitinBot/2.0 http://www.turnitin.com/robot/crawlerinfo.html"
64.140.49.66 - - [27/Apr/2005:00:05:51 +0900] "GET /cgi/imgbbs2/res/res12.html HTTP/1.0" 404 286 "-" "TurnitinBot/2.0 http://www.turnitin.com/robot/crawlerinfo.html"
64.140.49.66 - - [27/Apr/2005:00:07:17 +0900] "GET /cgi/imgbbs2/res/res16.html HTTP/1.0" 404 286 "-" "TurnitinBot/2.0 http://www.turnitin.com/robot/crawlerinfo.html"
64.140.49.66 - - [27/Apr/2005:00:08:44 +0900] "GET /cgi/imgbbs2/res/res20.html HTTP/1.0" 404 286 "-" "TurnitinBot/2.0 http://www.turnitin.com/robot/crawlerinfo.html"
207.68.146.56 - - [27/Apr/2005:00:08:47 +0900] "GET /pukiwiki.php?%CD%BD%C4%EA%C9%BD%2F2005-03-01 HTTP/1.0" 200 10895 "-" "msnbot/1.0 (+http://search.msn.com/msnbot.htm)"
64.140.49.66 - - [27/Apr/2005:00:10:11 +0900] "GET /cgi/imgbbs2/res/res22.html HTTP/1.0" 404 286 "-" "TurnitinBot/2.0 http://www.turnitin.com/robot/crawlerinfo.html"
64.140.49.66 - - [27/Apr/2005:00:11:39 +0900] "GET /cgi/imgbbs2/res/res25.html HTTP/1.0" 404 286 "-" "TurnitinBot/2.0 http://www.turnitin.com/robot/crawlerinfo.html"
220.147.94.106 - - [27/Apr/2005:00:12:36 +0900] "GET /cgi/imgbbs/imgboard.html HTTP/1.1" 200 8856 "-" "Mozilla/4.0 (compatible; MSIE 6.0; Windows NT 5.1; SV1; .NET CLR 1.1.4322)"
220.147.94.106 - - [27/Apr/2005:00:12:36 +0900] "GET /cgi/imgbbs/thumb/1055022030s.jpg HTTP/1.1" 200 17045 "http://l-lab.org/cgi/imgbbs/imgboard.html" "Mozilla/4.0 (compatible; MSIE 6.0; Windows NT 5.1; SV1; .NET CLR 1.1.4322)"
220.147.94.106 - - [27/Apr/2005:00:12:37 +0900] "GET /cgi/imgbbs/thumb/1073641855s.jpg HTTP/1.1" 200 19771 "http://l-lab.org/cgi/imgbbs/imgboard.html" "Mozilla/4.0 (compatible; MSIE 6.0; Windows NT 5.1; SV1; .NET CLR 1.1.4322)"
220.147.94.106 - - [27/Apr/2005:00:13:00 +0900] "GET /cgi/imgbbs/img2.html HTTP/1.1" 200 8356 "http://l-lab.org/cgi/imgbbs/imgboard.html" "Mozilla/4.0 (compatible; MSIE 6.0; Windows NT 5.1; SV1; .NET CLR 1.1.4322)"
220.147.94.106 - - [27/Apr/2005:00:13:00 +0900] "GET /cgi/imgbbs/thumb/1064932685s.jpg HTTP/1.1" 200 5769 "http://l-lab.org/cgi/imgbbs/img2.html" "Mozilla/4.0 (compatible; MSIE 6.0; Windows NT 5.1; SV1; .NET CLR 1.1.4322)"
220.147.94.106 - - [27/Apr/2005:00:13:00 +0900] "GET /cgi/imgbbs/thumb/1071520286s.jpg HTTP/1.1" 200 14815 "http://l-lab.org/cgi/imgbbs/img2.html" "Mozilla/4.0 (compatible; MSIE 6.0; Windows NT 5.1; SV1; .NET CLR 1.1.4322)"
220.147.94.106 - - [27/Apr/2005:00:13:00 +0900] "GET /cgi/imgbbs/src/1067961568.jpg HTTP/1.1" 200 5260 "http://l-lab.org/cgi/imgbbs/img2.html" "Mozilla/4.0 (compatible; MSIE 6.0; Windows NT 5.1; SV1; .NET CLR 1.1.4322)"
220.147.94.106 - - [27/Apr/2005:00:13:00 +0900] "GET /cgi/imgbbs/thumb/1066841667s.jpg HTTP/1.1" 200 12632 "http://l-lab.org/cgi/imgbbs/img2.html" "Mozilla/4.0 (compatible; MSIE 6.0; Windows NT 5.1; SV1; .NET CLR 1.1.4322)"
220.147.94.106 - - [27/Apr/2005:00:13:00 +0900] "GET /cgi/imgbbs/thumb/1065719293s.jpg HTTP/1.1" 200 12349 "http://l-lab.org/cgi/imgbbs/img2.html" "Mozilla/4.0 (compatible; MSIE 6.0; Windows NT 5.1; SV1; .NET CLR 1.1.4322)"
64.140.49.66 - - [27/Apr/2005:00:13:05 +0900] "GET /cgi/imgbbs2/res/res1.html HTTP/1.0" 404 285 "-" "TurnitinBot/2.0 http://www.turnitin.com/robot/crawlerinfo.html"
220.147.94.106 - - [27/Apr/2005:00:13:13 +0900] "GET /cgi/imgbbs/img3.html HTTP/1.1" 200 7453 "http://l-lab.org/cgi/imgbbs/img2.html" "Mozilla/4.0 (compatible; MSIE 6.0; Windows NT 5.1; SV1; .NET CLR 1.1.4322)"
220.147.94.106 - - [27/Apr/2005:00:13:13 +0900] "GET /cgi/imgbbs/thumb/1065841761s.jpg HTTP/1.1" 200 7833 "http://l-lab.org/cgi/imgbbs/img3.html" "Mozilla/4.0 (compatible; MSIE 6.0; Windows NT 5.1; SV1; .NET CLR 1.1.4322)"
220.147.94.106 - - [27/Apr/2005:00:13:13 +0900] "GET /cgi/imgbbs/thumb/1064777036s.png HTTP/1.1" 200 289 "http://l-lab.org/cgi/imgbbs/img3.html" "Mozilla/4.0 (compatible; MSIE 6.0; Windows NT 5.1; SV1; .NET CLR 1.1.4322)"
220.147.94.106 - - [27/Apr/2005:00:13:13 +0900] "GET /cgi/imgbbs/thumb/1064776433s.png HTTP/1.1" 200 289 "http://l-lab.org/cgi/imgbbs/img3.html" "Mozilla/4.0 (compatible; MSIE 6.0; Windows NT 5.1; SV1; .NET CLR 1.1.4322)"
220.147.94.106 - - [27/Apr/2005:00:13:13 +0900] "GET /cgi/imgbbs/thumb/1064604706s.png HTTP/1.1" 200 231 "http://l-lab.org/cgi/imgbbs/img3.html" "Mozilla/4.0 (compatible; MSIE 6.0; Windows NT 5.1; SV1; .NET CLR 1.1.4322)"
220.147.94.106 - - [27/Apr/2005:00:13:13 +0900] "GET /cgi/imgbbs/thumb/1064603556s.jpg HTTP/1.1" 200 13169 "http://l-lab.org/cgi/imgbbs/img3.html" "Mozilla/4.0 (compatible; MSIE 6.0; Windows NT 5.1; SV1; .NET CLR 1.1.4322)"
220.147.94.106 - - [27/Apr/2005:00:13:18 +0900] "GET /cgi/imgbbs/img4.html HTTP/1.1" 200 8900 "http://l-lab.org/cgi/imgbbs/img3.html" "Mozilla/4.0 (compatible; MSIE 6.0; Windows NT 5.1; SV1; .NET CLR 1.1.4322)"
220.147.94.106 - - [27/Apr/2005:00:13:18 +0900] "GET /cgi/imgbbs/thumb/1052220294s.jpg HTTP/1.1" 200 7530 "http://l-lab.org/cgi/imgbbs/img4.html" "Mozilla/4.0 (compatible; MSIE 6.0; Windows NT 5.1; SV1; .NET CLR 1.1.4322)"
220.147.94.106 - - [27/Apr/2005:00:13:18 +0900] "GET /cgi/imgbbs/src/1062098357.jpg HTTP/1.1" 200 64217 "http://l-lab.org/cgi/imgbbs/img4.html" "Mozilla/4.0 (compatible; MSIE 6.0; Windows NT 5.1; SV1; .NET CLR 1.1.4322)"
220.147.94.106 - - [27/Apr/2005:00:13:19 +0900] "GET /cgi/imgbbs/src/1059224085.jpg HTTP/1.1" 200 64768 "http://l-lab.org/cgi/imgbbs/img4.html" "Mozilla/4.0 (compatible; MSIE 6.0; Windows NT 5.1; SV1; .NET CLR 1.1.4322)"
220.147.94.106 - - [27/Apr/2005:00:13:19 +0900] "GET /cgi/imgbbs/src/1058203895.jpg HTTP/1.1" 200 4298 "http://l-lab.org/cgi/imgbbs/img4.html" "Mozilla/4.0 (compatible; MSIE 6.0; Windows NT 5.1; SV1; .NET CLR 1.1.4322)"
220.147.94.106 - - [27/Apr/2005:00:13:21 +0900] "GET /cgi/imgbbs/src/1059636037.jpg HTTP/1.1" 200 196323 "http://l-lab.org/cgi/imgbbs/img4.html" "Mozilla/4.0 (compatible; MSIE 6.0; Windows NT 5.1; SV1; .NET CLR 1.1.4322)"
220.147.94.106 - - [27/Apr/2005:00:13:27 +0900] "GET /cgi/imgbbs/src/1052220294.jpg HTTP/1.1" 200 8029 "http://l-lab.org/cgi/imgbbs/img4.html" "Mozilla/4.0 (compatible; MSIE 6.0; Windows NT 5.1; SV1; .NET CLR 1.1.4322)"
64.242.88.50 - - [27/Apr/2005:00:13:36 +0900] "GET /pukiwiki.php?\xc3\x83\xc2\x83\xc3\x82\xc2\x8d\xc3\x83\xc2\x82\xc3\x82\xc2\xbd\xc3\x83\xc2\x83\xc3\x82\xc2\x84\xc3\x83\xc2\x83\xc3\x82\xc2\xaa\xc3\x83\xc2\x83\xc3\x82\xc2\x89\xc3\x83\xc2\x82\xc3\x82\xc2\xbd/2004-08-13 HTTP/1.1" 200 11782 "-" "Mozilla/4.0 compatible ZyBorg/1.0 Dead Link Checker (wn.dlc@looksmart.net; http://www.WISEnutbot.com)"
220.147.94.106 - - [27/Apr/2005:00:13:39 +0900] "GET /cgi/imgbbs/img5.html HTTP/1.1" 200 7161 "http://l-lab.org/cgi/imgbbs/img4.html" "Mozilla/4.0 (compatible; MSIE 6.0; Windows NT 5.1; SV1; .NET CLR 1.1.4322)"
220.147.94.106 - - [27/Apr/2005:00:13:39 +0900] "GET /cgi/imgbbs/thumb/1056463417s.jpg HTTP/1.1" 200 13972 "http://l-lab.org/cgi/imgbbs/img5.html" "Mozilla/4.0 (compatible; MSIE 6.0; Windows NT 5.1; SV1; .NET CLR 1.1.4322)"
220.147.94.106 - - [27/Apr/2005:00:13:40 +0900] "GET /cgi/imgbbs/src/1056197869.jpg HTTP/1.1" 200 4056 "http://l-lab.org/cgi/imgbbs/img5.html" "Mozilla/4.0 (compatible; MSIE 6.0; Windows NT 5.1; SV1; .NET CLR 1.1.4322)"
220.147.94.106 - - [27/Apr/2005:00:13:40 +0900] "GET /cgi/imgbbs/src/1059223669.jpg HTTP/1.1" 200 64142 "http://l-lab.org/cgi/imgbbs/img5.html" "Mozilla/4.0 (compatible; MSIE 6.0; Windows NT 5.1; SV1; .NET CLR 1.1.4322)"
220.147.94.106 - - [27/Apr/2005:00:13:40 +0900] "GET /cgi/imgbbs/src/1056198148.jpg HTTP/1.1" 200 4369 "http://l-lab.org/cgi/imgbbs/img5.html" "Mozilla/4.0 (compatible; MSIE 6.0; Windows NT 5.1; SV1; .NET CLR 1.1.4322)"
220.147.94.106 - - [27/Apr/2005:00:13:40 +0900] "GET /cgi/imgbbs/thumb/1055021099s.jpg HTTP/1.1" 200 10267 "http://l-lab.org/cgi/imgbbs/img5.html" "Mozilla/4.0 (compatible; MSIE 6.0; Windows NT 5.1; SV1; .NET CLR 1.1.4322)"
220.147.94.106 - - [27/Apr/2005:00:13:45 +0900] "GET /cgi/imgbbs/img6.html HTTP/1.1" 200 7121 "http://l-lab.org/cgi/imgbbs/img5.html" "Mozilla/4.0 (compatible; MSIE 6.0; Windows NT 5.1; SV1; .NET CLR 1.1.4322)"
220.147.94.106 - - [27/Apr/2005:00:13:45 +0900] "GET /cgi/imgbbs/thumb/1053947413s.jpg HTTP/1.1" 200 5816 "http://l-lab.org/cgi/imgbbs/img6.html" "Mozilla/4.0 (compatible; MSIE 6.0; Windows NT 5.1; SV1; .NET CLR 1.1.4322)"
220.147.94.106 - - [27/Apr/2005:00:13:45 +0900] "GET /cgi/imgbbs/thumb/1053700948s.jpg HTTP/1.1" 200 7666 "http://l-lab.org/cgi/imgbbs/img6.html" "Mozilla/4.0 (compatible; MSIE 6.0; Windows NT 5.1; SV1; .NET CLR 1.1.4322)"
220.147.94.106 - - [27/Apr/2005:00:13:45 +0900] "GET /cgi/imgbbs/thumb/1053689697s.jpg HTTP/1.1" 200 12371 "http://l-lab.org/cgi/imgbbs/img6.html" "Mozilla/4.0 (compatible; MSIE 6.0; Windows NT 5.1; SV1; .NET CLR 1.1.4322)"
220.147.94.106 - - [27/Apr/2005:00:13:46 +0900] "GET /cgi/imgbbs/thumb/1053541309s.jpg HTTP/1.1" 200 12816 "http://l-lab.org/cgi/imgbbs/img6.html" "Mozilla/4.0 (compatible; MSIE 6.0; Windows NT 5.1; SV1; .NET CLR 1.1.4322)"
64.140.49.66 - - [27/Apr/2005:00:14:34 +0900] "GET /cgi/imgbbs2/res/res11.html HTTP/1.0" 404 286 "-" "TurnitinBot/2.0 http://www.turnitin.com/robot/crawlerinfo.html"
64.140.49.66 - - [27/Apr/2005:00:16:02 +0900] "GET /cgi/imgbbs2/res/res2.html HTTP/1.0" 404 285 "-" "TurnitinBot/2.0 http://www.turnitin.com/robot/crawlerinfo.html"
64.140.49.66 - - [27/Apr/2005:00:17:38 +0900] "GET /cgi/imgbbs2/res/res3.html HTTP/1.0" 404 285 "-" "TurnitinBot/2.0 http://www.turnitin.com/robot/crawlerinfo.html"
68.142.251.95 - - [27/Apr/2005:00:28:47 +0900] "GET /robots.txt HTTP/1.0" 200 0 "-" "Mozilla/5.0 (compatible; Yahoo! Slurp; http://help.yahoo.com/help/us/ysearch/slurp)"
68.142.249.64 - - [27/Apr/2005:00:28:49 +0900] "GET /pukiwiki.php?InterWiki%A5%C6%A5%AF%A5%CB%A5%AB%A5%EB HTTP/1.0" 200 17050 "-" "Mozilla/5.0 (compatible; Yahoo! Slurp; http://help.yahoo.com/help/us/ysearch/slurp)"
220.45.184.175 - - [27/Apr/2005:00:28:58 +0900] "GET /cgi/imgbbs/img3.html HTTP/1.0" 200 7453 "http://images.google.co.jp/imgres?imgurl=http://l-lab.org/cgi/imgbbs/src/1052220294.jpg&imgrefurl=http://l-lab.org/cgi/imgbbs/img3.html&h=240&w=320&sz=8&tbnid=ElNvhcyIFAoJ:&tbnh=84&tbnw=112&start=7&prev=/images%3Fq%3D%25E5%2587%259B%25E8%258A%25B1%26hl%3Dja%26lr%3D" "Mozilla/4.0 (compatible; MSIE 6.0; Windows NT 5.1; SV1)"
220.45.184.175 - - [27/Apr/2005:00:28:59 +0900] "GET /cgi/imgbbs/thumb/1065841761s.jpg HTTP/1.0" 200 7833 "http://l-lab.org/cgi/imgbbs/img3.html" "Mozilla/4.0 (compatible; MSIE 6.0; Windows NT 5.1; SV1)"
220.45.184.175 - - [27/Apr/2005:00:28:59 +0900] "GET /cgi/imgbbs/thumb/1064777036s.png HTTP/1.0" 200 289 "http://l-lab.org/cgi/imgbbs/img3.html" "Mozilla/4.0 (compatible; MSIE 6.0; Windows NT 5.1; SV1)"
220.45.184.175 - - [27/Apr/2005:00:28:59 +0900] "GET /cgi/imgbbs/thumb/1064603556s.jpg HTTP/1.0" 200 13169 "http://l-lab.org/cgi/imgbbs/img3.html" "Mozilla/4.0 (compatible; MSIE 6.0; Windows NT 5.1; SV1)"
220.45.184.175 - - [27/Apr/2005:00:29:00 +0900] "GET /cgi/imgbbs/src/1052220294.jpg HTTP/1.0" 200 8029 "http://images.google.co.jp/imgres?imgurl=http://l-lab.org/cgi/imgbbs/src/1052220294.jpg&imgrefurl=http://l-lab.org/cgi/imgbbs/img3.html&h=240&w=320&sz=8&tbnid=ElNvhcyIFAoJ:&tbnh=84&tbnw=112&hl=ja&prev=/images%3Fq%3D%25E5%2587%259B%25E8%258A%25B1%26hl%3Dja%26lr%3D&frame=small" "Mozilla/4.0 (compatible; MSIE 6.0; Windows NT 5.1; SV1)"
220.45.184.175 - - [27/Apr/2005:00:29:03 +0900] "GET /cgi/imgbbs/thumb/1064776433s.png HTTP/1.0" 200 289 "http://l-lab.org/cgi/imgbbs/img3.html" "Mozilla/4.0 (compatible; MSIE 6.0; Windows NT 5.1; SV1)"
219.149.131.181 - - [27/Apr/2005:00:31:04 +0900] "GET /default.ida?XXXXXXXXXXXXXXXXXXXXXXXXXXXXXXXXXXXXXXXXXXXXXXXXXXXXXXXXXXXXXXXXXXXXXXXXXXXXXXXXXXXXXXXXXXXXXXXXXXXXXXXXXXXXXXXXXXXXXXXXXXXXXXXXXXXXXXXXXXXXXXXXXXXXXXXXXXXXXXXXXXXXXXXXXXXXXXXXXXXXXXXXXXXXXXXXXXXXXXXXXXXXXXXXXXXXXXXXXXXXXXXX%u9090%u6858%ucbd3%u7801%u9090%u6858%ucbd3%u7801%u9090%u6858%ucbd3%u7801%u9090%u9090%u8190%u00c3%u0003%u8b00%u531b%u53ff%u0078%u0000%u00=a HTTP/1.0" 404 271 "-" "-"
68.142.249.142 - - [27/Apr/2005:00:32:18 +0900] "GET /robots.txt HTTP/1.0" 200 0 "-" "Mozilla/5.0 (compatible; Yahoo! Slurp; http://help.yahoo.com/help/us/ysearch/slurp)"
68.142.251.10 - - [27/Apr/2005:00:32:19 +0900] "GET /spam001.txt HTTP/1.0" 304 - "-" "Mozilla/5.0 (compatible; Yahoo! Slurp; http://help.yahoo.com/help/us/ysearch/slurp)"
68.142.250.113 - - [27/Apr/2005:00:35:53 +0900] "GET /pukiwiki.php?KOF HTTP/1.0" 200 10391 "-" "Mozilla/5.0 (compatible; Yahoo! Slurp; http://help.yahoo.com/help/us/ysearch/slurp)"
195.6.174.251 - - [27/Apr/2005:00:47:57 +0900] "GET /cgi/imgbbs/imgboard.html HTTP/1.0" 200 8856 "http://www.google.fr/search?q=imgboard&hl=fr&lr=&start=50&sa=N" "Mozilla/4.0 (compatible; MSIE 6.0; Windows NT 4.0)"
195.6.174.251 - - [27/Apr/2005:00:47:58 +0900] "GET /cgi/imgbbs/thumb/1055022030s.jpg HTTP/1.0" 200 17045 "http://l-lab.org/cgi/imgbbs/imgboard.html" "Mozilla/4.0 (compatible; MSIE 6.0; Windows NT 4.0)"
195.6.174.251 - - [27/Apr/2005:00:47:59 +0900] "GET /cgi/imgbbs/thumb/1073641855s.jpg HTTP/1.0" 200 19771 "http://l-lab.org/cgi/imgbbs/imgboard.html" "Mozilla/4.0 (compatible; MSIE 6.0; Windows NT 4.0)"
195.6.174.251 - - [27/Apr/2005:00:48:23 +0900] "GET /cgi/imgbbs/img2.html HTTP/1.0" 200 8356 "http://l-lab.org/cgi/imgbbs/imgboard.html" "Mozilla/4.0 (compatible; MSIE 6.0; Windows NT 4.0)"
195.6.174.251 - - [27/Apr/2005:00:48:35 +0900] "GET /cgi/imgbbs/thumb/1071520286s.jpg HTTP/1.0" 200 14815 "http://l-lab.org/cgi/imgbbs/img2.html" "Mozilla/4.0 (compatible; MSIE 6.0; Windows NT 4.0)"
195.6.174.251 - - [27/Apr/2005:00:48:36 +0900] "GET /cgi/imgbbs/src/1067961568.jpg HTTP/1.0" 200 5260 "http://l-lab.org/cgi/imgbbs/img2.html" "Mozilla/4.0 (compatible; MSIE 6.0; Windows NT 4.0)"
195.6.174.251 - - [27/Apr/2005:00:48:36 +0900] "GET /cgi/imgbbs/thumb/1066841667s.jpg HTTP/1.0" 200 12632 "http://l-lab.org/cgi/imgbbs/img2.html" "Mozilla/4.0 (compatible; MSIE 6.0; Windows NT 4.0)"
195.6.174.251 - - [27/Apr/2005:00:48:38 +0900] "GET /cgi/imgbbs/thumb/1065719293s.jpg HTTP/1.0" 200 12349 "http://l-lab.org/cgi/imgbbs/img2.html" "Mozilla/4.0 (compatible; MSIE 6.0; Windows NT 4.0)"
195.6.174.251 - - [27/Apr/2005:00:48:38 +0900] "GET /cgi/imgbbs/thumb/1064932685s.jpg HTTP/1.0" 200 5769 "http://l-lab.org/cgi/imgbbs/img2.html" "Mozilla/4.0 (compatible; MSIE 6.0; Windows NT 4.0)"
222.3.171.224 - - [27/Apr/2005:00:49:53 +0900] "GET /cgi/imgbbs/imgboard.html HTTP/1.1" 200 8856 "http://images.google.co.jp/imgres?imgurl=http://l-lab.org/cgi/imgbbs/src/1055022030.jpg&imgrefurl=http://l-lab.org/cgi/imgbbs/imgboard.html&h=480&w=640&sz=65&tbnid=bpnRoDN3l_oJ:&tbnh=101&tbnw=135&start=57&prev=/images%3Fq%3D%25E3%2583%25AD%25E3%2583%25AA%26start%3D40%26hl%3Dja%26lr%3D%26sa%3DN" "Mozilla/4.0 (compatible; MSIE 6.0; Windows NT 5.1; SV1; .NET CLR 1.1.4322)"
222.3.171.224 - - [27/Apr/2005:00:49:54 +0900] "GET /cgi/imgbbs/thumb/1055022030s.jpg HTTP/1.1" 200 17045 "http://l-lab.org/cgi/imgbbs/imgboard.html" "Mozilla/4.0 (compatible; MSIE 6.0; Windows NT 5.1; SV1; .NET CLR 1.1.4322)"
222.3.171.224 - - [27/Apr/2005:00:49:54 +0900] "GET /cgi/imgbbs/thumb/1073641855s.jpg HTTP/1.1" 200 19771 "http://l-lab.org/cgi/imgbbs/imgboard.html" "Mozilla/4.0 (compatible; MSIE 6.0; Windows NT 5.1; SV1; .NET CLR 1.1.4322)"
222.3.171.224 - - [27/Apr/2005:00:49:55 +0900] "GET /cgi/imgbbs/src/1055022030.jpg HTTP/1.1" 200 65548 "http://images.google.co.jp/imgres?imgurl=http://l-lab.org/cgi/imgbbs/src/1055022030.jpg&imgrefurl=http://l-lab.org/cgi/imgbbs/imgboard.html&h=480&w=640&sz=65&tbnid=bpnRoDN3l_oJ:&tbnh=101&tbnw=135&hl=ja&prev=/images%3Fq%3D%25E3%2583%25AD%25E3%2583%25AA%26start%3D40%26hl%3Dja%26lr%3D%26sa%3DN&frame=small" "Mozilla/4.0 (compatible; MSIE 6.0; Windows NT 5.1; SV1; .NET CLR 1.1.4322)"
207.68.146.55 - - [27/Apr/2005:00:50:46 +0900] "GET /cgi/imgbbs/res/res209.html HTTP/1.0" 200 3158 "-" "msnbot/1.0 (+http://search.msn.com/msnbot.htm)"
219.233.97.121 - - [27/Apr/2005:01:07:32 +0900] "GET /default.ida?XXXXXXXXXXXXXXXXXXXXXXXXXXXXXXXXXXXXXXXXXXXXXXXXXXXXXXXXXXXXXXXXXXXXXXXXXXXXXXXXXXXXXXXXXXXXXXXXXXXXXXXXXXXXXXXXXXXXXXXXXXXXXXXXXXXXXXXXXXXXXXXXXXXXXXXXXXXXXXXXXXXXXXXXXXXXXXXXXXXXXXXXXXXXXXXXXXXXXXXXXXXXXXXXXXXXXXXXXXXXXXXX%u9090%u6858%ucbd3%u7801%u9090%u6858%ucbd3%u7801%u9090%u6858%ucbd3%u7801%u9090%u9090%u8190%u00c3%u0003%u8b00%u531b%u53ff%u0078%u0000%u00=a HTTP/1.0" 404 271 "-" "-"
66.196.90.37 - - [27/Apr/2005:01:09:40 +0900] "GET /robots.txt HTTP/1.0" 200 0 "-" "Mozilla/5.0 (compatible; Yahoo! Slurp; http://help.yahoo.com/help/us/ysearch/slurp)"
66.196.91.130 - - [27/Apr/2005:01:09:43 +0900] "GET /pukiwiki/pukiwiki.php?PukiWiki%2F1.4%2F%A5%DE%A5%CB%A5%E5%A5%A2%A5%EB%2F%A5%D7%A5%E9%A5%B0%A5%A4%A5%F3%2Fp HTTP/1.0" 200 23711 "-" "Mozilla/5.0 (compatible; Yahoo! Slurp; http://help.yahoo.com/help/us/ysearch/slurp)"
207.68.146.56 - - [27/Apr/2005:01:11:45 +0900] "GET /pukiwiki.php?%CD%BD%C4%EA%C9%BD%2F2005-01-18 HTTP/1.0" 200 10903 "-" "msnbot/1.0 (+http://search.msn.com/msnbot.htm)"
207.46.98.66 - - [27/Apr/2005:01:26:10 +0900] "GET /robots.txt HTTP/1.0" 200 0 "-" "msnbot/1.0 (+http://search.msn.com/msnbot.htm)"
207.46.98.66 - - [27/Apr/2005:01:26:11 +0900] "GET /pukiwiki/pukiwiki.php?InterWiki HTTP/1.0" 200 11911 "-" "msnbot/1.0 (+http://search.msn.com/msnbot.htm)"
61.114.28.226 - - [27/Apr/2005:01:34:47 +0900] "GET /cgi/imgbbs/imgboard.html HTTP/1.1" 200 8856 "-" "Mozilla/4.0 (compatible; MSIE 6.0; Windows NT 5.1; SV1; .NET CLR 1.0.3705; .NET CLR 1.1.4322)"
61.114.28.226 - - [27/Apr/2005:01:34:49 +0900] "GET /cgi/imgbbs/thumb/1055022030s.jpg HTTP/1.1" 200 17045 "-" "Mozilla/4.0 (compatible; MSIE 6.0; Windows NT 5.1; SV1; .NET CLR 1.0.3705; .NET CLR 1.1.4322)"
61.114.28.226 - - [27/Apr/2005:01:34:50 +0900] "GET /cgi/imgbbs/thumb/1073641855s.jpg HTTP/1.1" 200 19771 "-" "Mozilla/4.0 (compatible; MSIE 6.0; Windows NT 5.1; SV1; .NET CLR 1.0.3705; .NET CLR 1.1.4322)"
61.114.28.226 - - [27/Apr/2005:01:34:58 +0900] "GET /cgi/imgbbs/img2.html HTTP/1.1" 200 8356 "-" "Mozilla/4.0 (compatible; MSIE 6.0; Windows NT 5.1; SV1; .NET CLR 1.0.3705; .NET CLR 1.1.4322)"
61.114.28.226 - - [27/Apr/2005:01:34:58 +0900] "GET /cgi/imgbbs/thumb/1064932685s.jpg HTTP/1.1" 200 5769 "-" "Mozilla/4.0 (compatible; MSIE 6.0; Windows NT 5.1; SV1; .NET CLR 1.0.3705; .NET CLR 1.1.4322)"
61.114.28.226 - - [27/Apr/2005:01:34:58 +0900] "GET /cgi/imgbbs/thumb/1066841667s.jpg HTTP/1.1" 200 12632 "-" "Mozilla/4.0 (compatible; MSIE 6.0; Windows NT 5.1; SV1; .NET CLR 1.0.3705; .NET CLR 1.1.4322)"
61.114.28.226 - - [27/Apr/2005:01:34:58 +0900] "GET /cgi/imgbbs/thumb/1071520286s.jpg HTTP/1.1" 200 14815 "-" "Mozilla/4.0 (compatible; MSIE 6.0; Windows NT 5.1; SV1; .NET CLR 1.0.3705; .NET CLR 1.1.4322)"
61.114.28.226 - - [27/Apr/2005:01:34:58 +0900] "GET /cgi/imgbbs/src/1067961568.jpg HTTP/1.1" 200 5260 "-" "Mozilla/4.0 (compatible; MSIE 6.0; Windows NT 5.1; SV1; .NET CLR 1.0.3705; .NET CLR 1.1.4322)"
61.114.28.226 - - [27/Apr/2005:01:34:58 +0900] "GET /cgi/imgbbs/thumb/1065719293s.jpg HTTP/1.1" 200 12349 "-" "Mozilla/4.0 (compatible; MSIE 6.0; Windows NT 5.1; SV1; .NET CLR 1.0.3705; .NET CLR 1.1.4322)"
207.46.98.66 - - [27/Apr/2005:01:36:02 +0900] "GET /pukiwiki/pukiwiki.php?plugin=template&refer=WikiWikiWeb HTTP/1.0" 200 4682 "-" "msnbot/1.0 (+http://search.msn.com/msnbot.htm)"
68.142.249.142 - - [27/Apr/2005:01:39:59 +0900] "GET /robots.txt HTTP/1.0" 200 0 "-" "Mozilla/5.0 (compatible; Yahoo! Slurp; http://help.yahoo.com/help/us/ysearch/slurp)"
68.142.251.151 - - [27/Apr/2005:01:40:01 +0900] "GET /pukiwiki/pukiwiki.php?PukiWiki%2F1.4%2F%A5%DE%A5%CB%A5%E5%A5%A2%A5%EB%2F%A5%D7%A5%E9%A5%B0%A5%A4%A5%F3%2Fp HTTP/1.0" 200 23711 "-" "Mozilla/5.0 (compatible; Yahoo! Slurp; http://help.yahoo.com/help/us/ysearch/slurp)"
207.46.98.66 - - [27/Apr/2005:01:40:23 +0900] "GET /pukiwiki/pukiwiki.php?cmd=freeze&page=WikiWikiWeb HTTP/1.0" 200 6141 "-" "msnbot/1.0 (+http://search.msn.com/msnbot.htm)"
207.46.98.66 - - [27/Apr/2005:01:42:12 +0900] "GET /pukiwiki/pukiwiki.php?cmd=diff&page=WikiWikiWeb HTTP/1.0" 200 6087 "-" "msnbot/1.0 (+http://search.msn.com/msnbot.htm)"
207.46.98.66 - - [27/Apr/2005:01:44:33 +0900] "GET /pukiwiki/pukiwiki.php?cmd=edit&page=WikiWikiWeb HTTP/1.0" 200 10408 "-" "msnbot/1.0 (+http://search.msn.com/msnbot.htm)"
207.46.98.66 - - [27/Apr/2005:01:47:14 +0900] "GET /photo/?N=D HTTP/1.0" 200 9331 "-" "msnbot/1.0 (+http://search.msn.com/msnbot.htm)"
68.142.250.179 - - [27/Apr/2005:01:48:48 +0900] "GET /etc?N=D HTTP/1.0" 301 295 "-" "Mozilla/5.0 (compatible; Yahoo! Slurp; http://help.yahoo.com/help/us/ysearch/slurp)"
68.142.250.179 - - [27/Apr/2005:01:48:49 +0900] "GET /etc/?N=D HTTP/1.0" 200 2207 "-" "Mozilla/5.0 (compatible; Yahoo! Slurp; http://help.yahoo.com/help/us/ysearch/slurp)"
207.46.98.66 - - [27/Apr/2005:01:57:33 +0900] "GET /pukiwiki/pukiwiki.php?plugin=attach&refer=%CF%BF%B2%BB%B4%D8%B7%B8%B2%E8%C1%FC&openfile=55455ff2ebb5.JPG HTTP/1.0" 200 27984 "-" "msnbot/1.0 (+http://search.msn.com/msnbot.htm)"
60.38.71.140 - - [27/Apr/2005:02:07:22 +0900] "GET /pict/122_2261.JPG HTTP/1.1" 200 14025 "XXXX:+++++++++++++++++++++++++++++++++++++++++++++++++" "Mozilla/4.0 (compatible; MSIE 6.0; Windows NT 5.1; SV1; .NET CLR 1.1.4322)"
60.38.71.140 - - [27/Apr/2005:02:07:26 +0900] "GET /pict/122_2265.JPG HTTP/1.1" 200 17552 "XXXX:+++++++++++++++++++++++++++++++++++++++++++++++++" "Mozilla/4.0 (compatible; MSIE 6.0; Windows NT 5.1; SV1; .NET CLR 1.1.4322)"
207.68.146.55 - - [27/Apr/2005:02:14:14 +0900] "GET /cgi/imgbbs/res/res178.html HTTP/1.0" 200 3372 "-" "msnbot/1.0 (+http://search.msn.com/msnbot.htm)"
64.242.88.50 - - [27/Apr/2005:02:14:37 +0900] "GET /pukiwiki.php?\xc3\x83\xc2\x82\xc3\x82\xc2\xa5\xc3\x83\xc2\x83\xc3\x82\xc2\x84\xc3\x83\xc2\x82\xc3\x82\xc2\xa1\xc3\x83\xc2\x82\xc3\x82\xc2\xbc\xc3\x83\xc2\x82\xc3\x82\xc2\xa5\xc3\x83\xc2\x83\xc3\x82\xc2\xaa\xc3\x83\xc2\x82\xc3\x82\xc2\xa5\xc3\x83\xc2\x83\xc3\x82\xc2\xb3\xc3\x83\xc2\x82\xc3\x82\xc2\xa5\xc3\x83\xc2\x82\xc3\x82\xc2\xb0\xc3\x83\xc2\x82\xc3\x82\xc2\xa5\xc3\x83\xc2\x82\xc3\x82\xc2\xb9\xc3\x83\xc2\x82\xc3\x82\xc2\xa5\xc3\x83\xc2\x83\xc3\x82\xc2\x9d\xc3\x83\xc2\x82\xc3\x82\xc2\xa5\xc3\x83\xc2\x83\xc3\x82\xc2\x83\xc3\x83\xc2\x82\xc3\x82\xc2\xa5\xc3\x83\xc2\x83\xc3\x82\xc2\x88 HTTP/1.1" 200 11442 "-" "Mozilla/4.0 compatible ZyBorg/1.0 Dead Link Checker (wn.dlc@looksmart.net; http://www.WISEnutbot.com)"
220.221.12.190 - - [27/Apr/2005:02:15:27 +0900] "GET /pukiwiki/ HTTP/1.1" 200 12873 "-" "Mozilla/4.0 (compatible; MSIE 6.0; Windows NT 5.1; SV1)"
220.221.12.190 - - [27/Apr/2005:02:15:27 +0900] "GET /pukiwiki/skin/default.ja.css HTTP/1.1" 200 7905 "http://l-lab.org/pukiwiki/" "Mozilla/4.0 (compatible; MSIE 6.0; Windows NT 5.1; SV1)"
220.221.12.190 - - [27/Apr/2005:02:15:27 +0900] "GET /pukiwiki/skin/print.ja.css HTTP/1.1" 200 665 "http://l-lab.org/pukiwiki/" "Mozilla/4.0 (compatible; MSIE 6.0; Windows NT 5.1; SV1)"
220.221.12.190 - - [27/Apr/2005:02:15:27 +0900] "GET /pukiwiki/skin/trackback.js HTTP/1.1" 200 269 "http://l-lab.org/pukiwiki/" "Mozilla/4.0 (compatible; MSIE 6.0; Windows NT 5.1; SV1)"
220.221.12.190 - - [27/Apr/2005:02:15:28 +0900] "GET /pukiwiki/image/pukiwiki.png HTTP/1.1" 200 4385 "http://l-lab.org/pukiwiki/" "Mozilla/4.0 (compatible; MSIE 6.0; Windows NT 5.1; SV1)"
220.221.12.190 - - [27/Apr/2005:02:15:28 +0900] "GET /pukiwiki/image/reload.png HTTP/1.1" 200 1298 "http://l-lab.org/pukiwiki/" "Mozilla/4.0 (compatible; MSIE 6.0; Windows NT 5.1; SV1)"
220.221.12.190 - - [27/Apr/2005:02:15:28 +0900] "GET /pukiwiki/image/new.png HTTP/1.1" 200 796 "http://l-lab.org/pukiwiki/" "Mozilla/4.0 (compatible; MSIE 6.0; Windows NT 5.1; SV1)"
220.221.12.190 - - [27/Apr/2005:02:15:28 +0900] "GET /pukiwiki/image/edit.png HTTP/1.1" 200 1295 "http://l-lab.org/pukiwiki/" "Mozilla/4.0 (compatible; MSIE 6.0; Windows NT 5.1; SV1)"
220.221.12.190 - - [27/Apr/2005:02:15:28 +0900] "GET /pukiwiki/image/diff.png HTTP/1.1" 200 507 "http://l-lab.org/pukiwiki/" "Mozilla/4.0 (compatible; MSIE 6.0; Windows NT 5.1; SV1)"
220.221.12.190 - - [27/Apr/2005:02:15:28 +0900] "GET /pukiwiki/image/freeze.png HTTP/1.1" 200 352 "http://l-lab.org/pukiwiki/" "Mozilla/4.0 (compatible; MSIE 6.0; Windows NT 5.1; SV1)"
220.221.12.190 - - [27/Apr/2005:02:15:28 +0900] "GET /pukiwiki/image/file.png HTTP/1.1" 200 1280 "http://l-lab.org/pukiwiki/" "Mozilla/4.0 (compatible; MSIE 6.0; Windows NT 5.1; SV1)"
220.221.12.190 - - [27/Apr/2005:02:15:28 +0900] "GET /pukiwiki/image/copy.png HTTP/1.1" 200 490 "http://l-lab.org/pukiwiki/" "Mozilla/4.0 (compatible; MSIE 6.0; Windows NT 5.1; SV1)"
220.221.12.190 - - [27/Apr/2005:02:15:28 +0900] "GET /pukiwiki/image/rename.png HTTP/1.1" 200 339 "http://l-lab.org/pukiwiki/" "Mozilla/4.0 (compatible; MSIE 6.0; Windows NT 5.1; SV1)"
220.221.12.190 - - [27/Apr/2005:02:15:28 +0900] "GET /pukiwiki/image/top.png HTTP/1.1" 200 1299 "http://l-lab.org/pukiwiki/" "Mozilla/4.0 (compatible; MSIE 6.0; Windows NT 5.1; SV1)"
220.221.12.190 - - [27/Apr/2005:02:15:28 +0900] "GET /pukiwiki/image/list.png HTTP/1.1" 200 1234 "http://l-lab.org/pukiwiki/" "Mozilla/4.0 (compatible; MSIE 6.0; Windows NT 5.1; SV1)"
220.221.12.190 - - [27/Apr/2005:02:15:28 +0900] "GET /pukiwiki/image/search.png HTTP/1.1" 200 1285 "http://l-lab.org/pukiwiki/" "Mozilla/4.0 (compatible; MSIE 6.0; Windows NT 5.1; SV1)"
220.221.12.190 - - [27/Apr/2005:02:15:28 +0900] "GET /pukiwiki/image/recentchanges.png HTTP/1.1" 200 1314 "http://l-lab.org/pukiwiki/" "Mozilla/4.0 (compatible; MSIE 6.0; Windows NT 5.1; SV1)"
220.221.12.190 - - [27/Apr/2005:02:15:28 +0900] "GET /pukiwiki/image/backup.png HTTP/1.1" 200 1261 "http://l-lab.org/pukiwiki/" "Mozilla/4.0 (compatible; MSIE 6.0; Windows NT 5.1; SV1)"
220.221.12.190 - - [27/Apr/2005:02:15:28 +0900] "GET /pukiwiki/image/help.png HTTP/1.1" 200 1274 "http://l-lab.org/pukiwiki/" "Mozilla/4.0 (compatible; MSIE 6.0; Windows NT 5.1; SV1)"
220.221.12.190 - - [27/Apr/2005:02:15:28 +0900] "GET /pukiwiki/image/rss.png HTTP/1.1" 200 1137 "http://l-lab.org/pukiwiki/" "Mozilla/4.0 (compatible; MSIE 6.0; Windows NT 5.1; SV1)"
207.68.146.56 - - [27/Apr/2005:02:17:38 +0900] "GET /pukiwiki.php?%CD%BD%C4%EA%C9%BD%2F2005-03-12 HTTP/1.0" 200 10924 "-" "msnbot/1.0 (+http://search.msn.com/msnbot.htm)"
84.56.244.53 - - [27/Apr/2005:02:23:24 +0900] "GET / HTTP/1.1" 200 14569 "-" "Mozilla/4.0 (compatible; MSIE 6.0; Windows NT 5.1; SV1; .NET CLR 1.0.3705)"
84.56.244.53 - - [27/Apr/2005:02:23:24 +0900] "GET /skin/default.ja.css HTTP/1.1" 200 7705 "http://www.nmug.org/" "Mozilla/4.0 (compatible; MSIE 6.0; Windows NT 5.1; SV1; .NET CLR 1.0.3705)"
84.56.244.53 - - [27/Apr/2005:02:23:24 +0900] "GET /skin/print.ja.css HTTP/1.1" 200 499 "http://www.nmug.org/" "Mozilla/4.0 (compatible; MSIE 6.0; Windows NT 5.1; SV1; .NET CLR 1.0.3705)"
84.56.244.53 - - [27/Apr/2005:02:23:24 +0900] "GET /pukiwiki.png HTTP/1.1" 200 4385 "http://www.nmug.org/" "Mozilla/4.0 (compatible; MSIE 6.0; Windows NT 5.1; SV1; .NET CLR 1.0.3705)"
84.56.244.53 - - [27/Apr/2005:02:23:25 +0900] "GET /image/reload.png HTTP/1.1" 200 1298 "http://www.nmug.org/" "Mozilla/4.0 (compatible; MSIE 6.0; Windows NT 5.1; SV1; .NET CLR 1.0.3705)"
84.56.244.53 - - [27/Apr/2005:02:23:25 +0900] "GET /image/new.png HTTP/1.1" 200 796 "http://www.nmug.org/" "Mozilla/4.0 (compatible; MSIE 6.0; Windows NT 5.1; SV1; .NET CLR 1.0.3705)"
84.56.244.53 - - [27/Apr/2005:02:23:25 +0900] "GET /image/edit.png HTTP/1.1" 200 1295 "http://www.nmug.org/" "Mozilla/4.0 (compatible; MSIE 6.0; Windows NT 5.1; SV1; .NET CLR 1.0.3705)"
84.56.244.53 - - [27/Apr/2005:02:23:25 +0900] "GET /image/freeze.png HTTP/1.1" 200 352 "http://www.nmug.org/" "Mozilla/4.0 (compatible; MSIE 6.0; Windows NT 5.1; SV1; .NET CLR 1.0.3705)"
84.56.244.53 - - [27/Apr/2005:02:23:26 +0900] "GET /image/diff.png HTTP/1.1" 200 507 "http://www.nmug.org/" "Mozilla/4.0 (compatible; MSIE 6.0; Windows NT 5.1; SV1; .NET CLR 1.0.3705)"
84.56.244.53 - - [27/Apr/2005:02:23:26 +0900] "GET /image/file.png HTTP/1.1" 200 1280 "http://www.nmug.org/" "Mozilla/4.0 (compatible; MSIE 6.0; Windows NT 5.1; SV1; .NET CLR 1.0.3705)"
84.56.244.53 - - [27/Apr/2005:02:23:26 +0900] "GET /image/copy.png HTTP/1.1" 200 490 "http://www.nmug.org/" "Mozilla/4.0 (compatible; MSIE 6.0; Windows NT 5.1; SV1; .NET CLR 1.0.3705)"
84.56.244.53 - - [27/Apr/2005:02:23:26 +0900] "GET /image/rename.png HTTP/1.1" 200 339 "http://www.nmug.org/" "Mozilla/4.0 (compatible; MSIE 6.0; Windows NT 5.1; SV1; .NET CLR 1.0.3705)"
84.56.244.53 - - [27/Apr/2005:02:23:26 +0900] "GET /image/top.png HTTP/1.1" 200 1299 "http://www.nmug.org/" "Mozilla/4.0 (compatible; MSIE 6.0; Windows NT 5.1; SV1; .NET CLR 1.0.3705)"
84.56.244.53 - - [27/Apr/2005:02:23:26 +0900] "GET /image/list.png HTTP/1.1" 200 1234 "http://www.nmug.org/" "Mozilla/4.0 (compatible; MSIE 6.0; Windows NT 5.1; SV1; .NET CLR 1.0.3705)"
84.56.244.53 - - [27/Apr/2005:02:23:26 +0900] "GET /image/search.png HTTP/1.1" 200 1285 "http://www.nmug.org/" "Mozilla/4.0 (compatible; MSIE 6.0; Windows NT 5.1; SV1; .NET CLR 1.0.3705)"
84.56.244.53 - - [27/Apr/2005:02:23:26 +0900] "GET /image/recentchanges.png HTTP/1.1" 200 1314 "http://www.nmug.org/" "Mozilla/4.0 (compatible; MSIE 6.0; Windows NT 5.1; SV1; .NET CLR 1.0.3705)"
84.56.244.53 - - [27/Apr/2005:02:23:27 +0900] "GET /image/backup.png HTTP/1.1" 200 1261 "http://www.nmug.org/" "Mozilla/4.0 (compatible; MSIE 6.0; Windows NT 5.1; SV1; .NET CLR 1.0.3705)"
84.56.244.53 - - [27/Apr/2005:02:23:27 +0900] "GET /image/help.png HTTP/1.1" 200 1274 "http://www.nmug.org/" "Mozilla/4.0 (compatible; MSIE 6.0; Windows NT 5.1; SV1; .NET CLR 1.0.3705)"
84.56.244.53 - - [27/Apr/2005:02:23:27 +0900] "GET /image/rss.png HTTP/1.1" 200 1137 "http://www.nmug.org/" "Mozilla/4.0 (compatible; MSIE 6.0; Windows NT 5.1; SV1; .NET CLR 1.0.3705)"
68.142.251.95 - - [27/Apr/2005:02:40:15 +0900] "GET /robots.txt HTTP/1.0" 200 0 "-" "Mozilla/5.0 (compatible; Yahoo! Slurp; http://help.yahoo.com/help/us/ysearch/slurp)"
68.142.251.144 - - [27/Apr/2005:02:40:16 +0900] "GET /pukiwiki.php?PHP HTTP/1.0" 200 10390 "-" "Mozilla/5.0 (compatible; Yahoo! Slurp; http://help.yahoo.com/help/us/ysearch/slurp)"
207.46.98.127 - - [27/Apr/2005:02:40:17 +0900] "GET /robots.txt HTTP/1.0" 200 0 "-" "msnbot/1.0 (+http://search.msn.com/msnbot.htm)"
207.46.98.127 - - [27/Apr/2005:02:40:18 +0900] "GET /pukiwiki.php?cmd=rss10 HTTP/1.0" 200 5128 "-" "msnbot/1.0 (+http://search.msn.com/msnbot.htm)"
221.186.146.26 - - [27/Apr/2005:02:48:35 +0900] "HEAD / HTTP/1.1" 200 0 "-" "Hatena Antenna/0.4 (http://a.hatena.ne.jp/help)"
221.186.146.26 - - [27/Apr/2005:02:48:36 +0900] "GET / HTTP/1.1" 200 14569 "-" "Hatena Antenna/0.4 (http://a.hatena.ne.jp/help)"
207.46.98.66 - - [27/Apr/2005:02:57:40 +0900] "GET /pukiwiki/pukiwiki.php?cmd=rss10 HTTP/1.0" 200 9365 "-" "msnbot/1.0 (+http://search.msn.com/msnbot.htm)"
64.242.88.50 - - [27/Apr/2005:03:10:20 +0900] "GET /pukiwiki.php?\xc3\x83\xc2\x82\xc3\x82\xc2\xa5\xc3\x83\xc2\x82\xc3\x82\xc2\xa2\xc3\x83\xc2\x82\xc3\x82\xc2\xa5\xc3\x83\xc2\x83\xc3\x82\xc2\xb3\xc3\x83\xc2\x82\xc3\x82\xc2\xa5\xc3\x83\xc2\x82\xc3\x82\xc2\xb1\xc3\x83\xc2\x82\xc3\x82\xc2\xa1\xc3\x83\xc2\x82\xc3\x82\xc2\xbc\xc3\x83\xc2\x82\xc3\x82\xc2\xa5\xc3\x83\xc2\x83\xc3\x82\xc2\x88 HTTP/1.1" 200 11442 "-" "Mozilla/4.0 compatible ZyBorg/1.0 Dead Link Checker (wn.dlc@looksmart.net; http://www.WISEnutbot.com)"
211.17.97.176 - - [27/Apr/2005:03:26:25 +0900] "GET /cgi/imgbbs/imgboard.html HTTP/1.1" 200 8856 "http://images.google.co.jp/imgres?imgurl=http://l-lab.org/cgi/imgbbs/src/1055022030.jpg&imgrefurl=http://l-lab.org/cgi/imgbbs/imgboard.html&h=480&w=640&sz=65&tbnid=bpnRoDN3l_oJ:&tbnh=101&tbnw=135&start=57&prev=/images%3Fq%3D%25E3%2583%25AD%25E3%2583%25AA%26start%3D40%26hl%3Dja%26lr%3D%26ie%3DUTF-8%26inlang%3Dja%26c2coff%3D1%26sa%3DN" "Mozilla/4.0 (compatible; MSIE 5.01; Windows 98)"
211.17.97.176 - - [27/Apr/2005:03:26:33 +0900] "GET /cgi/imgbbs/thumb/1055022030s.jpg HTTP/1.1" 200 17045 "http://l-lab.org/cgi/imgbbs/imgboard.html" "Mozilla/4.0 (compatible; MSIE 5.01; Windows 98)"
211.17.97.176 - - [27/Apr/2005:03:26:36 +0900] "GET /cgi/imgbbs/thumb/1073641855s.jpg HTTP/1.1" 200 19771 "http://l-lab.org/cgi/imgbbs/imgboard.html" "Mozilla/4.0 (compatible; MSIE 5.01; Windows 98)"
207.68.146.55 - - [27/Apr/2005:03:34:39 +0900] "GET /robots.txt HTTP/1.0" 200 0 "-" "msnbot/1.0 (+http://search.msn.com/msnbot.htm)"
207.68.146.55 - - [27/Apr/2005:03:34:39 +0900] "GET /mozilla/ HTTP/1.0" 200 10503 "-" "msnbot/1.0 (+http://search.msn.com/msnbot.htm)"
207.68.146.56 - - [27/Apr/2005:04:05:57 +0900] "GET /robots.txt HTTP/1.0" 200 0 "-" "msnbot/1.0 (+http://search.msn.com/msnbot.htm)"
207.68.146.56 - - [27/Apr/2005:04:05:58 +0900] "GET /pukiwiki.php?PukiWiki HTTP/1.0" 200 11878 "-" "msnbot/1.0 (+http://search.msn.com/msnbot.htm)"
66.196.90.37 - - [27/Apr/2005:04:38:17 +0900] "GET /robots.txt HTTP/1.0" 200 0 "-" "Mozilla/5.0 (compatible; Yahoo! Slurp; http://help.yahoo.com/help/us/ysearch/slurp)"
66.196.91.33 - - [27/Apr/2005:04:38:17 +0900] "GET /pukiwiki/pukiwiki.php?%CF%BF%B2%BB%A4%CE%BD%C9%C2%EA HTTP/1.0" 200 12033 "-" "Mozilla/5.0 (compatible; Yahoo! Slurp; http://help.yahoo.com/help/us/ysearch/slurp)"
