207.46.98.127 - - [26/Apr/2005:17:16:09 +0900] "GET /pukiwiki.php?%A5%C4%A1%BC%A5%EA%A5%F3%A5%B0%A5%B9%A5%DD%A5%C3%A5%C8 HTTP/1.0" 200 11597 "-" "msnbot/1.0 (+http://search.msn.com/msnbot.htm)"
207.46.98.66 - - [26/Apr/2005:17:17:14 +0900] "GET /pukiwiki/pukiwiki.php?plugin=newpage HTTP/1.0" 200 4191 "-" "msnbot/1.0 (+http://search.msn.com/msnbot.htm)"
207.46.98.127 - - [26/Apr/2005:17:19:40 +0900] "GET /pukiwiki.php?%CD%BD%C4%EA%C9%BD HTTP/1.0" 200 19534 "-" "msnbot/1.0 (+http://search.msn.com/msnbot.htm)"
207.46.98.127 - - [26/Apr/2005:17:21:44 +0900] "GET /pukiwiki.php?%CD%BD%C4%EA%C9%BD%2F2004-08-15 HTTP/1.0" 200 10936 "-" "msnbot/1.0 (+http://search.msn.com/msnbot.htm)"
207.46.98.66 - - [26/Apr/2005:17:21:57 +0900] "GET /pukiwiki/pukiwiki.php?PukiWiki HTTP/1.0" 200 20766 "-" "msnbot/1.0 (+http://search.msn.com/msnbot.htm)"
207.46.98.66 - - [26/Apr/2005:17:26:26 +0900] "GET /pukiwiki/pukiwiki.php?plugin=newpage&refer=FrontPage HTTP/1.0" 200 4200 "-" "msnbot/1.0 (+http://search.msn.com/msnbot.htm)"
207.46.98.66 - - [26/Apr/2005:17:28:19 +0900] "GET /pukiwiki/pukiwiki.php?cmd=search&word=FrontPage HTTP/1.0" 200 6124 "-" "msnbot/1.0 (+http://search.msn.com/msnbot.htm)"
207.46.98.66 - - [26/Apr/2005:17:37:29 +0900] "GET /robots.txt HTTP/1.0" 200 0 "-" "msnbot/1.0 (+http://search.msn.com/msnbot.htm)"
207.46.98.66 - - [26/Apr/2005:17:37:29 +0900] "GET /mrtg/casper_cpu1.html HTTP/1.0" 200 7972 "-" "msnbot/1.0 (+http://search.msn.com/msnbot.htm)"
207.46.98.66 - - [26/Apr/2005:17:39:41 +0900] "GET /mrtg/melchior_load.html HTTP/1.0" 200 8182 "-" "msnbot/1.0 (+http://search.msn.com/msnbot.htm)"
207.46.98.66 - - [26/Apr/2005:17:41:25 +0900] "GET /pukiwiki/pukiwiki.php?%C0%B0%B7%C1%A5%EB%A1%BC%A5%EB HTTP/1.0" 200 62206 "-" "msnbot/1.0 (+http://search.msn.com/msnbot.htm)"
207.46.98.66 - - [26/Apr/2005:17:42:28 +0900] "GET /pukiwiki/pukiwiki.php?cmd=edit&page=TrackBack&refer=PukiWiki%2F1.4%2F%A5%DE%A5%CB%A5%E5%A5%A2%A5%EB%2F%A5%D7%A5%E9%A5%B0%A5%A4%A5%F3%2Ft HTTP/1.0" 200 10348 "-" "msnbot/1.0 (+http://search.msn.com/msnbot.htm)"
218.230.15.177 - - [26/Apr/2005:17:43:11 +0900] "GET /cgi/imgbbs2/imgboard.html HTTP/1.1" 404 297 "http://images.search.yahoo.co.jp/bin/search?p=%A4%AA%A4%F3%A4%D7%A4%C1%A4%E3%A4%F3&n=20&b=260&c=image&rh=20&" "Mozilla/4.0 (compatible; MSIE 6.0; Windows NT 5.0)"
207.46.98.66 - - [26/Apr/2005:17:44:03 +0900] "GET /pukiwiki/pukiwiki.php?cmd=edit&page=%CF%BF%B2%BB%A4%CE%BD%C9%C2%EA HTTP/1.0" 200 10880 "-" "msnbot/1.0 (+http://search.msn.com/msnbot.htm)"
207.46.98.66 - - [26/Apr/2005:17:45:41 +0900] "GET /pukiwiki/pukiwiki.php?WikiName HTTP/1.0" 200 11693 "-" "msnbot/1.0 (+http://search.msn.com/msnbot.htm)"
207.46.98.66 - - [26/Apr/2005:17:46:32 +0900] "GET /pukiwiki/pukiwiki.php?cmd=freeze&page=%CF%BF%B2%BB%A4%CE%BD%C9%C2%EA HTTP/1.0" 200 6442 "-" "msnbot/1.0 (+http://search.msn.com/msnbot.htm)"
207.46.98.66 - - [26/Apr/2005:17:46:45 +0900] "GET /pukiwiki/pukiwiki.php?cmd=edit&page=%CF%BF%B2%BB%B8%EC%CF%BF HTTP/1.0" 200 16104 "-" "msnbot/1.0 (+http://search.msn.com/msnbot.htm)"
207.46.98.66 - - [26/Apr/2005:17:47:38 +0900] "GET /cgi/imgbbs/res/res138.html HTTP/1.0" 200 3503 "-" "msnbot/1.0 (+http://search.msn.com/msnbot.htm)"
207.46.98.66 - - [26/Apr/2005:17:48:38 +0900] "GET /pukiwiki/pukiwiki.php?cmd=edit&page=JeCxl&refer=%8E%C3%8E%DD%8E%CC%8E%DF%8E%DA HTTP/1.0" 200 10216 "-" "msnbot/1.0 (+http://search.msn.com/msnbot.htm)"
207.46.98.66 - - [26/Apr/2005:17:49:30 +0900] "GET /pukiwiki/pukiwiki.php?WikiEngines HTTP/1.0" 200 12045 "-" "msnbot/1.0 (+http://search.msn.com/msnbot.htm)"
207.46.98.66 - - [26/Apr/2005:17:49:49 +0900] "GET /pukiwiki/pukiwiki.php?plugin=attach&pcmd=upload&page=%A5%D8%A5%EB%A5%D7 HTTP/1.0" 200 6726 "-" "msnbot/1.0 (+http://search.msn.com/msnbot.htm)"
207.46.98.66 - - [26/Apr/2005:17:50:31 +0900] "GET /pukiwiki/pukiwiki.php?cmd=unfreeze&page=%A5%D8%A5%EB%A5%D7 HTTP/1.0" 200 6256 "-" "msnbot/1.0 (+http://search.msn.com/msnbot.htm)"
207.46.98.66 - - [26/Apr/2005:17:51:22 +0900] "GET /pukiwiki/pukiwiki.php?cmd=diff&page=%A5%D8%A5%EB%A5%D7 HTTP/1.0" 200 8033 "-" "msnbot/1.0 (+http://search.msn.com/msnbot.htm)"
207.46.98.127 - - [26/Apr/2005:18:00:24 +0900] "GET /pukiwiki.php?%CD%BD%C4%EA%C9%BD%2F2005-03-12 HTTP/1.0" 200 10922 "-" "msnbot/1.0 (+http://search.msn.com/msnbot.htm)"
219.56.188.113 - - [26/Apr/2005:18:09:45 +0900] "GET / HTTP/1.1" 200 3379 "http://eru.dcnblog.jp/about.html" "Mozilla/4.0 (compatible; MSIE 6.0; Windows NT 5.1; SV1; .NET CLR 1.1.4322)"
219.56.188.113 - - [26/Apr/2005:18:09:45 +0900] "GET /site.css HTTP/1.1" 200 2606 "http://l-lab.org/" "Mozilla/4.0 (compatible; MSIE 6.0; Windows NT 5.1; SV1; .NET CLR 1.1.4322)"
219.56.188.113 - - [26/Apr/2005:18:09:46 +0900] "GET /image/ellabo.gif HTTP/1.1" 200 21868 "http://l-lab.org/" "Mozilla/4.0 (compatible; MSIE 6.0; Windows NT 5.1; SV1; .NET CLR 1.1.4322)"
219.56.188.113 - - [26/Apr/2005:18:09:46 +0900] "GET /image/L_bnr.png HTTP/1.1" 200 6449 "http://l-lab.org/" "Mozilla/4.0 (compatible; MSIE 6.0; Windows NT 5.1; SV1; .NET CLR 1.1.4322)"
202.108.1.10 - - [26/Apr/2005:18:10:39 +0900] "HEAD / HTTP/1.1" 200 0 "-" "User-Agent: Mozilla/4.0 (compatible; MSIE 5.5; Windows NT 5.0)"
202.108.1.10 - - [26/Apr/2005:18:10:44 +0900] "GET / HTTP/1.1" 200 14568 "-" "User-Agent: Mozilla/4.0 (compatible; MSIE 5.5; Windows NT 5.0)"
202.108.1.10 - - [26/Apr/2005:18:10:45 +0900] "GET /skin/print.ja.css HTTP/1.1" 200 499 "-" "User-Agent: Mozilla/4.0 (compatible; MSIE 5.5; Windows NT 5.0)"
202.108.1.10 - - [26/Apr/2005:18:10:46 +0900] "GET /skin/default.ja.css HTTP/1.1" 200 7705 "-" "User-Agent: Mozilla/4.0 (compatible; MSIE 5.5; Windows NT 5.0)"
221.186.146.26 - - [26/Apr/2005:18:13:28 +0900] "HEAD / HTTP/1.1" 200 0 "-" "Hatena Antenna/0.4 (http://a.hatena.ne.jp/help)"
221.186.146.26 - - [26/Apr/2005:18:13:29 +0900] "GET / HTTP/1.1" 200 14568 "-" "Hatena Antenna/0.4 (http://a.hatena.ne.jp/help)"
207.68.146.56 - - [26/Apr/2005:18:14:04 +0900] "GET /pukiwiki.php?%CD%BD%C4%EA%C9%BD%2F2005-02-12 HTTP/1.0" 200 10906 "-" "msnbot/1.0 (+http://search.msn.com/msnbot.htm)"
209.237.238.172 - - [26/Apr/2005:18:16:08 +0900] "GET /pukiwiki/pukiwiki.php?%CF%BF%B2%BB%B8%EC%CF%BF HTTP/1.0" 200 15269 "-" "ia_archiver"
207.46.98.66 - - [26/Apr/2005:18:19:06 +0900] "GET /pukiwiki/pukiwiki.php?cmd=backup&page=%CF%BF%B2%BB%A4%CE%C2%AD%C0%D7 HTTP/1.0" 200 6116 "-" "msnbot/1.0 (+http://search.msn.com/msnbot.htm)"
64.242.88.50 - - [26/Apr/2005:18:20:56 +0900] "GET /pukiwiki.php?\xc3\x83\xc2\x83\xc3\x82\xc2\x8d\xc3\x83\xc2\x82\xc3\x82\xc2\xbd\xc3\x83\xc2\x83\xc3\x82\xc2\x84\xc3\x83\xc2\x83\xc3\x82\xc2\xaa\xc3\x83\xc2\x83\xc3\x82\xc2\x89\xc3\x83\xc2\x82\xc3\x82\xc2\xbd/2004-08-15 HTTP/1.1" 200 11782 "-" "Mozilla/4.0 compatible ZyBorg/1.0 Dead Link Checker (wn.dlc@looksmart.net; http://www.WISEnutbot.com)"
207.46.98.66 - - [26/Apr/2005:18:21:38 +0900] "GET /pukiwiki/pukiwiki.php?cmd=diff&page=%CF%BF%B2%BB%B8%EC%CF%BF HTTP/1.0" 200 12242 "-" "msnbot/1.0 (+http://search.msn.com/msnbot.htm)"
64.242.88.50 - - [26/Apr/2005:18:24:22 +0900] "GET /robots.txt HTTP/1.1" 200 0 "-" "Mozilla/4.0 compatible ZyBorg/1.0 Dead Link Checker (wn.dlc@looksmart.net; http://www.WISEnutbot.com)"
66.196.90.96 - - [26/Apr/2005:18:31:02 +0900] "GET /robots.txt HTTP/1.0" 200 0 "-" "Mozilla/5.0 (compatible; Yahoo! Slurp; http://help.yahoo.com/help/us/ysearch/slurp)"
66.196.91.75 - - [26/Apr/2005:18:31:05 +0900] "GET /pukiwiki.php?%A5%D8%A5%EB%A5%D7 HTTP/1.0" 200 62377 "-" "Mozilla/5.0 (compatible; Yahoo! Slurp; http://help.yahoo.com/help/us/ysearch/slurp)"
203.76.72.12 - - [26/Apr/2005:18:37:54 +0900] "GET /cgi/imgbbs2/img2.html HTTP/1.1" 404 293 "-" "Mozilla/4.0 (compatible; MSIE 6.0; Windows NT 5.1; SV1)"
203.76.72.12 - - [26/Apr/2005:18:42:38 +0900] "GET /cgi/imgbbs2/src/1064937484.jpg HTTP/1.1" 404 302 "-" "Mozilla/4.0 (compatible; MSIE 6.0; Windows NT 5.1; SV1)"
68.142.249.142 - - [26/Apr/2005:18:43:03 +0900] "GET /robots.txt HTTP/1.0" 200 0 "-" "Mozilla/5.0 (compatible; Yahoo! Slurp; http://help.yahoo.com/help/us/ysearch/slurp)"
68.142.250.115 - - [26/Apr/2005:18:43:04 +0900] "GET /prog?D=A HTTP/1.0" 301 296 "-" "Mozilla/5.0 (compatible; Yahoo! Slurp; http://help.yahoo.com/help/us/ysearch/slurp)"
68.142.250.115 - - [26/Apr/2005:18:43:04 +0900] "GET /prog/?D=A HTTP/1.0" 200 1380 "-" "Mozilla/5.0 (compatible; Yahoo! Slurp; http://help.yahoo.com/help/us/ysearch/slurp)"
207.46.98.127 - - [26/Apr/2005:18:45:10 +0900] "GET /pukiwiki.php?cmd=backup&page=%CD%BD%C4%EA%C9%BD HTTP/1.0" 200 4678 "-" "msnbot/1.0 (+http://search.msn.com/msnbot.htm)"
207.46.98.127 - - [26/Apr/2005:18:45:30 +0900] "GET /pukiwiki.php?plugin=attach&pcmd=upload&page=%CD%BD%C4%EA%C9%BD%2F2004-11-02 HTTP/1.0" 200 6763 "-" "msnbot/1.0 (+http://search.msn.com/msnbot.htm)"
207.46.98.127 - - [26/Apr/2005:18:46:25 +0900] "GET /pukiwiki.php?cmd=search&word=%A5%A2%A5%F3%A5%B1%A1%BC%A5%C8 HTTP/1.0" 200 4934 "-" "msnbot/1.0 (+http://search.msn.com/msnbot.htm)"
207.46.98.127 - - [26/Apr/2005:18:46:35 +0900] "GET /pukiwiki.php?plugin=attach&pcmd=upload&page=PukiWiki HTTP/1.0" 200 6345 "-" "msnbot/1.0 (+http://search.msn.com/msnbot.htm)"
207.46.98.127 - - [26/Apr/2005:18:46:40 +0900] "GET /pukiwiki.php?cmd=edit&page=%CD%BD%C4%EA%C9%BD%2F2005-04-14&refer=%CD%BD%C4%EA%C9%BD HTTP/1.0" 200 9333 "-" "msnbot/1.0 (+http://search.msn.com/msnbot.htm)"
207.46.98.127 - - [26/Apr/2005:18:47:08 +0900] "GET /pukiwiki.php?cmd=edit&page=%CD%BD%C4%EA%C9%BD%2F2005-04-22&refer=%CD%BD%C4%EA%C9%BD HTTP/1.0" 200 9333 "-" "msnbot/1.0 (+http://search.msn.com/msnbot.htm)"
207.46.98.127 - - [26/Apr/2005:18:48:36 +0900] "GET /pukiwiki.php?cmd=edit&page=%CD%BD%C4%EA%C9%BD%2F2005-04-23&refer=%CD%BD%C4%EA%C9%BD HTTP/1.0" 200 9333 "-" "msnbot/1.0 (+http://search.msn.com/msnbot.htm)"
207.46.98.127 - - [26/Apr/2005:18:48:42 +0900] "GET /pukiwiki.php?cmd=edit&page=%CD%BD%C4%EA%C9%BD%2F2005-04-15&refer=%CD%BD%C4%EA%C9%BD HTTP/1.0" 200 9333 "-" "msnbot/1.0 (+http://search.msn.com/msnbot.htm)"
207.46.98.127 - - [26/Apr/2005:18:48:49 +0900] "GET /pukiwiki.php?cmd=edit&page=%C6%FC%B5%AD&refer=%CD%BD%C4%EA%C9%BD%2F2004-07-19 HTTP/1.0" 200 8993 "-" "msnbot/1.0 (+http://search.msn.com/msnbot.htm)"
207.46.98.127 - - [26/Apr/2005:18:50:36 +0900] "GET /pukiwiki.php?plugin=newpage&refer=%CD%BD%C4%EA%C9%BD%2F2004-07-19 HTTP/1.0" 200 4150 "-" "msnbot/1.0 (+http://search.msn.com/msnbot.htm)"
207.46.98.127 - - [26/Apr/2005:18:50:43 +0900] "GET /pukiwiki.php?cmd=search&word=%CD%BD%C4%EA%C9%BD%2F2004-07-19 HTTP/1.0" 200 4699 "-" "msnbot/1.0 (+http://search.msn.com/msnbot.htm)"
210.198.149.155 - - [26/Apr/2005:18:52:08 +0900] "GET /cgi/imgbbs/res/res181.html HTTP/1.1" 200 3657 "http://images.search.yahoo.co.jp/bin/search?p=%A5%AB%A1%BC%A5%C9%A5%AD%A5%E3%A5%D7%A5%BF%A1%BC%A4%B5%A4%AF%A4%E9&n=20&b=3380&c=image&rh=20&" "Mozilla/4.0 (compatible; MSIE 6.0; Windows NT 5.1; .NET CLR 1.1.4322)"
210.198.149.155 - - [26/Apr/2005:18:52:08 +0900] "GET /cgi/imgbbs/thumb/1064776433s.png HTTP/1.1" 200 289 "http://l-lab.org/cgi/imgbbs/res/res181.html" "Mozilla/4.0 (compatible; MSIE 6.0; Windows NT 5.1; .NET CLR 1.1.4322)"
64.242.88.50 - - [26/Apr/2005:18:54:32 +0900] "GET /pukiwiki.php?cmd=search HTTP/1.1" 200 4239 "-" "Mozilla/4.0 compatible ZyBorg/1.0 Dead Link Checker (wn.dlc@looksmart.net; http://www.WISEnutbot.com)"
211.19.217.207 - - [26/Apr/2005:19:01:57 +0900] "GET /test-gif.txt HTTP/1.1" 200 59 "http://developer.jp/mozilla/mozlog0426" "Mozilla/5.0 (Windows; U; Win98; ja-JP; rv:1.7.7) Gecko/20050414 Firefox/1.0.3"
211.19.217.207 - - [26/Apr/2005:19:02:03 +0900] "GET /favicon.ico HTTP/1.1" 200 894 "-" "Mozilla/5.0 (Windows; U; Win98; ja-JP; rv:1.7.7) Gecko/20050414 Firefox/1.0.3"
219.110.54.30 - - [26/Apr/2005:19:14:10 +0900] "GET /cgi/imgbbs/imgboard.html HTTP/1.1" 200 8856 "http://images.google.co.jp/imgres?imgurl=http://l-lab.org/cgi/imgbbs/src/1055022030.jpg&imgrefurl=http://l-lab.org/cgi/imgbbs/imgboard.html&h=480&w=640&sz=65&tbnid=bpnRoDN3l_oJ:&tbnh=101&tbnw=135&start=57&prev=/images%3Fq%3D%25E3%2580%2580%25E3%2583%25AD%25E3%2583%25AA%26start%3D40%26hl%3Dja%26lr%3D%26sa%3DN" "Mozilla/4.0 (compatible; MSIE 6.0; Windows NT 5.1)"
219.110.54.30 - - [26/Apr/2005:19:14:12 +0900] "GET /cgi/imgbbs/thumb/1055022030s.jpg HTTP/1.1" 200 17045 "http://l-lab.org/cgi/imgbbs/imgboard.html" "Mozilla/4.0 (compatible; MSIE 6.0; Windows NT 5.1)"
219.110.54.30 - - [26/Apr/2005:19:14:12 +0900] "GET /cgi/imgbbs/thumb/1073641855s.jpg HTTP/1.1" 200 19771 "http://l-lab.org/cgi/imgbbs/imgboard.html" "Mozilla/4.0 (compatible; MSIE 6.0; Windows NT 5.1)"
207.46.98.127 - - [26/Apr/2005:19:18:33 +0900] "GET /pukiwiki.php?cmd=edit&page=%C6%FC%B5%AD&refer=%A5%A2%A5%F3%A5%B1%A1%BC%A5%C8 HTTP/1.0" 200 8979 "-" "msnbot/1.0 (+http://search.msn.com/msnbot.htm)"
68.142.251.95 - - [26/Apr/2005:19:19:29 +0900] "GET /robots.txt HTTP/1.0" 200 0 "-" "Mozilla/5.0 (compatible; Yahoo! Slurp; http://help.yahoo.com/help/us/ysearch/slurp)"
68.142.249.95 - - [26/Apr/2005:19:19:30 +0900] "GET /pukiwiki.php?YukiWiki HTTP/1.0" 200 10546 "-" "Mozilla/5.0 (compatible; Yahoo! Slurp; http://help.yahoo.com/help/us/ysearch/slurp)"
207.46.98.127 - - [26/Apr/2005:19:19:49 +0900] "GET /pukiwiki.php?plugin=attach&pcmd=upload&page=WikiName HTTP/1.0" 200 6345 "-" "msnbot/1.0 (+http://search.msn.com/msnbot.htm)"
210.255.112.33 - - [26/Apr/2005:19:37:45 +0900] "GET /mrtg/melchior_load.html HTTP/1.1" 200 8182 "http://www.google.co.jp/search?q=mrtg+cpu+load+average&hl=ja&lr=lang_ja&start=30&sa=N" "Mozilla/5.0 (Windows; U; Windows NT 5.1; ja-JP; rv:1.6) Gecko/20040206 Firefox/0.8"
210.255.112.33 - - [26/Apr/2005:19:37:45 +0900] "GET /mrtg/melchior_load-week.png HTTP/1.1" 200 1812 "http://l-lab.org/mrtg/melchior_load.html" "Mozilla/5.0 (Windows; U; Windows NT 5.1; ja-JP; rv:1.6) Gecko/20040206 Firefox/0.8"
210.255.112.33 - - [26/Apr/2005:19:37:45 +0900] "GET /mrtg/melchior_load-month.png HTTP/1.1" 200 1756 "http://l-lab.org/mrtg/melchior_load.html" "Mozilla/5.0 (Windows; U; Windows NT 5.1; ja-JP; rv:1.6) Gecko/20040206 Firefox/0.8"
210.255.112.33 - - [26/Apr/2005:19:37:45 +0900] "GET /mrtg/melchior_load-day.png HTTP/1.1" 200 1968 "http://l-lab.org/mrtg/melchior_load.html" "Mozilla/5.0 (Windows; U; Windows NT 5.1; ja-JP; rv:1.6) Gecko/20040206 Firefox/0.8"
210.255.112.33 - - [26/Apr/2005:19:37:45 +0900] "GET /mrtg/melchior_load-year.png HTTP/1.1" 200 2187 "http://l-lab.org/mrtg/melchior_load.html" "Mozilla/5.0 (Windows; U; Windows NT 5.1; ja-JP; rv:1.6) Gecko/20040206 Firefox/0.8"
210.255.112.33 - - [26/Apr/2005:19:37:45 +0900] "GET /mrtg/mrtg-l.png HTTP/1.1" 200 538 "http://l-lab.org/mrtg/melchior_load.html" "Mozilla/5.0 (Windows; U; Windows NT 5.1; ja-JP; rv:1.6) Gecko/20040206 Firefox/0.8"
210.255.112.33 - - [26/Apr/2005:19:37:45 +0900] "GET /mrtg/mrtg-m.png HTTP/1.1" 200 414 "http://l-lab.org/mrtg/melchior_load.html" "Mozilla/5.0 (Windows; U; Windows NT 5.1; ja-JP; rv:1.6) Gecko/20040206 Firefox/0.8"
210.255.112.33 - - [26/Apr/2005:19:37:45 +0900] "GET /mrtg/mrtg-r.png HTTP/1.1" 200 1759 "http://l-lab.org/mrtg/melchior_load.html" "Mozilla/5.0 (Windows; U; Windows NT 5.1; ja-JP; rv:1.6) Gecko/20040206 Firefox/0.8"
210.255.112.33 - - [26/Apr/2005:19:37:45 +0900] "GET /favicon.ico HTTP/1.1" 200 894 "-" "Mozilla/5.0 (Windows; U; Windows NT 5.1; ja-JP; rv:1.6) Gecko/20040206 Firefox/0.8"
207.46.98.66 - - [26/Apr/2005:19:54:56 +0900] "GET /cgi/imgbbs/res/res168.html HTTP/1.0" 200 3122 "-" "msnbot/1.0 (+http://search.msn.com/msnbot.htm)"
207.46.98.66 - - [26/Apr/2005:19:56:41 +0900] "GET /cgi/imgbbs/res/res159.html HTTP/1.0" 200 3576 "-" "msnbot/1.0 (+http://search.msn.com/msnbot.htm)"
66.196.90.37 - - [26/Apr/2005:20:02:35 +0900] "GET /robots.txt HTTP/1.0" 200 0 "-" "Mozilla/5.0 (compatible; Yahoo! Slurp; http://help.yahoo.com/help/us/ysearch/slurp)"
66.196.91.101 - - [26/Apr/2005:20:02:36 +0900] "GET /pukiwiki/pukiwiki.php?%CF%BF%B2%BB%A4%C8%A4%E2%A4%C3%A4%B5%A4%EA%A5%DE%A1%BC%A5%AF HTTP/1.0" 200 16681 "-" "Mozilla/5.0 (compatible; Yahoo! Slurp; http://help.yahoo.com/help/us/ysearch/slurp)"
207.68.146.55 - - [26/Apr/2005:20:26:17 +0900] "GET /robots.txt HTTP/1.0" 200 0 "-" "msnbot/1.0 (+http://search.msn.com/msnbot.htm)"
207.68.146.55 - - [26/Apr/2005:20:26:17 +0900] "GET /cgi/imgbbs/imgboard.html HTTP/1.0" 200 8856 "-" "msnbot/1.0 (+http://search.msn.com/msnbot.htm)"
221.189.186.99 - - [26/Apr/2005:20:46:34 +0900] "GET / HTTP/1.1" 200 3379 "-" "Mozilla/4.0 (compatible; MSIE 6.0; Windows NT 5.1; SV1)"
221.189.186.99 - - [26/Apr/2005:20:46:35 +0900] "GET /site.css HTTP/1.1" 200 2606 "http://l-lab.org/" "Mozilla/4.0 (compatible; MSIE 6.0; Windows NT 5.1; SV1)"
221.189.186.99 - - [26/Apr/2005:20:46:35 +0900] "GET /image/ellabo.gif HTTP/1.1" 200 21868 "http://l-lab.org/" "Mozilla/4.0 (compatible; MSIE 6.0; Windows NT 5.1; SV1)"
221.189.186.99 - - [26/Apr/2005:20:46:35 +0900] "GET /image/L_bnr.png HTTP/1.1" 200 6449 "http://l-lab.org/" "Mozilla/4.0 (compatible; MSIE 6.0; Windows NT 5.1; SV1)"
221.186.146.26 - - [26/Apr/2005:20:50:58 +0900] "HEAD / HTTP/1.1" 200 0 "-" "Hatena Antenna/0.4 (http://a.hatena.ne.jp/help)"
221.186.146.26 - - [26/Apr/2005:20:50:58 +0900] "GET / HTTP/1.1" 200 14570 "-" "Hatena Antenna/0.4 (http://a.hatena.ne.jp/help)"
66.194.6.72 - - [26/Apr/2005:20:51:38 +0900] "GET /html/memo.html HTTP/1.1" 200 3967 "-" "Mozilla/4.0 (compatible; MSIE 6.0; Windows NT 5.1; Q312465)"
221.170.26.185 - - [26/Apr/2005:20:55:32 +0900] "GET /cgi/imgbbs/src/1066841667.jpg HTTP/1.1" 200 32176 "http://images.search.yahoo.co.jp/bin/search?p=%A5%B5%A5%E0%A5%CD%A5%A4%A5%EB&t=phrase&n=5&b=17&c=image&f=jpeg&imt=color&dim=medium&rh=20&d=1&to=19" "Mozilla/4.0 (compatible; MSIE 6.0; Windows NT 5.1)"
221.170.26.185 - - [26/Apr/2005:20:56:00 +0900] "GET /cgi/imgbbs/src/1066841667.jpg HTTP/1.1" 206 102712 "http://images.search.yahoo.co.jp/bin/search?p=%A5%B5%A5%E0%A5%CD%A5%A4%A5%EB&t=phrase&n=5&b=17&c=image&f=jpeg&imt=color&dim=medium&rh=20&d=1&to=19" "Mozilla/4.0 (compatible; MSIE 6.0; Windows NT 5.1)"
207.46.98.66 - - [26/Apr/2005:20:58:14 +0900] "GET /pukiwiki/pukiwiki.php?cmd=edit&page=SandBox HTTP/1.0" 200 16760 "-" "msnbot/1.0 (+http://search.msn.com/msnbot.htm)"
207.46.98.66 - - [26/Apr/2005:20:59:46 +0900] "GET /pukiwiki/pukiwiki.php?cmd=unfreeze&page=PukiWiki%2F1.4%2F%A5%DE%A5%CB%A5%E5%A5%A2%A5%EB%2F%A5%D7%A5%E9%A5%B0%A5%A4%A5%F3%2Fn HTTP/1.0" 200 7402 "-" "msnbot/1.0 (+http://search.msn.com/msnbot.htm)"
207.46.98.66 - - [26/Apr/2005:21:00:41 +0900] "GET /pukiwiki/pukiwiki.php?cmd=unfreeze&page=PukiWiki%2F1.4%2F%A5%DE%A5%CB%A5%E5%A5%A2%A5%EB%2F%A5%D7%A5%E9%A5%B0%A5%A4%A5%F3%2Fb HTTP/1.0" 200 7402 "-" "msnbot/1.0 (+http://search.msn.com/msnbot.htm)"
207.46.98.66 - - [26/Apr/2005:21:00:55 +0900] "GET /pukiwiki/pukiwiki.php?plugin=rename&refer=PukiWiki%2F1.4%2F%A5%DE%A5%CB%A5%E5%A5%A2%A5%EB%2F%A5%D7%A5%E9%A5%B0%A5%A4%A5%F3%2Fo HTTP/1.0" 200 4527 "-" "msnbot/1.0 (+http://search.msn.com/msnbot.htm)"
207.46.98.66 - - [26/Apr/2005:21:02:04 +0900] "GET /pukiwiki/pukiwiki.php?cmd=edit&page=PukiWiki%2F1.4%2F%A5%DE%A5%CB%A5%E5%A5%A2%A5%EB%2F%A5%D7%A5%E9%A5%B0%A5%A4%A5%F3%2Fm HTTP/1.0" 200 7182 "-" "msnbot/1.0 (+http://search.msn.com/msnbot.htm)"
207.46.98.66 - - [26/Apr/2005:21:02:20 +0900] "GET /pukiwiki/pukiwiki.php?plugin=attach&refer=%CF%BF%B2%BB%B4%D8%B7%B8%B2%E8%C1%FC&openfile=55455ff2ebb5.JPG HTTP/1.0" 200 35054 "-" "msnbot/1.0 (+http://search.msn.com/msnbot.htm)"
207.46.98.66 - - [26/Apr/2005:21:03:28 +0900] "GET /pukiwiki/pukiwiki.php?cmd=edit&page=%C6%FC%CB%DC%B8%EC HTTP/1.0" 200 10442 "-" "msnbot/1.0 (+http://search.msn.com/msnbot.htm)"
202.213.200.192 - - [26/Apr/2005:21:09:03 +0900] "GET /cgi/imgbbs/imgboard.html HTTP/1.1" 200 8856 "http://images.google.co.jp/imgres?imgurl=http://l-lab.org/cgi/imgbbs/src/1055022030.jpg&imgrefurl=http://l-lab.org/cgi/imgbbs/imgboard.html&h=480&w=640&sz=65&tbnid=bpnRoDN3l_oJ:&tbnh=101&tbnw=135&start=57&prev=/images%3Fq%3D%25E3%2583%25AD%25E3%2583%25AA%26start%3D40%26hl%3Dja%26lr%3D%26sa%3DN" "Mozilla/4.0 (compatible; MSIE 6.0; Windows NT 5.0; .NET CLR 1.1.4322)"
202.213.200.192 - - [26/Apr/2005:21:09:03 +0900] "GET /cgi/imgbbs/thumb/1055022030s.jpg HTTP/1.1" 200 17045 "http://l-lab.org/cgi/imgbbs/imgboard.html" "Mozilla/4.0 (compatible; MSIE 6.0; Windows NT 5.0; .NET CLR 1.1.4322)"
202.213.200.192 - - [26/Apr/2005:21:09:03 +0900] "GET /cgi/imgbbs/thumb/1073641855s.jpg HTTP/1.1" 200 19771 "http://l-lab.org/cgi/imgbbs/imgboard.html" "Mozilla/4.0 (compatible; MSIE 6.0; Windows NT 5.0; .NET CLR 1.1.4322)"
202.213.200.192 - - [26/Apr/2005:21:09:12 +0900] "GET /cgi/imgbbs/src/1055022030.jpg HTTP/1.1" 200 65548 "http://l-lab.org/cgi/imgbbs/imgboard.html" "Mozilla/4.0 (compatible; MSIE 6.0; Windows NT 5.0; .NET CLR 1.1.4322)"
207.46.98.127 - - [26/Apr/2005:21:18:31 +0900] "GET /pukiwiki.php?cmd=rss10 HTTP/1.0" 200 5128 "-" "msnbot/1.0 (+http://search.msn.com/msnbot.htm)"
207.46.98.66 - - [26/Apr/2005:21:19:07 +0900] "GET /pukiwiki/pukiwiki.php?WikiWikiWeb HTTP/1.0" 200 11433 "-" "msnbot/1.0 (+http://search.msn.com/msnbot.htm)"
207.46.98.66 - - [26/Apr/2005:21:21:24 +0900] "GET /etc/?N=D HTTP/1.0" 200 2207 "-" "msnbot/1.0 (+http://search.msn.com/msnbot.htm)"
219.157.107.140 - - [26/Apr/2005:21:23:59 +0900] "GET /default.ida?XXXXXXXXXXXXXXXXXXXXXXXXXXXXXXXXXXXXXXXXXXXXXXXXXXXXXXXXXXXXXXXXXXXXXXXXXXXXXXXXXXXXXXXXXXXXXXXXXXXXXXXXXXXXXXXXXXXXXXXXXXXXXXXXXXXXXXXXXXXXXXXXXXXXXXXXXXXXXXXXXXXXXXXXXXXXXXXXXXXXXXXXXXXXXXXXXXXXXXXXXXXXXXXXXXXXXXXXXXXXXXXX%u9090%u6858%ucbd3%u7801%u9090%u6858%ucbd3%u7801%u9090%u6858%ucbd3%u7801%u9090%u9090%u8190%u00c3%u0003%u8b00%u531b%u53ff%u0078%u0000%u00=a HTTP/1.0" 404 271 "-" "-"
207.46.98.66 - - [26/Apr/2005:21:24:35 +0900] "GET /pukiwiki/pukiwiki.php?plugin=attach&pcmd=upload&page=%CF%BF%B2%BB%A4%AC2ch%A4%CB%A4%AF%A4%EB%CD%FD%CD%B3 HTTP/1.0" 200 7326 "-" "msnbot/1.0 (+http://search.msn.com/msnbot.htm)"
207.46.98.66 - - [26/Apr/2005:21:27:20 +0900] "GET /pukiwiki/pukiwiki.php?cmd=diff&page=%CF%BF%B2%BB%A4%AC2ch%A4%CB%A4%AF%A4%EB%CD%FD%CD%B3 HTTP/1.0" 200 14301 "-" "msnbot/1.0 (+http://search.msn.com/msnbot.htm)"
207.46.98.66 - - [26/Apr/2005:21:27:44 +0900] "GET /pukiwiki/pukiwiki.php?cmd=backup&page=%CF%BF%B2%BB%A4%AC2ch%A4%CB%A4%AF%A4%EB%CD%FD%CD%B3 HTTP/1.0" 200 5099 "-" "msnbot/1.0 (+http://search.msn.com/msnbot.htm)"
207.46.98.66 - - [26/Apr/2005:21:30:23 +0900] "GET /robots.txt HTTP/1.0" 200 0 "-" "msnbot/1.0 (+http://search.msn.com/msnbot.htm)"
207.46.98.66 - - [26/Apr/2005:21:30:23 +0900] "GET /pukiwiki/pukiwiki.php?cmd=backup&page=%B5%BF%BB%F7%B7%DC%B0%EC%CD%F7 HTTP/1.0" 200 6722 "-" "msnbot/1.0 (+http://search.msn.com/msnbot.htm)"
207.46.98.66 - - [26/Apr/2005:21:32:48 +0900] "GET /pukiwiki/pukiwiki.php?cmd=unfreeze&page=PukiWiki%2F1.4%2F%A5%DE%A5%CB%A5%E5%A5%A2%A5%EB%2F%A5%D7%A5%E9%A5%B0%A5%A4%A5%F3%2Fv HTTP/1.0" 200 7402 "-" "msnbot/1.0 (+http://search.msn.com/msnbot.htm)"
207.46.98.66 - - [26/Apr/2005:21:33:16 +0900] "GET /pukiwiki/pukiwiki.php?cmd=edit&page=PukiWiki%2F1.4%2F%A5%DE%A5%CB%A5%E5%A5%A2%A5%EB%2F%A5%D7%A5%E9%A5%B0%A5%A4%A5%F3%2Fv HTTP/1.0" 200 7182 "-" "msnbot/1.0 (+http://search.msn.com/msnbot.htm)"
207.68.146.55 - - [26/Apr/2005:21:34:55 +0900] "GET /robots.txt HTTP/1.0" 200 0 "-" "msnbot/1.0 (+http://search.msn.com/msnbot.htm)"
207.68.146.55 - - [26/Apr/2005:21:34:56 +0900] "GET /cgi/imgbbs/res/res168.html HTTP/1.0" 200 3122 "-" "msnbot/1.0 (+http://search.msn.com/msnbot.htm)"
207.46.98.66 - - [26/Apr/2005:21:35:39 +0900] "GET /pukiwiki/pukiwiki.php?cmd=backup&page=SandBox HTTP/1.0" 200 5225 "-" "msnbot/1.0 (+http://search.msn.com/msnbot.htm)"
207.46.98.66 - - [26/Apr/2005:21:36:05 +0900] "GET /pukiwiki/pukiwiki.php?plugin=attach&pcmd=upload&page=SandBox HTTP/1.0" 200 6542 "-" "msnbot/1.0 (+http://search.msn.com/msnbot.htm)"
68.142.251.95 - - [26/Apr/2005:21:36:21 +0900] "GET /robots.txt HTTP/1.0" 200 0 "-" "Mozilla/5.0 (compatible; Yahoo! Slurp; http://help.yahoo.com/help/us/ysearch/slurp)"
68.142.249.169 - - [26/Apr/2005:21:36:23 +0900] "GET /pukiwiki.php?Memo HTTP/1.0" 200 17695 "-" "Mozilla/5.0 (compatible; Yahoo! Slurp; http://help.yahoo.com/help/us/ysearch/slurp)"
221.86.119.151 - - [26/Apr/2005:21:37:32 +0900] "GET /cgi/imgbbs2/src/1059676373.jpg HTTP/1.1" 404 302 "http://images.search.yahoo.co.jp/bin/search?p=%A4%A8%A4%ED%A4%A8%A4%ED&n=5&b=145&c=image&rh=20&d=1&to=147" "Mozilla/4.0 (compatible; MSIE 6.0; Windows NT 5.1; SV1; .NET CLR 1.0.3705; .NET CLR 1.1.4322)"
221.86.119.151 - - [26/Apr/2005:21:37:35 +0900] "GET /cgi/imgbbs2/res/res36.html HTTP/1.1" 404 298 "http://images.search.yahoo.co.jp/bin/search?p=%A4%A8%A4%ED%A4%A8%A4%ED&n=5&b=145&c=image&rh=20&d=1&to=147" "Mozilla/4.0 (compatible; MSIE 6.0; Windows NT 5.1; SV1; .NET CLR 1.0.3705; .NET CLR 1.1.4322)"
221.86.119.151 - - [26/Apr/2005:21:37:37 +0900] "GET /cgi/imgbbs2/src/1059676373.jpg HTTP/1.1" 404 302 "http://images.search.yahoo.co.jp/bin/search?p=%A4%A8%A4%ED%A4%A8%A4%ED&n=5&b=145&c=image&rh=20&d=1&to=147" "Mozilla/4.0 (compatible; MSIE 6.0; Windows NT 5.1; SV1; .NET CLR 1.0.3705; .NET CLR 1.1.4322)"
64.242.88.50 - - [26/Apr/2005:21:38:04 +0900] "GET /pukiwiki.php?MenuBar HTTP/1.1" 200 11442 "-" "Mozilla/4.0 compatible ZyBorg/1.0 Dead Link Checker (wn.dlc@looksmart.net; http://www.WISEnutbot.com)"
207.46.98.66 - - [26/Apr/2005:21:39:57 +0900] "GET /pukiwiki/pukiwiki.php?cmd=diff&page=SandBox HTTP/1.0" 200 12443 "-" "msnbot/1.0 (+http://search.msn.com/msnbot.htm)"
207.46.98.66 - - [26/Apr/2005:21:40:33 +0900] "GET /pukiwiki/pukiwiki.php?cmd=freeze&page=SandBox HTTP/1.0" 200 6065 "-" "msnbot/1.0 (+http://search.msn.com/msnbot.htm)"
207.46.98.66 - - [26/Apr/2005:21:40:59 +0900] "GET /pukiwiki/pukiwiki.php?plugin=newpage&refer=%CF%BF%B2%BB%A4%CE%BD%C9%C2%EA HTTP/1.0" 200 4201 "-" "msnbot/1.0 (+http://search.msn.com/msnbot.htm)"
68.142.249.142 - - [26/Apr/2005:21:41:32 +0900] "GET /robots.txt HTTP/1.0" 200 0 "-" "Mozilla/5.0 (compatible; Yahoo! Slurp; http://help.yahoo.com/help/us/ysearch/slurp)"
68.142.249.127 - - [26/Apr/2005:21:41:33 +0900] "GET / HTTP/1.0" 304 - "-" "Mozilla/5.0 (compatible; Yahoo! Slurp; http://help.yahoo.com/help/us/ysearch/slurp)"
207.46.98.66 - - [26/Apr/2005:21:46:04 +0900] "GET /pukiwiki/pukiwiki.php?cmd=search&word=%CF%BF%B2%BB%A4%B3%A4%C8%A2%A1Rb.XJ8VXow%A4%CE%C0%B8%C2%A9%C8%C4 HTTP/1.0" 200 5265 "-" "msnbot/1.0 (+http://search.msn.com/msnbot.htm)"
207.46.98.66 - - [26/Apr/2005:21:46:27 +0900] "GET /pukiwiki/pukiwiki.php?plugin=newpage&refer=%CF%BF%B2%BB%A4%B3%A4%C8%A2%A1Rb.XJ8VXow%A4%CE%C0%B8%C2%A9%C8%C4 HTTP/1.0" 200 4219 "-" "msnbot/1.0 (+http://search.msn.com/msnbot.htm)"
207.46.98.66 - - [26/Apr/2005:21:48:39 +0900] "GET /pukiwiki/pukiwiki.php?cmd=backup&page=PukiWiki%2F1.4%2F%A5%DE%A5%CB%A5%E5%A5%A2%A5%EB%2F%A5%D7%A5%E9%A5%B0%A5%A4%A5%F3%2Fh HTTP/1.0" 200 4614 "-" "msnbot/1.0 (+http://search.msn.com/msnbot.htm)"
207.46.98.66 - - [26/Apr/2005:21:48:47 +0900] "GET /pukiwiki/pukiwiki.php?cmd=edit&page=PukiWiki%2F1.4%2F%A5%DE%A5%CB%A5%E5%A5%A2%A5%EB%2F%A5%D7%A5%E9%A5%B0%A5%A4%A5%F3%2Fh HTTP/1.0" 200 7182 "-" "msnbot/1.0 (+http://search.msn.com/msnbot.htm)"
207.46.98.66 - - [26/Apr/2005:21:49:45 +0900] "GET /pukiwiki/pukiwiki.php?cmd=unfreeze&page=PukiWiki%2F1.4%2F%A5%DE%A5%CB%A5%E5%A5%A2%A5%EB%2F%A5%D7%A5%E9%A5%B0%A5%A4%A5%F3%2Fh HTTP/1.0" 200 7402 "-" "msnbot/1.0 (+http://search.msn.com/msnbot.htm)"
207.46.98.66 - - [26/Apr/2005:21:49:52 +0900] "GET /pukiwiki/pukiwiki.php?cmd=diff&page=PukiWiki%2F1.4%2F%A5%DE%A5%CB%A5%E5%A5%A2%A5%EB%2F%A5%D7%A5%E9%A5%B0%A5%A4%A5%F3%2Fh HTTP/1.0" 200 7766 "-" "msnbot/1.0 (+http://search.msn.com/msnbot.htm)"
207.46.98.66 - - [26/Apr/2005:21:49:58 +0900] "GET /pukiwiki/pukiwiki.php?cmd=edit&page=PukiWiki%2F1.4%2F%A5%DE%A5%CB%A5%E5%A5%A2%A5%EB%2F%A5%D7%A5%E9%A5%B0%A5%A4%A5%F3%2Fn HTTP/1.0" 200 7182 "-" "msnbot/1.0 (+http://search.msn.com/msnbot.htm)"
207.46.98.66 - - [26/Apr/2005:21:51:09 +0900] "GET /pukiwiki/pukiwiki.php?cmd=diff&page=PukiWiki%2F1.4%2F%A5%DE%A5%CB%A5%E5%A5%A2%A5%EB%2F%A5%D7%A5%E9%A5%B0%A5%A4%A5%F3%2Fn HTTP/1.0" 200 10998 "-" "msnbot/1.0 (+http://search.msn.com/msnbot.htm)"
207.46.98.66 - - [26/Apr/2005:21:51:17 +0900] "GET /pukiwiki/pukiwiki.php?cmd=backup&page=PukiWiki%2F1.4%2F%A5%DE%A5%CB%A5%E5%A5%A2%A5%EB%2F%A5%D7%A5%E9%A5%B0%A5%A4%A5%F3%2Fn HTTP/1.0" 200 4614 "-" "msnbot/1.0 (+http://search.msn.com/msnbot.htm)"
207.46.98.66 - - [26/Apr/2005:21:52:14 +0900] "GET /pukiwiki/pukiwiki.php?cmd=diff&page=WikiName HTTP/1.0" 200 6041 "-" "msnbot/1.0 (+http://search.msn.com/msnbot.htm)"
207.46.98.66 - - [26/Apr/2005:21:52:20 +0900] "GET /pukiwiki/pukiwiki.php?plugin=attach&pcmd=upload&page=WikiName HTTP/1.0" 200 6562 "-" "msnbot/1.0 (+http://search.msn.com/msnbot.htm)"
207.46.98.66 - - [26/Apr/2005:21:52:26 +0900] "GET /pukiwiki/pukiwiki.php?cmd=backup&page=PukiWiki%2F1.4%2F%A5%DE%A5%CB%A5%E5%A5%A2%A5%EB%2F%A5%D7%A5%E9%A5%B0%A5%A4%A5%F3%2Fb HTTP/1.0" 200 4614 "-" "msnbot/1.0 (+http://search.msn.com/msnbot.htm)"
207.46.98.66 - - [26/Apr/2005:21:53:51 +0900] "GET /pukiwiki/pukiwiki.php?cmd=diff&page=PukiWiki%2F1.4%2F%A5%DE%A5%CB%A5%E5%A5%A2%A5%EB%2F%A5%D7%A5%E9%A5%B0%A5%A4%A5%F3%2Fb HTTP/1.0" 200 10729 "-" "msnbot/1.0 (+http://search.msn.com/msnbot.htm)"
207.46.98.66 - - [26/Apr/2005:21:53:57 +0900] "GET /pukiwiki/pukiwiki.php?cmd=diff&page=PukiWiki%2F1.4%2F%A5%DE%A5%CB%A5%E5%A5%A2%A5%EB%2F%A5%D7%A5%E9%A5%B0%A5%A4%A5%F3%2Fi HTTP/1.0" 200 9927 "-" "msnbot/1.0 (+http://search.msn.com/msnbot.htm)"
207.46.98.66 - - [26/Apr/2005:21:54:02 +0900] "GET /pukiwiki/pukiwiki.php?cmd=unfreeze&page=PukiWiki%2F1.4%2F%A5%DE%A5%CB%A5%E5%A5%A2%A5%EB%2F%A5%D7%A5%E9%A5%B0%A5%A4%A5%F3%2Fi HTTP/1.0" 200 7402 "-" "msnbot/1.0 (+http://search.msn.com/msnbot.htm)"
207.46.98.66 - - [26/Apr/2005:21:55:29 +0900] "GET /pukiwiki/pukiwiki.php?cmd=edit&page=PukiWiki%2F1.4%2F%A5%DE%A5%CB%A5%E5%A5%A2%A5%EB%2F%A5%D7%A5%E9%A5%B0%A5%A4%A5%F3%2Fi HTTP/1.0" 200 7182 "-" "msnbot/1.0 (+http://search.msn.com/msnbot.htm)"
207.46.98.66 - - [26/Apr/2005:21:55:41 +0900] "GET /pukiwiki/pukiwiki.php?cmd=backup&page=PukiWiki%2F1.4%2F%A5%DE%A5%CB%A5%E5%A5%A2%A5%EB%2F%A5%D7%A5%E9%A5%B0%A5%A4%A5%F3%2Fi HTTP/1.0" 200 4614 "-" "msnbot/1.0 (+http://search.msn.com/msnbot.htm)"
207.46.98.66 - - [26/Apr/2005:21:57:56 +0900] "GET /pukiwiki/pukiwiki.php?plugin=template&refer=PukiWiki%2F1.4%2F%A5%DE%A5%CB%A5%E5%A5%A2%A5%EB%2F%A5%D7%A5%E9%A5%B0%A5%A4%A5%F3%2Fo HTTP/1.0" 200 6911 "-" "msnbot/1.0 (+http://search.msn.com/msnbot.htm)"
207.46.98.66 - - [26/Apr/2005:21:58:38 +0900] "GET /pukiwiki/pukiwiki.php?plugin=rename&refer=PukiWiki%2F1.4%2F%A5%DE%A5%CB%A5%E5%A5%A2%A5%EB%2F%A5%D7%A5%E9%A5%B0%A5%A4%A5%F3%2Ft HTTP/1.0" 200 4527 "-" "msnbot/1.0 (+http://search.msn.com/msnbot.htm)"
207.46.98.66 - - [26/Apr/2005:21:58:50 +0900] "GET /pukiwiki/pukiwiki.php?cmd=search&word=PukiWiki%2F1.4%2F%A5%DE%A5%CB%A5%E5%A5%A2%A5%EB%2F%A5%D7%A5%E9%A5%B0%A5%A4%A5%F3%2Fp HTTP/1.0" 200 4987 "-" "msnbot/1.0 (+http://search.msn.com/msnbot.htm)"
207.46.98.66 - - [26/Apr/2005:22:00:32 +0900] "GET /pukiwiki/pukiwiki.php?plugin=newpage&refer=PukiWiki%2F1.4%2F%A5%DE%A5%CB%A5%E5%A5%A2%A5%EB%2F%A5%D7%A5%E9%A5%B0%A5%A4%A5%F3%2Fp HTTP/1.0" 200 4227 "-" "msnbot/1.0 (+http://search.msn.com/msnbot.htm)"
207.46.98.66 - - [26/Apr/2005:22:00:41 +0900] "GET /pukiwiki/pukiwiki.php?plugin=rename&refer=PukiWiki%2F1.4%2F%A5%DE%A5%CB%A5%E5%A5%A2%A5%EB%2F%A5%D7%A5%E9%A5%B0%A5%A4%A5%F3%2Fr HTTP/1.0" 200 4527 "-" "msnbot/1.0 (+http://search.msn.com/msnbot.htm)"
207.46.98.66 - - [26/Apr/2005:22:00:53 +0900] "GET /pukiwiki/pukiwiki.php?cmd=edit&page=TrackBack&refer=PukiWiki%2F1.4%2F%A5%DE%A5%CB%A5%E5%A5%A2%A5%EB%2F%A5%D7%A5%E9%A5%B0%A5%A4%A5%F3%2Fr HTTP/1.0" 200 10348 "-" "msnbot/1.0 (+http://search.msn.com/msnbot.htm)"
207.46.98.66 - - [26/Apr/2005:22:02:19 +0900] "GET /pukiwiki/pukiwiki.php?cmd=unfreeze&page=PukiWiki%2F1.4%2F%A5%DE%A5%CB%A5%E5%A5%A2%A5%EB%2F%A5%D7%A5%E9%A5%B0%A5%A4%A5%F3%2Fm HTTP/1.0" 200 7402 "-" "msnbot/1.0 (+http://search.msn.com/msnbot.htm)"
207.46.98.66 - - [26/Apr/2005:22:02:49 +0900] "GET /pukiwiki/pukiwiki.php?cmd=diff&page=PukiWiki%2F1.4%2F%A5%DE%A5%CB%A5%E5%A5%A2%A5%EB%2F%A5%D7%A5%E9%A5%B0%A5%A4%A5%F3%2Fm HTTP/1.0" 200 10258 "-" "msnbot/1.0 (+http://search.msn.com/msnbot.htm)"
64.4.8.94 - - [26/Apr/2005:22:03:47 +0900] "GET /robots.txt HTTP/1.0" 200 0 "-" "msnbot/1.0 (+http://search.msn.com/msnbot.htm)"
64.4.8.94 - - [26/Apr/2005:22:03:48 +0900] "GET / HTTP/1.0" 200 14530 "-" "msnbot/1.0 (+http://search.msn.com/msnbot.htm)"
207.46.98.66 - - [26/Apr/2005:22:06:12 +0900] "GET /etc/?S=A HTTP/1.0" 200 2207 "-" "msnbot/1.0 (+http://search.msn.com/msnbot.htm)"
207.46.98.66 - - [26/Apr/2005:22:06:50 +0900] "GET /pukiwiki/pukiwiki.php?plugin=rename&refer=%CF%BF%B2%BB%A4%B3%A4%C8%A2%A1Rb.XJ8VXow%A4%CE%C0%B8%C2%A9%C8%C4 HTTP/1.0" 200 4475 "-" "msnbot/1.0 (+http://search.msn.com/msnbot.htm)"
207.46.98.66 - - [26/Apr/2005:22:07:39 +0900] "GET /pukiwiki/pukiwiki.php?plugin=attach&pcmd=upload&page=PukiWiki%2F1.4%2F%A5%DE%A5%CB%A5%E5%A5%A2%A5%EB%2F%A5%D7%A5%E9%A5%B0%A5%A4%A5%F3%2Fb HTTP/1.0" 200 7938 "-" "msnbot/1.0 (+http://search.msn.com/msnbot.htm)"
207.46.98.66 - - [26/Apr/2005:22:09:07 +0900] "GET /pukiwiki/pukiwiki.php?cmd=diff&page=PukiWiki%2F1.4%2F%A5%DE%A5%CB%A5%E5%A5%A2%A5%EB%2F%A5%D7%A5%E9%A5%B0%A5%A4%A5%F3%2Fl HTTP/1.0" 200 10783 "-" "msnbot/1.0 (+http://search.msn.com/msnbot.htm)"
207.46.98.66 - - [26/Apr/2005:22:09:43 +0900] "GET /pukiwiki/pukiwiki.php?cmd=backup&page=PukiWiki%2F1.4%2F%A5%DE%A5%CB%A5%E5%A5%A2%A5%EB%2F%A5%D7%A5%E9%A5%B0%A5%A4%A5%F3%2Fm HTTP/1.0" 200 4614 "-" "msnbot/1.0 (+http://search.msn.com/msnbot.htm)"
207.46.98.66 - - [26/Apr/2005:22:11:12 +0900] "GET /pukiwiki/pukiwiki.php?cmd=edit&page=InterWiki HTTP/1.0" 200 10490 "-" "msnbot/1.0 (+http://search.msn.com/msnbot.htm)"
207.46.98.66 - - [26/Apr/2005:22:11:28 +0900] "GET /pukiwiki/pukiwiki.php?cmd=diff&page=InterWiki HTTP/1.0" 200 6108 "-" "msnbot/1.0 (+http://search.msn.com/msnbot.htm)"
207.46.98.66 - - [26/Apr/2005:22:13:53 +0900] "GET /pukiwiki/pukiwiki.php?cmd=freeze&page=InterWiki HTTP/1.0" 200 6103 "-" "msnbot/1.0 (+http://search.msn.com/msnbot.htm)"
207.46.98.66 - - [26/Apr/2005:22:14:08 +0900] "GET /pukiwiki/pukiwiki.php?cmd=backup&page=InterWiki HTTP/1.0" 200 4206 "-" "msnbot/1.0 (+http://search.msn.com/msnbot.htm)"
64.242.88.50 - - [26/Apr/2005:22:16:09 +0900] "GET /pukiwiki.php?AdSense HTTP/1.1" 200 10549 "-" "Mozilla/4.0 compatible ZyBorg/1.0 Dead Link Checker (wn.dlc@looksmart.net; http://www.WISEnutbot.com)"
207.46.98.66 - - [26/Apr/2005:22:24:08 +0900] "GET /pukiwiki/pukiwiki.php?plugin=attach&pcmd=upload&page=BracketName HTTP/1.0" 200 6622 "-" "msnbot/1.0 (+http://search.msn.com/msnbot.htm)"
207.46.98.66 - - [26/Apr/2005:22:24:52 +0900] "GET /pukiwiki/pukiwiki.php?cmd=backup&page=BracketName HTTP/1.0" 200 4222 "-" "msnbot/1.0 (+http://search.msn.com/msnbot.htm)"
207.46.98.66 - - [26/Apr/2005:22:25:00 +0900] "GET /photo/?N=A HTTP/1.0" 200 9331 "-" "msnbot/1.0 (+http://search.msn.com/msnbot.htm)"
210.171.28.157 - - [26/Apr/2005:22:25:23 +0900] "GET /pukiwiki/ HTTP/1.1" 200 12873 "-" "Mozilla/4.0 (compatible; MSIE 6.0; Windows NT 5.1; SV1)"
210.171.28.157 - - [26/Apr/2005:22:25:24 +0900] "GET /pukiwiki/skin/print.ja.css HTTP/1.1" 200 665 "http://l-lab.org/pukiwiki/" "Mozilla/4.0 (compatible; MSIE 6.0; Windows NT 5.1; SV1)"
210.171.28.157 - - [26/Apr/2005:22:25:24 +0900] "GET /pukiwiki/skin/default.ja.css HTTP/1.1" 200 7905 "http://l-lab.org/pukiwiki/" "Mozilla/4.0 (compatible; MSIE 6.0; Windows NT 5.1; SV1)"
210.171.28.157 - - [26/Apr/2005:22:25:25 +0900] "GET /pukiwiki/skin/trackback.js HTTP/1.1" 200 269 "http://l-lab.org/pukiwiki/" "Mozilla/4.0 (compatible; MSIE 6.0; Windows NT 5.1; SV1)"
210.171.28.157 - - [26/Apr/2005:22:25:25 +0900] "GET /pukiwiki/image/pukiwiki.png HTTP/1.1" 200 4385 "http://l-lab.org/pukiwiki/" "Mozilla/4.0 (compatible; MSIE 6.0; Windows NT 5.1; SV1)"
210.171.28.157 - - [26/Apr/2005:22:25:26 +0900] "GET /pukiwiki/image/reload.png HTTP/1.1" 200 1298 "http://l-lab.org/pukiwiki/" "Mozilla/4.0 (compatible; MSIE 6.0; Windows NT 5.1; SV1)"
210.171.28.157 - - [26/Apr/2005:22:25:26 +0900] "GET /pukiwiki/image/new.png HTTP/1.1" 200 796 "http://l-lab.org/pukiwiki/" "Mozilla/4.0 (compatible; MSIE 6.0; Windows NT 5.1; SV1)"
210.171.28.157 - - [26/Apr/2005:22:25:26 +0900] "GET /pukiwiki/image/edit.png HTTP/1.1" 200 1295 "http://l-lab.org/pukiwiki/" "Mozilla/4.0 (compatible; MSIE 6.0; Windows NT 5.1; SV1)"
210.171.28.157 - - [26/Apr/2005:22:25:26 +0900] "GET /pukiwiki/image/freeze.png HTTP/1.1" 200 352 "http://l-lab.org/pukiwiki/" "Mozilla/4.0 (compatible; MSIE 6.0; Windows NT 5.1; SV1)"
210.171.28.157 - - [26/Apr/2005:22:25:26 +0900] "GET /pukiwiki/image/diff.png HTTP/1.1" 200 507 "http://l-lab.org/pukiwiki/" "Mozilla/4.0 (compatible; MSIE 6.0; Windows NT 5.1; SV1)"
210.171.28.157 - - [26/Apr/2005:22:25:26 +0900] "GET /pukiwiki/image/file.png HTTP/1.1" 200 1280 "http://l-lab.org/pukiwiki/" "Mozilla/4.0 (compatible; MSIE 6.0; Windows NT 5.1; SV1)"
210.171.28.157 - - [26/Apr/2005:22:25:28 +0900] "GET /pukiwiki/image/copy.png HTTP/1.1" 200 490 "http://l-lab.org/pukiwiki/" "Mozilla/4.0 (compatible; MSIE 6.0; Windows NT 5.1; SV1)"
210.171.28.157 - - [26/Apr/2005:22:25:29 +0900] "GET /pukiwiki/image/rename.png HTTP/1.1" 200 339 "http://l-lab.org/pukiwiki/" "Mozilla/4.0 (compatible; MSIE 6.0; Windows NT 5.1; SV1)"
210.171.28.157 - - [26/Apr/2005:22:25:29 +0900] "GET /pukiwiki/image/top.png HTTP/1.1" 200 1299 "http://l-lab.org/pukiwiki/" "Mozilla/4.0 (compatible; MSIE 6.0; Windows NT 5.1; SV1)"
210.171.28.157 - - [26/Apr/2005:22:25:30 +0900] "GET /pukiwiki/image/list.png HTTP/1.1" 200 1234 "http://l-lab.org/pukiwiki/" "Mozilla/4.0 (compatible; MSIE 6.0; Windows NT 5.1; SV1)"
210.171.28.157 - - [26/Apr/2005:22:25:31 +0900] "GET /pukiwiki/image/backup.png HTTP/1.1" 200 1261 "http://l-lab.org/pukiwiki/" "Mozilla/4.0 (compatible; MSIE 6.0; Windows NT 5.1; SV1)"
210.171.28.157 - - [26/Apr/2005:22:25:32 +0900] "GET /pukiwiki/image/search.png HTTP/1.1" 200 1285 "http://l-lab.org/pukiwiki/" "Mozilla/4.0 (compatible; MSIE 6.0; Windows NT 5.1; SV1)"
207.46.98.66 - - [26/Apr/2005:22:26:01 +0900] "GET /pukiwiki/pukiwiki.php?plugin=rename&refer=%CF%BF%B2%BB%A4%AC2ch%A4%CB%A4%AF%A4%EB%CD%FD%CD%B3 HTTP/1.0" 200 4426 "-" "msnbot/1.0 (+http://search.msn.com/msnbot.htm)"
207.46.98.66 - - [26/Apr/2005:22:26:11 +0900] "GET /pukiwiki/pukiwiki.php?cmd=diff&page=PukiWiki HTTP/1.0" 200 7179 "-" "msnbot/1.0 (+http://search.msn.com/msnbot.htm)"
207.46.98.66 - - [26/Apr/2005:22:27:01 +0900] "GET /pukiwiki/pukiwiki.php?cmd=edit&page=%B5%BF%BB%F7%A5%C8%A5%EA%A5%C3%A5%D7%B0%EC%CD%F7&refer=%B5%BF%BB%F7%B7%DC%B0%EC%CD%F7 HTTP/1.0" 200 10980 "-" "msnbot/1.0 (+http://search.msn.com/msnbot.htm)"
207.46.98.66 - - [26/Apr/2005:22:27:07 +0900] "GET /pukiwiki/pukiwiki.php?plugin=template&refer=%B5%BF%BB%F7%B7%DC%B0%EC%CD%F7 HTTP/1.0" 200 9061 "-" "msnbot/1.0 (+http://search.msn.com/msnbot.htm)"
207.46.98.66 - - [26/Apr/2005:22:27:14 +0900] "GET /pukiwiki/pukiwiki.php?cmd=edit&page=WhQb&refer=%B5%BF%BB%F7%B7%DC%B0%EC%CD%F7 HTTP/1.0" 200 10196 "-" "msnbot/1.0 (+http://search.msn.com/msnbot.htm)"
207.46.98.66 - - [26/Apr/2005:22:27:56 +0900] "GET /pukiwiki/pukiwiki.php?plugin=attach&refer=%CF%BF%B2%BB%B4%D8%B7%B8%B2%E8%C1%FC&openfile=e025ccc190e3.JPG HTTP/1.0" 200 25156 "-" "msnbot/1.0 (+http://search.msn.com/msnbot.htm)"
207.46.98.66 - - [26/Apr/2005:22:29:11 +0900] "GET /pukiwiki/pukiwiki.php?plugin=newpage&refer=SandBox HTTP/1.0" 200 4198 "-" "msnbot/1.0 (+http://search.msn.com/msnbot.htm)"
207.46.98.66 - - [26/Apr/2005:22:29:17 +0900] "GET /pukiwiki/pukiwiki.php?cmd=search&word=SandBox HTTP/1.0" 200 4976 "-" "msnbot/1.0 (+http://search.msn.com/msnbot.htm)"
207.46.98.66 - - [26/Apr/2005:22:29:22 +0900] "GET /pukiwiki/pukiwiki.php?plugin=template&refer=SandBox HTTP/1.0" 200 4690 "-" "msnbot/1.0 (+http://search.msn.com/msnbot.htm)"
210.142.241.241 - - [26/Apr/2005:22:29:26 +0900] "GET /cgi/imgbbs/img4.html HTTP/1.0" 200 8900 "http://search.yahoo.co.jp/bin/query?p=%b4%c0%bd%c1+%b2%e8%c1%fc&fr=top%2c+top" "Mozilla/4.0 (compatible; MSIE 6.0; Windows NT 5.1)"
210.142.241.241 - - [26/Apr/2005:22:29:30 +0900] "GET /cgi/imgbbs/thumb/1052220294s.jpg HTTP/1.0" 200 7530 "http://l-lab.org/cgi/imgbbs/img4.html" "Mozilla/4.0 (compatible; MSIE 6.0; Windows NT 5.1)"
210.142.241.241 - - [26/Apr/2005:22:29:30 +0900] "GET /cgi/imgbbs/src/1058203895.jpg HTTP/1.0" 200 4298 "http://l-lab.org/cgi/imgbbs/img4.html" "Mozilla/4.0 (compatible; MSIE 6.0; Windows NT 5.1)"
210.142.241.241 - - [26/Apr/2005:22:29:32 +0900] "GET /cgi/imgbbs/src/1062098357.jpg HTTP/1.0" 200 64217 "http://l-lab.org/cgi/imgbbs/img4.html" "Mozilla/4.0 (compatible; MSIE 6.0; Windows NT 5.1)"
210.142.241.241 - - [26/Apr/2005:22:29:33 +0900] "GET /cgi/imgbbs/src/1059224085.jpg HTTP/1.0" 200 64768 "http://l-lab.org/cgi/imgbbs/img4.html" "Mozilla/4.0 (compatible; MSIE 6.0; Windows NT 5.1)"
210.142.241.241 - - [26/Apr/2005:22:29:34 +0900] "GET /cgi/imgbbs/src/1059636037.jpg HTTP/1.0" 200 196323 "http://l-lab.org/cgi/imgbbs/img4.html" "Mozilla/4.0 (compatible; MSIE 6.0; Windows NT 5.1)"
210.142.241.241 - - [26/Apr/2005:22:29:56 +0900] "GET /cgi/imgbbs/img5.html HTTP/1.0" 200 7161 "http://l-lab.org/cgi/imgbbs/img4.html" "Mozilla/4.0 (compatible; MSIE 6.0; Windows NT 5.1)"
210.142.241.241 - - [26/Apr/2005:22:29:56 +0900] "GET /cgi/imgbbs/src/1056197869.jpg HTTP/1.0" 200 4056 "http://l-lab.org/cgi/imgbbs/img5.html" "Mozilla/4.0 (compatible; MSIE 6.0; Windows NT 5.1)"
210.142.241.241 - - [26/Apr/2005:22:29:56 +0900] "GET /cgi/imgbbs/src/1056198148.jpg HTTP/1.0" 200 4369 "http://l-lab.org/cgi/imgbbs/img5.html" "Mozilla/4.0 (compatible; MSIE 6.0; Windows NT 5.1)"
210.142.241.241 - - [26/Apr/2005:22:29:57 +0900] "GET /cgi/imgbbs/thumb/1056463417s.jpg HTTP/1.0" 200 13972 "http://l-lab.org/cgi/imgbbs/img5.html" "Mozilla/4.0 (compatible; MSIE 6.0; Windows NT 5.1)"
210.142.241.241 - - [26/Apr/2005:22:29:57 +0900] "GET /cgi/imgbbs/thumb/1055021099s.jpg HTTP/1.0" 200 10267 "http://l-lab.org/cgi/imgbbs/img5.html" "Mozilla/4.0 (compatible; MSIE 6.0; Windows NT 5.1)"
210.142.241.241 - - [26/Apr/2005:22:29:57 +0900] "GET /cgi/imgbbs/src/1059223669.jpg HTTP/1.0" 200 64142 "http://l-lab.org/cgi/imgbbs/img5.html" "Mozilla/4.0 (compatible; MSIE 6.0; Windows NT 5.1)"
207.46.98.66 - - [26/Apr/2005:22:29:58 +0900] "GET /pukiwiki/pukiwiki.php?cmd=freeze&page=%C6%FC%CB%DC%B8%EC HTTP/1.0" 200 6238 "-" "msnbot/1.0 (+http://search.msn.com/msnbot.htm)"
207.46.98.66 - - [26/Apr/2005:22:30:02 +0900] "GET /pukiwiki/pukiwiki.php?cmd=diff&page=%C6%FC%CB%DC%B8%EC HTTP/1.0" 200 6156 "-" "msnbot/1.0 (+http://search.msn.com/msnbot.htm)"
210.171.28.157 - - [26/Apr/2005:22:30:32 +0900] "GET /pukiwiki/pukiwiki.php?%B8%EC%CF%BF HTTP/1.1" 200 12650 "http://l-lab.org/pukiwiki/" "Mozilla/4.0 (compatible; MSIE 6.0; Windows NT 5.1; SV1)"
210.171.28.157 - - [26/Apr/2005:22:30:32 +0900] "GET /pukiwiki/skin/default.ja.css HTTP/1.1" 304 - "http://l-lab.org/pukiwiki/pukiwiki.php?%B8%EC%CF%BF" "Mozilla/4.0 (compatible; MSIE 6.0; Windows NT 5.1; SV1)"
210.171.28.157 - - [26/Apr/2005:22:30:32 +0900] "GET /pukiwiki/skin/print.ja.css HTTP/1.1" 304 - "http://l-lab.org/pukiwiki/pukiwiki.php?%B8%EC%CF%BF" "Mozilla/4.0 (compatible; MSIE 6.0; Windows NT 5.1; SV1)"
210.171.28.157 - - [26/Apr/2005:22:30:32 +0900] "GET /pukiwiki/skin/trackback.js HTTP/1.1" 304 - "http://l-lab.org/pukiwiki/pukiwiki.php?%B8%EC%CF%BF" "Mozilla/4.0 (compatible; MSIE 6.0; Windows NT 5.1; SV1)"
210.171.28.157 - - [26/Apr/2005:22:30:32 +0900] "GET /pukiwiki/image/pukiwiki.png HTTP/1.1" 304 - "http://l-lab.org/pukiwiki/pukiwiki.php?%B8%EC%CF%BF" "Mozilla/4.0 (compatible; MSIE 6.0; Windows NT 5.1; SV1)"
210.171.28.157 - - [26/Apr/2005:22:30:32 +0900] "GET /pukiwiki/image/reload.png HTTP/1.1" 304 - "http://l-lab.org/pukiwiki/pukiwiki.php?%B8%EC%CF%BF" "Mozilla/4.0 (compatible; MSIE 6.0; Windows NT 5.1; SV1)"
210.171.28.157 - - [26/Apr/2005:22:30:32 +0900] "GET /pukiwiki/image/new.png HTTP/1.1" 304 - "http://l-lab.org/pukiwiki/pukiwiki.php?%B8%EC%CF%BF" "Mozilla/4.0 (compatible; MSIE 6.0; Windows NT 5.1; SV1)"
210.171.28.157 - - [26/Apr/2005:22:30:32 +0900] "GET /pukiwiki/image/edit.png HTTP/1.1" 304 - "http://l-lab.org/pukiwiki/pukiwiki.php?%B8%EC%CF%BF" "Mozilla/4.0 (compatible; MSIE 6.0; Windows NT 5.1; SV1)"
210.171.28.157 - - [26/Apr/2005:22:30:32 +0900] "GET /pukiwiki/image/freeze.png HTTP/1.1" 304 - "http://l-lab.org/pukiwiki/pukiwiki.php?%B8%EC%CF%BF" "Mozilla/4.0 (compatible; MSIE 6.0; Windows NT 5.1; SV1)"
210.171.28.157 - - [26/Apr/2005:22:30:32 +0900] "GET /pukiwiki/image/diff.png HTTP/1.1" 304 - "http://l-lab.org/pukiwiki/pukiwiki.php?%B8%EC%CF%BF" "Mozilla/4.0 (compatible; MSIE 6.0; Windows NT 5.1; SV1)"
210.171.28.157 - - [26/Apr/2005:22:30:35 +0900] "GET /pukiwiki/image/file.png HTTP/1.1" 304 - "http://l-lab.org/pukiwiki/pukiwiki.php?%B8%EC%CF%BF" "Mozilla/4.0 (compatible; MSIE 6.0; Windows NT 5.1; SV1)"
210.171.28.157 - - [26/Apr/2005:22:30:35 +0900] "GET /pukiwiki/image/top.png HTTP/1.1" 304 - "http://l-lab.org/pukiwiki/pukiwiki.php?%B8%EC%CF%BF" "Mozilla/4.0 (compatible; MSIE 6.0; Windows NT 5.1; SV1)"
210.171.28.157 - - [26/Apr/2005:22:30:35 +0900] "GET /pukiwiki/image/recentchanges.png HTTP/1.1" 200 1314 "http://l-lab.org/pukiwiki/pukiwiki.php?%B8%EC%CF%BF" "Mozilla/4.0 (compatible; MSIE 6.0; Windows NT 5.1; SV1)"
210.171.28.157 - - [26/Apr/2005:22:30:37 +0900] "GET /pukiwiki/image/rename.png HTTP/1.1" 304 - "http://l-lab.org/pukiwiki/pukiwiki.php?%B8%EC%CF%BF" "Mozilla/4.0 (compatible; MSIE 6.0; Windows NT 5.1; SV1)"
210.171.28.157 - - [26/Apr/2005:22:30:38 +0900] "GET /pukiwiki/image/copy.png HTTP/1.1" 304 - "http://l-lab.org/pukiwiki/pukiwiki.php?%B8%EC%CF%BF" "Mozilla/4.0 (compatible; MSIE 6.0; Windows NT 5.1; SV1)"
210.171.28.157 - - [26/Apr/2005:22:30:39 +0900] "GET /pukiwiki/pukiwiki.php?%CF%BF%B2%BB%A4%AC2ch%A4%CB%A4%AF%A4%EB%CD%FD%CD%B3 HTTP/1.1" 200 20031 "http://l-lab.org/pukiwiki/pukiwiki.php?%B8%EC%CF%BF" "Mozilla/4.0 (compatible; MSIE 6.0; Windows NT 5.1; SV1)"
210.171.28.157 - - [26/Apr/2005:22:30:39 +0900] "GET /pukiwiki/image/list.png HTTP/1.1" 304 - "http://l-lab.org/pukiwiki/pukiwiki.php?%CF%BF%B2%BB%A4%AC2ch%A4%CB%A4%AF%A4%EB%CD%FD%CD%B3" "Mozilla/4.0 (compatible; MSIE 6.0; Windows NT 5.1; SV1)"
210.171.28.157 - - [26/Apr/2005:22:30:39 +0900] "GET /pukiwiki/image/search.png HTTP/1.1" 304 - "http://l-lab.org/pukiwiki/pukiwiki.php?%CF%BF%B2%BB%A4%AC2ch%A4%CB%A4%AF%A4%EB%CD%FD%CD%B3" "Mozilla/4.0 (compatible; MSIE 6.0; Windows NT 5.1; SV1)"
210.171.28.157 - - [26/Apr/2005:22:30:39 +0900] "GET /pukiwiki/image/backup.png HTTP/1.1" 304 - "http://l-lab.org/pukiwiki/pukiwiki.php?%CF%BF%B2%BB%A4%AC2ch%A4%CB%A4%AF%A4%EB%CD%FD%CD%B3" "Mozilla/4.0 (compatible; MSIE 6.0; Windows NT 5.1; SV1)"
210.171.28.157 - - [26/Apr/2005:22:30:39 +0900] "GET /pukiwiki/image/help.png HTTP/1.1" 200 1274 "http://l-lab.org/pukiwiki/pukiwiki.php?%CF%BF%B2%BB%A4%AC2ch%A4%CB%A4%AF%A4%EB%CD%FD%CD%B3" "Mozilla/4.0 (compatible; MSIE 6.0; Windows NT 5.1; SV1)"
210.171.28.157 - - [26/Apr/2005:22:30:39 +0900] "GET /pukiwiki/image/rss.png HTTP/1.1" 200 1137 "http://l-lab.org/pukiwiki/pukiwiki.php?%CF%BF%B2%BB%A4%AC2ch%A4%CB%A4%AF%A4%EB%CD%FD%CD%B3" "Mozilla/4.0 (compatible; MSIE 6.0; Windows NT 5.1; SV1)"
64.140.49.66 - - [26/Apr/2005:22:30:44 +0900] "GET /robots.txt HTTP/1.0" 200 0 "-" "TurnitinBot/2.0 (http://www.turnitin.com/robot/crawlerinfo.html)"
64.140.49.66 - - [26/Apr/2005:22:30:45 +0900] "GET /cgi/imgbbs/img6.html HTTP/1.0" 200 7121 "-" "TurnitinBot/2.0 http://www.turnitin.com/robot/crawlerinfo.html"
64.140.49.66 - - [26/Apr/2005:22:32:21 +0900] "GET /cgi/imgbbs/imgbbs.cgi?mode=admin HTTP/1.0" 200 694 "-" "TurnitinBot/2.0 http://www.turnitin.com/robot/crawlerinfo.html"
64.140.49.66 - - [26/Apr/2005:22:33:55 +0900] "GET /cgi/imgbbs/res/res150.html HTTP/1.0" 200 5104 "-" "TurnitinBot/2.0 http://www.turnitin.com/robot/crawlerinfo.html"
207.46.98.66 - - [26/Apr/2005:22:34:06 +0900] "GET /pukiwiki/pukiwiki.php?cmd=rss10 HTTP/1.0" 200 9365 "-" "msnbot/1.0 (+http://search.msn.com/msnbot.htm)"
64.140.49.66 - - [26/Apr/2005:22:35:22 +0900] "GET /cgi/imgbbs/res/res209.html HTTP/1.0" 200 3158 "-" "TurnitinBot/2.0 http://www.turnitin.com/robot/crawlerinfo.html"
207.46.98.66 - - [26/Apr/2005:22:35:54 +0900] "GET /etc/?M=A HTTP/1.0" 200 2207 "-" "msnbot/1.0 (+http://search.msn.com/msnbot.htm)"
207.46.98.66 - - [26/Apr/2005:22:35:59 +0900] "GET /etc/?N=A HTTP/1.0" 200 2207 "-" "msnbot/1.0 (+http://search.msn.com/msnbot.htm)"
64.140.49.66 - - [26/Apr/2005:22:36:53 +0900] "GET /cgi/imgbbs/res/res210.html HTTP/1.0" 200 3415 "-" "TurnitinBot/2.0 http://www.turnitin.com/robot/crawlerinfo.html"
68.142.251.95 - - [26/Apr/2005:22:37:53 +0900] "GET /robots.txt HTTP/1.0" 200 0 "-" "Mozilla/5.0 (compatible; Yahoo! Slurp; http://help.yahoo.com/help/us/ysearch/slurp)"
68.142.249.101 - - [26/Apr/2005:22:37:55 +0900] "GET /pukiwiki.php?SandBox HTTP/1.0" 200 19691 "-" "Mozilla/5.0 (compatible; Yahoo! Slurp; http://help.yahoo.com/help/us/ysearch/slurp)"
64.140.49.66 - - [26/Apr/2005:22:38:16 +0900] "GET /cgi/imgbbs/res/res217.html HTTP/1.0" 200 3742 "-" "TurnitinBot/2.0 http://www.turnitin.com/robot/crawlerinfo.html"
207.46.98.66 - - [26/Apr/2005:22:38:19 +0900] "GET /etc/?D=A HTTP/1.0" 200 2207 "-" "msnbot/1.0 (+http://search.msn.com/msnbot.htm)"
64.140.49.66 - - [26/Apr/2005:22:39:57 +0900] "GET /cgi/imgbbs/res/res221.html HTTP/1.0" 200 3527 "-" "TurnitinBot/2.0 http://www.turnitin.com/robot/crawlerinfo.html"
207.46.98.66 - - [26/Apr/2005:22:40:17 +0900] "GET /pukiwiki/pukiwiki.php?cmd=diff&page=PukiWiki%2F1.4%2F%A5%DE%A5%CB%A5%E5%A5%A2%A5%EB%2F%A5%D7%A5%E9%A5%B0%A5%A4%A5%F3%2Ff HTTP/1.0" 200 8048 "-" "msnbot/1.0 (+http://search.msn.com/msnbot.htm)"
207.46.98.66 - - [26/Apr/2005:22:40:25 +0900] "GET /pukiwiki/pukiwiki.php?plugin=attach&pcmd=upload&page=PukiWiki%2F1.4%2F%A5%DE%A5%CB%A5%E5%A5%A2%A5%EB%2F%A5%D7%A5%E9%A5%B0%A5%A4%A5%F3%2Fh HTTP/1.0" 200 7938 "-" "msnbot/1.0 (+http://search.msn.com/msnbot.htm)"
207.46.98.66 - - [26/Apr/2005:22:40:31 +0900] "GET /pukiwiki/pukiwiki.php?cmd=diff&page=PukiWiki%2F1.4%2F%A5%DE%A5%CB%A5%E5%A5%A2%A5%EB%2F%A5%D7%A5%E9%A5%B0%A5%A4%A5%F3%2Fe HTTP/1.0" 200 7693 "-" "msnbot/1.0 (+http://search.msn.com/msnbot.htm)"
