219.126.185.110 - - [25/Apr/2005:23:46:05 +0900] "GET /pukiwiki/image/freeze.png HTTP/1.1" 200 352 "http://l-lab.org/pukiwiki/" "Mozilla/4.0 (compatible; MSIE 6.0; Windows NT 5.1; .NET CLR 1.1.4322)"
219.126.185.110 - - [25/Apr/2005:23:46:05 +0900] "GET /pukiwiki/image/diff.png HTTP/1.1" 200 507 "http://l-lab.org/pukiwiki/" "Mozilla/4.0 (compatible; MSIE 6.0; Windows NT 5.1; .NET CLR 1.1.4322)"
219.126.185.110 - - [25/Apr/2005:23:46:05 +0900] "GET /pukiwiki/image/file.png HTTP/1.1" 200 1280 "http://l-lab.org/pukiwiki/" "Mozilla/4.0 (compatible; MSIE 6.0; Windows NT 5.1; .NET CLR 1.1.4322)"
219.126.185.110 - - [25/Apr/2005:23:46:05 +0900] "GET /pukiwiki/image/copy.png HTTP/1.1" 200 490 "http://l-lab.org/pukiwiki/" "Mozilla/4.0 (compatible; MSIE 6.0; Windows NT 5.1; .NET CLR 1.1.4322)"
219.126.185.110 - - [25/Apr/2005:23:46:05 +0900] "GET /pukiwiki/image/rename.png HTTP/1.1" 200 339 "http://l-lab.org/pukiwiki/" "Mozilla/4.0 (compatible; MSIE 6.0; Windows NT 5.1; .NET CLR 1.1.4322)"
219.126.185.110 - - [25/Apr/2005:23:46:05 +0900] "GET /pukiwiki/image/top.png HTTP/1.1" 200 1299 "http://l-lab.org/pukiwiki/" "Mozilla/4.0 (compatible; MSIE 6.0; Windows NT 5.1; .NET CLR 1.1.4322)"
219.126.185.110 - - [25/Apr/2005:23:46:05 +0900] "GET /pukiwiki/image/list.png HTTP/1.1" 200 1234 "http://l-lab.org/pukiwiki/" "Mozilla/4.0 (compatible; MSIE 6.0; Windows NT 5.1; .NET CLR 1.1.4322)"
219.126.185.110 - - [25/Apr/2005:23:46:05 +0900] "GET /pukiwiki/image/search.png HTTP/1.1" 200 1285 "http://l-lab.org/pukiwiki/" "Mozilla/4.0 (compatible; MSIE 6.0; Windows NT 5.1; .NET CLR 1.1.4322)"
219.126.185.110 - - [25/Apr/2005:23:46:05 +0900] "GET /pukiwiki/image/recentchanges.png HTTP/1.1" 200 1314 "http://l-lab.org/pukiwiki/" "Mozilla/4.0 (compatible; MSIE 6.0; Windows NT 5.1; .NET CLR 1.1.4322)"
219.126.185.110 - - [25/Apr/2005:23:46:05 +0900] "GET /pukiwiki/image/backup.png HTTP/1.1" 200 1261 "http://l-lab.org/pukiwiki/" "Mozilla/4.0 (compatible; MSIE 6.0; Windows NT 5.1; .NET CLR 1.1.4322)"
219.126.185.110 - - [25/Apr/2005:23:46:05 +0900] "GET /pukiwiki/image/help.png HTTP/1.1" 200 1274 "http://l-lab.org/pukiwiki/" "Mozilla/4.0 (compatible; MSIE 6.0; Windows NT 5.1; .NET CLR 1.1.4322)"
219.126.185.110 - - [25/Apr/2005:23:46:05 +0900] "GET /pukiwiki/image/rss.png HTTP/1.1" 200 1137 "http://l-lab.org/pukiwiki/" "Mozilla/4.0 (compatible; MSIE 6.0; Windows NT 5.1; .NET CLR 1.1.4322)"
218.224.138.64 - - [25/Apr/2005:23:49:57 +0900] "GET /cgi/imgbbs/imgboard.html HTTP/1.1" 200 8856 "http://images.google.co.jp/imgres?imgurl=http://l-lab.org/cgi/imgbbs/src/1055022030.jpg&imgrefurl=http://l-lab.org/cgi/imgbbs/imgboard.html&h=480&w=640&sz=65&tbnid=bpnRoDN3l_oJ:&tbnh=101&tbnw=135&hl=ja&prev=/images%3Fq%3D%25E3%2583%25AD%25E3%2583%25AA%26start%3D40%26hl%3Dja%26lr%3D%26rls%3DSNYA,SNYA:2004-47,SNYA:ja%26sa%3DN&frame=small" "Mozilla/4.0 (compatible; MSIE 6.0; Windows NT 5.1; SV1; .NET CLR 1.1.4322)"
218.224.138.64 - - [25/Apr/2005:23:49:58 +0900] "GET /cgi/imgbbs/thumb/1055022030s.jpg HTTP/1.1" 200 17045 "http://l-lab.org/cgi/imgbbs/imgboard.html" "Mozilla/4.0 (compatible; MSIE 6.0; Windows NT 5.1; SV1; .NET CLR 1.1.4322)"
218.224.138.64 - - [25/Apr/2005:23:49:58 +0900] "GET /cgi/imgbbs/thumb/1073641855s.jpg HTTP/1.1" 200 19771 "http://l-lab.org/cgi/imgbbs/imgboard.html" "Mozilla/4.0 (compatible; MSIE 6.0; Windows NT 5.1; SV1; .NET CLR 1.1.4322)"
61.24.192.13 - - [25/Apr/2005:23:51:11 +0900] "GET /pukiwiki/skin/default.ja.css HTTP/1.1" 200 7905 "-" "Opera/8.0 (Windows NT 5.1; U; ja)"
61.24.192.13 - - [25/Apr/2005:23:51:11 +0900] "GET /pukiwiki/image/edit.png HTTP/1.1" 200 1295 "-" "Opera/8.0 (Windows NT 5.1; U; ja)"
61.24.192.13 - - [25/Apr/2005:23:51:11 +0900] "GET /pukiwiki/image/freeze.png HTTP/1.1" 200 352 "-" "Opera/8.0 (Windows NT 5.1; U; ja)"
61.24.192.13 - - [25/Apr/2005:23:51:11 +0900] "GET /pukiwiki/image/new.png HTTP/1.1" 200 796 "-" "Opera/8.0 (Windows NT 5.1; U; ja)"
61.24.192.13 - - [25/Apr/2005:23:51:14 +0900] "GET /pukiwiki/image/file.png HTTP/1.1" 200 1280 "-" "Opera/8.0 (Windows NT 5.1; U; ja)"
61.24.192.13 - - [25/Apr/2005:23:51:14 +0900] "GET /pukiwiki/image/diff.png HTTP/1.1" 200 507 "-" "Opera/8.0 (Windows NT 5.1; U; ja)"
61.24.192.13 - - [25/Apr/2005:23:51:14 +0900] "GET /pukiwiki/image/pukiwiki.png HTTP/1.1" 200 4385 "-" "Opera/8.0 (Windows NT 5.1; U; ja)"
61.24.192.13 - - [25/Apr/2005:23:51:17 +0900] "GET /pukiwiki/image/backup.png HTTP/1.1" 200 1261 "-" "Opera/8.0 (Windows NT 5.1; U; ja)"
61.24.192.13 - - [25/Apr/2005:23:51:17 +0900] "GET /pukiwiki/image/rss.png HTTP/1.1" 200 1137 "-" "Opera/8.0 (Windows NT 5.1; U; ja)"
61.24.192.13 - - [25/Apr/2005:23:51:17 +0900] "GET /pukiwiki/image/help.png HTTP/1.1" 200 1274 "-" "Opera/8.0 (Windows NT 5.1; U; ja)"
207.46.98.65 - - [26/Apr/2005:00:01:37 +0900] "GET /pukiwiki/pukiwiki.php?cmd=rss10 HTTP/1.0" 200 9365 "-" "msnbot/1.0 (+http://search.msn.com/msnbot.htm)"
207.46.98.65 - - [26/Apr/2005:00:03:50 +0900] "GET /robots.txt HTTP/1.0" 200 0 "-" "msnbot/1.0 (+http://search.msn.com/msnbot.htm)"
207.46.98.65 - - [26/Apr/2005:00:03:50 +0900] "GET /cgi/imgbbs/res/res187.html HTTP/1.0" 200 4823 "-" "msnbot/1.0 (+http://search.msn.com/msnbot.htm)"
219.108.211.106 - - [26/Apr/2005:00:05:32 +0900] "GET /cgi/imgbbs/imgboard.html HTTP/1.1" 200 8856 "http://images.google.co.jp/imgres?imgurl=http://l-lab.org/cgi/imgbbs/src/1055022030.jpg&imgrefurl=http://l-lab.org/cgi/imgbbs/imgboard.html&h=480&w=640&sz=65&tbnid=bpnRoDN3l_oJ:&tbnh=101&tbnw=135&start=57&prev=/images%3Fq%3D%25E3%2583%25AD%25E3%2583%25AA%26start%3D40%26hl%3Dja%26lr%3D%26sa%3DN" "Mozilla/4.0 (compatible; MSIE 6.0; Windows NT 5.1; SV1)"
219.108.211.106 - - [26/Apr/2005:00:05:33 +0900] "GET /cgi/imgbbs/thumb/1055022030s.jpg HTTP/1.1" 200 17045 "http://l-lab.org/cgi/imgbbs/imgboard.html" "Mozilla/4.0 (compatible; MSIE 6.0; Windows NT 5.1; SV1)"
219.108.211.106 - - [26/Apr/2005:00:05:34 +0900] "GET /cgi/imgbbs/thumb/1073641855s.jpg HTTP/1.1" 200 19771 "http://l-lab.org/cgi/imgbbs/imgboard.html" "Mozilla/4.0 (compatible; MSIE 6.0; Windows NT 5.1; SV1)"
68.142.249.142 - - [26/Apr/2005:00:13:17 +0900] "GET /robots.txt HTTP/1.0" 200 0 "-" "Mozilla/5.0 (compatible; Yahoo! Slurp; http://help.yahoo.com/help/us/ysearch/slurp)"
68.142.250.157 - - [26/Apr/2005:00:13:18 +0900] "GET /html HTTP/1.0" 301 292 "-" "Mozilla/5.0 (compatible; Yahoo! Slurp; http://help.yahoo.com/help/us/ysearch/slurp)"
68.142.250.157 - - [26/Apr/2005:00:13:18 +0900] "GET /html/ HTTP/1.0" 200 1209 "-" "Mozilla/5.0 (compatible; Yahoo! Slurp; http://help.yahoo.com/help/us/ysearch/slurp)"
66.196.90.122 - - [26/Apr/2005:00:25:47 +0900] "GET /robots.txt HTTP/1.0" 200 0 "-" "Mozilla/5.0 (compatible; Yahoo! Slurp; http://help.yahoo.com/help/us/ysearch/slurp)"
66.196.90.65 - - [26/Apr/2005:00:25:47 +0900] "GET /cgi/imgbbs/res/res167.html HTTP/1.0" 200 3442 "-" "Mozilla/5.0 (compatible; Yahoo! Slurp; http://help.yahoo.com/help/us/ysearch/slurp)"
207.46.98.65 - - [26/Apr/2005:00:34:36 +0900] "GET /pukiwiki/pukiwiki.php?BracketName HTTP/1.0" 200 12018 "-" "msnbot/1.0 (+http://search.msn.com/msnbot.htm)"
207.68.146.56 - - [26/Apr/2005:00:36:12 +0900] "GET /pukiwiki.php?cmd=search HTTP/1.0" 200 4220 "-" "msnbot/1.0 (+http://search.msn.com/msnbot.htm)"
64.242.88.50 - - [26/Apr/2005:01:09:11 +0900] "GET /pukiwiki.php?PukiWiki HTTP/1.1" 200 11917 "-" "Mozilla/4.0 compatible ZyBorg/1.0 Dead Link Checker (wn.dlc@looksmart.net; http://www.WISEnutbot.com)"
222.147.128.53 - - [26/Apr/2005:01:12:51 +0900] "GET /pukiwiki HTTP/1.1" 301 308 "http://search.yahoo.co.jp/bin/query?p=%b7%c8%c2%d3%b6%fa&fr=top%2c+top" "Mozilla/4.0 (compatible; MSIE 5.5; Windows 98; Win 9x 4.90)"
222.147.128.53 - - [26/Apr/2005:01:12:52 +0900] "GET /pukiwiki/ HTTP/1.1" 200 12873 "http://search.yahoo.co.jp/bin/query?p=%b7%c8%c2%d3%b6%fa&fr=top%2c+top" "Mozilla/4.0 (compatible; MSIE 5.5; Windows 98; Win 9x 4.90)"
222.147.128.53 - - [26/Apr/2005:01:12:52 +0900] "GET /pukiwiki/skin/default.ja.css HTTP/1.1" 200 7905 "http://l-lab.org/pukiwiki/" "Mozilla/4.0 (compatible; MSIE 5.5; Windows 98; Win 9x 4.90)"
222.147.128.53 - - [26/Apr/2005:01:12:52 +0900] "GET /pukiwiki/skin/print.ja.css HTTP/1.1" 200 665 "http://l-lab.org/pukiwiki/" "Mozilla/4.0 (compatible; MSIE 5.5; Windows 98; Win 9x 4.90)"
222.147.128.53 - - [26/Apr/2005:01:12:52 +0900] "GET /pukiwiki/skin/trackback.js HTTP/1.1" 200 269 "http://l-lab.org/pukiwiki/" "Mozilla/4.0 (compatible; MSIE 5.5; Windows 98; Win 9x 4.90)"
222.147.128.53 - - [26/Apr/2005:01:12:53 +0900] "GET /pukiwiki/image/pukiwiki.png HTTP/1.1" 200 4385 "http://l-lab.org/pukiwiki/" "Mozilla/4.0 (compatible; MSIE 5.5; Windows 98; Win 9x 4.90)"
222.147.128.53 - - [26/Apr/2005:01:12:53 +0900] "GET /pukiwiki/image/reload.png HTTP/1.1" 200 1298 "http://l-lab.org/pukiwiki/" "Mozilla/4.0 (compatible; MSIE 5.5; Windows 98; Win 9x 4.90)"
222.147.128.53 - - [26/Apr/2005:01:12:53 +0900] "GET /pukiwiki/image/new.png HTTP/1.1" 200 796 "http://l-lab.org/pukiwiki/" "Mozilla/4.0 (compatible; MSIE 5.5; Windows 98; Win 9x 4.90)"
222.147.128.53 - - [26/Apr/2005:01:12:53 +0900] "GET /pukiwiki/image/edit.png HTTP/1.1" 200 1295 "http://l-lab.org/pukiwiki/" "Mozilla/4.0 (compatible; MSIE 5.5; Windows 98; Win 9x 4.90)"
222.147.128.53 - - [26/Apr/2005:01:12:53 +0900] "GET /pukiwiki/image/freeze.png HTTP/1.1" 200 352 "http://l-lab.org/pukiwiki/" "Mozilla/4.0 (compatible; MSIE 5.5; Windows 98; Win 9x 4.90)"
222.147.128.53 - - [26/Apr/2005:01:12:53 +0900] "GET /pukiwiki/image/diff.png HTTP/1.1" 200 507 "http://l-lab.org/pukiwiki/" "Mozilla/4.0 (compatible; MSIE 5.5; Windows 98; Win 9x 4.90)"
222.147.128.53 - - [26/Apr/2005:01:12:53 +0900] "GET /pukiwiki/image/file.png HTTP/1.1" 200 1280 "http://l-lab.org/pukiwiki/" "Mozilla/4.0 (compatible; MSIE 5.5; Windows 98; Win 9x 4.90)"
222.147.128.53 - - [26/Apr/2005:01:12:53 +0900] "GET /pukiwiki/image/copy.png HTTP/1.1" 200 490 "http://l-lab.org/pukiwiki/" "Mozilla/4.0 (compatible; MSIE 5.5; Windows 98; Win 9x 4.90)"
222.147.128.53 - - [26/Apr/2005:01:12:53 +0900] "GET /pukiwiki/image/rename.png HTTP/1.1" 200 339 "http://l-lab.org/pukiwiki/" "Mozilla/4.0 (compatible; MSIE 5.5; Windows 98; Win 9x 4.90)"
222.147.128.53 - - [26/Apr/2005:01:12:54 +0900] "GET /pukiwiki/image/top.png HTTP/1.1" 200 1299 "http://l-lab.org/pukiwiki/" "Mozilla/4.0 (compatible; MSIE 5.5; Windows 98; Win 9x 4.90)"
222.147.128.53 - - [26/Apr/2005:01:12:54 +0900] "GET /pukiwiki/image/list.png HTTP/1.1" 200 1234 "http://l-lab.org/pukiwiki/" "Mozilla/4.0 (compatible; MSIE 5.5; Windows 98; Win 9x 4.90)"
222.147.128.53 - - [26/Apr/2005:01:12:54 +0900] "GET /pukiwiki/image/search.png HTTP/1.1" 200 1285 "http://l-lab.org/pukiwiki/" "Mozilla/4.0 (compatible; MSIE 5.5; Windows 98; Win 9x 4.90)"
222.147.128.53 - - [26/Apr/2005:01:12:54 +0900] "GET /pukiwiki/image/recentchanges.png HTTP/1.1" 200 1314 "http://l-lab.org/pukiwiki/" "Mozilla/4.0 (compatible; MSIE 5.5; Windows 98; Win 9x 4.90)"
222.147.128.53 - - [26/Apr/2005:01:12:54 +0900] "GET /pukiwiki/image/backup.png HTTP/1.1" 200 1261 "http://l-lab.org/pukiwiki/" "Mozilla/4.0 (compatible; MSIE 5.5; Windows 98; Win 9x 4.90)"
222.147.128.53 - - [26/Apr/2005:01:12:54 +0900] "GET /pukiwiki/image/help.png HTTP/1.1" 200 1274 "http://l-lab.org/pukiwiki/" "Mozilla/4.0 (compatible; MSIE 5.5; Windows 98; Win 9x 4.90)"
222.147.128.53 - - [26/Apr/2005:01:12:54 +0900] "GET /pukiwiki/image/rss.png HTTP/1.1" 200 1137 "http://l-lab.org/pukiwiki/" "Mozilla/4.0 (compatible; MSIE 5.5; Windows 98; Win 9x 4.90)"
207.68.146.56 - - [26/Apr/2005:01:23:20 +0900] "GET /pukiwiki.php?Memo HTTP/1.0" 200 17693 "-" "msnbot/1.0 (+http://search.msn.com/msnbot.htm)"
218.227.40.53 - - [26/Apr/2005:01:39:53 +0900] "GET /cgi/imgbbs/img5.html HTTP/1.1" 200 7161 "http://images.google.co.jp/imgres?imgurl=http://l-lab.org/cgi/imgbbs/src/1055021099.jpg&imgrefurl=http://l-lab.org/cgi/imgbbs/img5.html&h=249&w=351&sz=18&tbnid=i8FoKuIMbMoJ:&tbnh=82&tbnw=116&start=54&prev=/images%3Fq%3D%25E3%2581%25AB%25E3%2582%2593%25E3%2581%25AB%25E3%2582%2593%26start%3D40%26imgsz%3Dsmall%257Cmedium%257Clarge%257Cxlarge%26hl%3Dja%26lr%3D%26rls%3DGGLD,GGLD:2005-01,GGLD:ja%26sa%3DN" "Mozilla/4.0 (compatible; MSIE 6.0; Windows NT 5.1; SV1)"
218.227.40.53 - - [26/Apr/2005:01:39:54 +0900] "GET /cgi/imgbbs/thumb/1056463417s.jpg HTTP/1.1" 200 13972 "http://l-lab.org/cgi/imgbbs/img5.html" "Mozilla/4.0 (compatible; MSIE 6.0; Windows NT 5.1; SV1)"
218.227.40.53 - - [26/Apr/2005:01:39:54 +0900] "GET /cgi/imgbbs/src/1059223669.jpg HTTP/1.1" 200 64142 "http://l-lab.org/cgi/imgbbs/img5.html" "Mozilla/4.0 (compatible; MSIE 6.0; Windows NT 5.1; SV1)"
218.227.40.53 - - [26/Apr/2005:01:39:54 +0900] "GET /cgi/imgbbs/src/1056197869.jpg HTTP/1.1" 200 4056 "http://l-lab.org/cgi/imgbbs/img5.html" "Mozilla/4.0 (compatible; MSIE 6.0; Windows NT 5.1; SV1)"
218.227.40.53 - - [26/Apr/2005:01:39:54 +0900] "GET /cgi/imgbbs/src/1056198148.jpg HTTP/1.1" 200 4369 "http://l-lab.org/cgi/imgbbs/img5.html" "Mozilla/4.0 (compatible; MSIE 6.0; Windows NT 5.1; SV1)"
218.227.40.53 - - [26/Apr/2005:01:39:55 +0900] "GET /cgi/imgbbs/thumb/1055021099s.jpg HTTP/1.1" 200 10267 "http://l-lab.org/cgi/imgbbs/img5.html" "Mozilla/4.0 (compatible; MSIE 6.0; Windows NT 5.1; SV1)"
218.227.40.53 - - [26/Apr/2005:01:39:55 +0900] "GET /cgi/imgbbs/src/1055021099.jpg HTTP/1.1" 200 18380 "http://images.google.co.jp/imgres?imgurl=http://l-lab.org/cgi/imgbbs/src/1055021099.jpg&imgrefurl=http://l-lab.org/cgi/imgbbs/img5.html&h=249&w=351&sz=18&tbnid=i8FoKuIMbMoJ:&tbnh=82&tbnw=116&hl=ja&prev=/images%3Fq%3D%25E3%2581%25AB%25E3%2582%2593%25E3%2581%25AB%25E3%2582%2593%26start%3D40%26imgsz%3Dsmall%257Cmedium%257Clarge%257Cxlarge%26hl%3Dja%26lr%3D%26rls%3DGGLD,GGLD:2005-01,GGLD:ja%26sa%3DN&frame=small" "Mozilla/4.0 (compatible; MSIE 6.0; Windows NT 5.1; SV1)"
210.136.161.5 - - [26/Apr/2005:02:03:12 +0900] "GET /pukiwiki/ HTTP/1.1" 200 2058 "-" "DoCoMo/2.0 N901iC(c100;TB;W24H12)"
58.70.55.60 - - [26/Apr/2005:02:04:50 +0900] "GET /cgi/imgbbs/imgboard.html HTTP/1.1" 200 8856 "http://images.google.co.jp/imgres?imgurl=http://l-lab.org/cgi/imgbbs/src/1055022030.jpg&imgrefurl=http://l-lab.org/cgi/imgbbs/imgboard.html&h=480&w=640&sz=65&tbnid=bpnRoDN3l_oJ:&tbnh=101&tbnw=135&start=57&prev=/images%3Fq%3D%25E3%2583%25AD%25E3%2583%25AA%26start%3D40%26hl%3Dja%26lr%3D%26sa%3DN" "Mozilla/4.0 (compatible; MSIE 6.0; Windows NT 5.0; .NET CLR 1.1.4322)"
58.70.55.60 - - [26/Apr/2005:02:04:51 +0900] "GET /cgi/imgbbs/thumb/1055022030s.jpg HTTP/1.1" 200 17045 "http://l-lab.org/cgi/imgbbs/imgboard.html" "Mozilla/4.0 (compatible; MSIE 6.0; Windows NT 5.0; .NET CLR 1.1.4322)"
58.70.55.60 - - [26/Apr/2005:02:04:51 +0900] "GET /cgi/imgbbs/thumb/1073641855s.jpg HTTP/1.1" 200 19771 "http://l-lab.org/cgi/imgbbs/imgboard.html" "Mozilla/4.0 (compatible; MSIE 6.0; Windows NT 5.0; .NET CLR 1.1.4322)"
58.70.55.60 - - [26/Apr/2005:02:05:29 +0900] "GET /cgi/imgbbs/img2.html HTTP/1.1" 200 8356 "http://l-lab.org/cgi/imgbbs/imgboard.html" "Mozilla/4.0 (compatible; MSIE 6.0; Windows NT 5.0; .NET CLR 1.1.4322)"
58.70.55.60 - - [26/Apr/2005:02:05:29 +0900] "GET /cgi/imgbbs/thumb/1064932685s.jpg HTTP/1.1" 200 5769 "http://l-lab.org/cgi/imgbbs/img2.html" "Mozilla/4.0 (compatible; MSIE 6.0; Windows NT 5.0; .NET CLR 1.1.4322)"
58.70.55.60 - - [26/Apr/2005:02:05:29 +0900] "GET /cgi/imgbbs/src/1067961568.jpg HTTP/1.1" 200 5260 "http://l-lab.org/cgi/imgbbs/img2.html" "Mozilla/4.0 (compatible; MSIE 6.0; Windows NT 5.0; .NET CLR 1.1.4322)"
58.70.55.60 - - [26/Apr/2005:02:05:29 +0900] "GET /cgi/imgbbs/thumb/1066841667s.jpg HTTP/1.1" 200 12632 "http://l-lab.org/cgi/imgbbs/img2.html" "Mozilla/4.0 (compatible; MSIE 6.0; Windows NT 5.0; .NET CLR 1.1.4322)"
58.70.55.60 - - [26/Apr/2005:02:05:30 +0900] "GET /cgi/imgbbs/thumb/1071520286s.jpg HTTP/1.1" 200 14815 "http://l-lab.org/cgi/imgbbs/img2.html" "Mozilla/4.0 (compatible; MSIE 6.0; Windows NT 5.0; .NET CLR 1.1.4322)"
58.70.55.60 - - [26/Apr/2005:02:05:32 +0900] "GET /cgi/imgbbs/thumb/1065719293s.jpg HTTP/1.1" 200 12349 "http://l-lab.org/cgi/imgbbs/img2.html" "Mozilla/4.0 (compatible; MSIE 6.0; Windows NT 5.0; .NET CLR 1.1.4322)"
58.70.55.60 - - [26/Apr/2005:02:05:49 +0900] "GET /cgi/imgbbs/img3.html HTTP/1.1" 200 7453 "http://l-lab.org/cgi/imgbbs/img2.html" "Mozilla/4.0 (compatible; MSIE 6.0; Windows NT 5.0; .NET CLR 1.1.4322)"
58.70.55.60 - - [26/Apr/2005:02:05:49 +0900] "GET /cgi/imgbbs/thumb/1065841761s.jpg HTTP/1.1" 200 7833 "http://l-lab.org/cgi/imgbbs/img3.html" "Mozilla/4.0 (compatible; MSIE 6.0; Windows NT 5.0; .NET CLR 1.1.4322)"
58.70.55.60 - - [26/Apr/2005:02:05:49 +0900] "GET /cgi/imgbbs/thumb/1064777036s.png HTTP/1.1" 200 289 "http://l-lab.org/cgi/imgbbs/img3.html" "Mozilla/4.0 (compatible; MSIE 6.0; Windows NT 5.0; .NET CLR 1.1.4322)"
58.70.55.60 - - [26/Apr/2005:02:05:49 +0900] "GET /cgi/imgbbs/thumb/1064776433s.png HTTP/1.1" 200 289 "http://l-lab.org/cgi/imgbbs/img3.html" "Mozilla/4.0 (compatible; MSIE 6.0; Windows NT 5.0; .NET CLR 1.1.4322)"
58.70.55.60 - - [26/Apr/2005:02:05:49 +0900] "GET /cgi/imgbbs/thumb/1064603556s.jpg HTTP/1.1" 200 13169 "http://l-lab.org/cgi/imgbbs/img3.html" "Mozilla/4.0 (compatible; MSIE 6.0; Windows NT 5.0; .NET CLR 1.1.4322)"
58.70.55.60 - - [26/Apr/2005:02:05:52 +0900] "GET /cgi/imgbbs/thumb/1064604706s.png HTTP/1.1" 200 231 "http://l-lab.org/cgi/imgbbs/img3.html" "Mozilla/4.0 (compatible; MSIE 6.0; Windows NT 5.0; .NET CLR 1.1.4322)"
58.70.55.60 - - [26/Apr/2005:02:05:57 +0900] "GET /cgi/imgbbs/img4.html HTTP/1.1" 200 8900 "http://l-lab.org/cgi/imgbbs/img3.html" "Mozilla/4.0 (compatible; MSIE 6.0; Windows NT 5.0; .NET CLR 1.1.4322)"
58.70.55.60 - - [26/Apr/2005:02:05:57 +0900] "GET /cgi/imgbbs/thumb/1052220294s.jpg HTTP/1.1" 200 7530 "http://l-lab.org/cgi/imgbbs/img4.html" "Mozilla/4.0 (compatible; MSIE 6.0; Windows NT 5.0; .NET CLR 1.1.4322)"
58.70.55.60 - - [26/Apr/2005:02:05:57 +0900] "GET /cgi/imgbbs/src/1058203895.jpg HTTP/1.1" 200 4298 "http://l-lab.org/cgi/imgbbs/img4.html" "Mozilla/4.0 (compatible; MSIE 6.0; Windows NT 5.0; .NET CLR 1.1.4322)"
58.70.55.60 - - [26/Apr/2005:02:05:58 +0900] "GET /cgi/imgbbs/src/1062098357.jpg HTTP/1.1" 200 64217 "http://l-lab.org/cgi/imgbbs/img4.html" "Mozilla/4.0 (compatible; MSIE 6.0; Windows NT 5.0; .NET CLR 1.1.4322)"
58.70.55.60 - - [26/Apr/2005:02:05:59 +0900] "GET /cgi/imgbbs/src/1059224085.jpg HTTP/1.1" 200 64768 "http://l-lab.org/cgi/imgbbs/img4.html" "Mozilla/4.0 (compatible; MSIE 6.0; Windows NT 5.0; .NET CLR 1.1.4322)"
58.70.55.60 - - [26/Apr/2005:02:06:00 +0900] "GET /cgi/imgbbs/src/1059636037.jpg HTTP/1.1" 200 196323 "http://l-lab.org/cgi/imgbbs/img4.html" "Mozilla/4.0 (compatible; MSIE 6.0; Windows NT 5.0; .NET CLR 1.1.4322)"
58.70.55.60 - - [26/Apr/2005:02:06:19 +0900] "GET /cgi/imgbbs/src/1052220294.jpg HTTP/1.1" 200 8029 "http://l-lab.org/cgi/imgbbs/img4.html" "Mozilla/4.0 (compatible; MSIE 6.0; Windows NT 5.0; .NET CLR 1.1.4322)"
58.70.55.60 - - [26/Apr/2005:02:06:37 +0900] "GET /cgi/imgbbs/img5.html HTTP/1.1" 200 7161 "http://l-lab.org/cgi/imgbbs/img4.html" "Mozilla/4.0 (compatible; MSIE 6.0; Windows NT 5.0; .NET CLR 1.1.4322)"
58.70.55.60 - - [26/Apr/2005:02:06:38 +0900] "GET /cgi/imgbbs/src/1056197869.jpg HTTP/1.1" 200 4056 "http://l-lab.org/cgi/imgbbs/img5.html" "Mozilla/4.0 (compatible; MSIE 6.0; Windows NT 5.0; .NET CLR 1.1.4322)"
58.70.55.60 - - [26/Apr/2005:02:06:38 +0900] "GET /cgi/imgbbs/src/1056198148.jpg HTTP/1.1" 200 4369 "http://l-lab.org/cgi/imgbbs/img5.html" "Mozilla/4.0 (compatible; MSIE 6.0; Windows NT 5.0; .NET CLR 1.1.4322)"
58.70.55.60 - - [26/Apr/2005:02:06:38 +0900] "GET /cgi/imgbbs/thumb/1056463417s.jpg HTTP/1.1" 200 13972 "http://l-lab.org/cgi/imgbbs/img5.html" "Mozilla/4.0 (compatible; MSIE 6.0; Windows NT 5.0; .NET CLR 1.1.4322)"
58.70.55.60 - - [26/Apr/2005:02:06:38 +0900] "GET /cgi/imgbbs/src/1059223669.jpg HTTP/1.1" 200 64142 "http://l-lab.org/cgi/imgbbs/img5.html" "Mozilla/4.0 (compatible; MSIE 6.0; Windows NT 5.0; .NET CLR 1.1.4322)"
58.70.55.60 - - [26/Apr/2005:02:06:41 +0900] "GET /cgi/imgbbs/thumb/1055021099s.jpg HTTP/1.1" 200 10267 "http://l-lab.org/cgi/imgbbs/img5.html" "Mozilla/4.0 (compatible; MSIE 6.0; Windows NT 5.0; .NET CLR 1.1.4322)"
58.70.55.60 - - [26/Apr/2005:02:06:47 +0900] "GET /cgi/imgbbs/src/1056463417.jpg HTTP/1.1" 200 150843 "http://l-lab.org/cgi/imgbbs/img5.html" "Mozilla/4.0 (compatible; MSIE 6.0; Windows NT 5.0; .NET CLR 1.1.4322)"
58.70.55.60 - - [26/Apr/2005:02:07:04 +0900] "GET /cgi/imgbbs/src/1055021099.jpg HTTP/1.1" 200 18380 "http://l-lab.org/cgi/imgbbs/img5.html" "Mozilla/4.0 (compatible; MSIE 6.0; Windows NT 5.0; .NET CLR 1.1.4322)"
58.70.55.60 - - [26/Apr/2005:02:07:12 +0900] "GET /cgi/imgbbs/img6.html HTTP/1.1" 200 7121 "http://l-lab.org/cgi/imgbbs/img5.html" "Mozilla/4.0 (compatible; MSIE 6.0; Windows NT 5.0; .NET CLR 1.1.4322)"
58.70.55.60 - - [26/Apr/2005:02:07:12 +0900] "GET /cgi/imgbbs/thumb/1053947413s.jpg HTTP/1.1" 200 5816 "http://l-lab.org/cgi/imgbbs/img6.html" "Mozilla/4.0 (compatible; MSIE 6.0; Windows NT 5.0; .NET CLR 1.1.4322)"
58.70.55.60 - - [26/Apr/2005:02:07:12 +0900] "GET /cgi/imgbbs/thumb/1053700948s.jpg HTTP/1.1" 200 7666 "http://l-lab.org/cgi/imgbbs/img6.html" "Mozilla/4.0 (compatible; MSIE 6.0; Windows NT 5.0; .NET CLR 1.1.4322)"
58.70.55.60 - - [26/Apr/2005:02:07:13 +0900] "GET /cgi/imgbbs/thumb/1053689697s.jpg HTTP/1.1" 200 12371 "http://l-lab.org/cgi/imgbbs/img6.html" "Mozilla/4.0 (compatible; MSIE 6.0; Windows NT 5.0; .NET CLR 1.1.4322)"
58.70.55.60 - - [26/Apr/2005:02:07:13 +0900] "GET /cgi/imgbbs/thumb/1053541309s.jpg HTTP/1.1" 200 12816 "http://l-lab.org/cgi/imgbbs/img6.html" "Mozilla/4.0 (compatible; MSIE 6.0; Windows NT 5.0; .NET CLR 1.1.4322)"
58.70.55.60 - - [26/Apr/2005:02:07:21 +0900] "GET /cgi/imgbbs/src/1053700948.jpg HTTP/1.1" 200 129420 "http://l-lab.org/cgi/imgbbs/img6.html" "Mozilla/4.0 (compatible; MSIE 6.0; Windows NT 5.0; .NET CLR 1.1.4322)"
58.70.55.60 - - [26/Apr/2005:02:07:33 +0900] "GET /cgi/imgbbs/src/1053689697.jpg HTTP/1.1" 200 60207 "http://l-lab.org/cgi/imgbbs/img6.html" "Mozilla/4.0 (compatible; MSIE 6.0; Windows NT 5.0; .NET CLR 1.1.4322)"
221.242.56.242 - - [26/Apr/2005:02:11:03 +0900] "GET /html/pppoe.html HTTP/1.0" 200 3434 "-" "Mozilla/4.0 (compatible; MSIE 6.0; Windows NT 5.0; .NET CLR 1.1.4322)"
221.242.56.242 - - [26/Apr/2005:02:11:15 +0900] "GET /site.css HTTP/1.0" 200 2606 "http://l-lab.org/html/pppoe.html" "Mozilla/4.0 (compatible; MSIE 6.0; Windows NT 5.0; .NET CLR 1.1.4322)"
220.132.126.87 - - [26/Apr/2005:02:20:22 +0900] "GET /cgi/imgbbs2/res/ HTTP/1.0" 404 276 "-" "3"
68.142.249.142 - - [26/Apr/2005:02:40:56 +0900] "GET /robots.txt HTTP/1.0" 200 0 "-" "Mozilla/5.0 (compatible; Yahoo! Slurp; http://help.yahoo.com/help/us/ysearch/slurp)"
68.142.250.193 - - [26/Apr/2005:02:40:57 +0900] "GET /cgi/imgbbs2/res/res46.html HTTP/1.0" 404 286 "-" "Mozilla/5.0 (compatible; Yahoo! Slurp; http://help.yahoo.com/help/us/ysearch/slurp)"
221.186.146.26 - - [26/Apr/2005:02:41:30 +0900] "HEAD / HTTP/1.1" 200 0 "-" "Hatena Antenna/0.4 (http://a.hatena.ne.jp/help)"
221.186.146.26 - - [26/Apr/2005:02:41:31 +0900] "GET / HTTP/1.1" 200 14567 "-" "Hatena Antenna/0.4 (http://a.hatena.ne.jp/help)"
64.242.88.50 - - [26/Apr/2005:02:41:56 +0900] "GET /pukiwiki.php?cmd=list HTTP/1.1" 200 11626 "-" "Mozilla/4.0 compatible ZyBorg/1.0 Dead Link Checker (wn.dlc@looksmart.net; http://www.WISEnutbot.com)"
68.142.251.86 - - [26/Apr/2005:02:53:32 +0900] "GET /robots.txt HTTP/1.0" 200 0 "-" "Mozilla/5.0 (compatible; Yahoo! Slurp; http://help.yahoo.com/help/us/ysearch/slurp)"
68.142.250.131 - - [26/Apr/2005:02:53:33 +0900] "GET /pukiwiki.php?%CD%BD%C4%EA%C9%BD%2F2004-08-14 HTTP/1.0" 200 10936 "-" "Mozilla/5.0 (compatible; Yahoo! Slurp; http://help.yahoo.com/help/us/ysearch/slurp)"
207.68.146.55 - - [26/Apr/2005:02:58:07 +0900] "GET /robots.txt HTTP/1.0" 200 0 "-" "msnbot/1.0 (+http://search.msn.com/msnbot.htm)"
207.68.146.55 - - [26/Apr/2005:02:58:07 +0900] "GET /cgi/imgbbs/img3.html HTTP/1.0" 200 7453 "-" "msnbot/1.0 (+http://search.msn.com/msnbot.htm)"
81.223.123.163 - - [26/Apr/2005:03:03:54 +0900] "GET /cgi/imgbbs/imgboard.html HTTP/1.0" 200 8856 "-" "-"
81.223.123.163 - - [26/Apr/2005:03:03:55 +0900] "GET /cgi/imgbbs/thumb/1055022030s.jpg HTTP/1.0" 200 17045 "-" "-"
81.223.123.163 - - [26/Apr/2005:03:03:56 +0900] "GET /cgi/imgbbs/thumb/1073641855s.jpg HTTP/1.0" 200 19771 "-" "-"
81.223.123.163 - - [26/Apr/2005:03:03:57 +0900] "GET /favicon.ico HTTP/1.0" 200 894 "-" "-"
221.37.184.80 - - [26/Apr/2005:03:21:28 +0900] "GET /cgi/imgbbs/imgboard.html HTTP/1.1" 200 8856 "-" "Mozilla/4.0 (compatible; MSIE 5.17; Mac_PowerPC)"
221.37.184.80 - - [26/Apr/2005:03:21:29 +0900] "GET /cgi/imgbbs/thumb/1055022030s.jpg HTTP/1.1" 200 17045 "http://l-lab.org/cgi/imgbbs/imgboard.html" "Mozilla/4.0 (compatible; MSIE 5.17; Mac_PowerPC)"
221.37.184.80 - - [26/Apr/2005:03:21:29 +0900] "GET /cgi/imgbbs/thumb/1073641855s.jpg HTTP/1.1" 200 19771 "http://l-lab.org/cgi/imgbbs/imgboard.html" "Mozilla/4.0 (compatible; MSIE 5.17; Mac_PowerPC)"
66.196.90.122 - - [26/Apr/2005:03:21:43 +0900] "GET /robots.txt HTTP/1.0" 200 0 "-" "Mozilla/5.0 (compatible; Yahoo! Slurp; http://help.yahoo.com/help/us/ysearch/slurp)"
66.196.91.115 - - [26/Apr/2005:03:21:44 +0900] "GET /pukiwiki/pukiwiki.php?%CF%BF%B2%BB%A4%B3%A4%C8%A2%A1Rb.XJ8VXow%A4%CE%C0%B8%C2%A9%C8%C4 HTTP/1.0" 200 13711 "-" "Mozilla/5.0 (compatible; Yahoo! Slurp; http://help.yahoo.com/help/us/ysearch/slurp)"
207.46.98.65 - - [26/Apr/2005:03:22:08 +0900] "GET /robots.txt HTTP/1.0" 200 0 "-" "msnbot/1.0 (+http://search.msn.com/msnbot.htm)"
207.46.98.65 - - [26/Apr/2005:03:22:09 +0900] "GET /pukiwiki/pukiwiki.php?plugin=attach&refer=%CF%BF%B2%BB%B4%D8%B7%B8%B2%E8%C1%FC&openfile=55455ff2ebb5.JPG HTTP/1.0" 200 27984 "-" "msnbot/1.0 (+http://search.msn.com/msnbot.htm)"
207.46.98.65 - - [26/Apr/2005:03:35:32 +0900] "GET /pukiwiki/ HTTP/1.0" 200 12839 "-" "msnbot/1.0 (+http://search.msn.com/msnbot.htm)"
207.46.98.65 - - [26/Apr/2005:03:41:12 +0900] "GET /pukiwiki/pukiwiki.php?SandBox HTTP/1.0" 200 16681 "-" "msnbot/1.0 (+http://search.msn.com/msnbot.htm)"
207.46.98.65 - - [26/Apr/2005:03:49:49 +0900] "GET /etc/?M=D HTTP/1.0" 200 2207 "-" "msnbot/1.0 (+http://search.msn.com/msnbot.htm)"
207.46.98.65 - - [26/Apr/2005:03:51:19 +0900] "GET /photo/?M=A HTTP/1.0" 200 9331 "-" "msnbot/1.0 (+http://search.msn.com/msnbot.htm)"
207.46.98.65 - - [26/Apr/2005:03:53:26 +0900] "GET /pukiwiki/pukiwiki.php?plugin=attach&refer=%CF%BF%B2%BB%B4%D8%B7%B8%B2%E8%C1%FC&openfile=e025ccc190e3.JPG HTTP/1.0" 200 25156 "-" "msnbot/1.0 (+http://search.msn.com/msnbot.htm)"
207.46.98.65 - - [26/Apr/2005:03:55:50 +0900] "GET /pukiwiki/pukiwiki.php?cmd=search&word=BracketName HTTP/1.0" 200 6065 "-" "msnbot/1.0 (+http://search.msn.com/msnbot.htm)"
64.242.88.50 - - [26/Apr/2005:04:04:24 +0900] "GET /pukiwiki.php?\xc3\x83\xc2\x83\xc3\x82\xc2\x8d\xc3\x83\xc2\x82\xc3\x82\xc2\xbd\xc3\x83\xc2\x83\xc3\x82\xc2\x84\xc3\x83\xc2\x83\xc3\x82\xc2\xaa\xc3\x83\xc2\x83\xc3\x82\xc2\x89\xc3\x83\xc2\x82\xc3\x82\xc2\xbd/2004-11-01 HTTP/1.1" 200 11782 "-" "Mozilla/4.0 compatible ZyBorg/1.0 Dead Link Checker (wn.dlc@looksmart.net; http://www.WISEnutbot.com)"
207.68.146.56 - - [26/Apr/2005:04:22:50 +0900] "GET /robots.txt HTTP/1.0" 200 0 "-" "msnbot/1.0 (+http://search.msn.com/msnbot.htm)"
207.68.146.56 - - [26/Apr/2005:04:22:51 +0900] "GET /pukiwiki.php?%A5%A2%A5%F3%A5%B1%A1%BC%A5%C8 HTTP/1.0" 200 22190 "-" "msnbot/1.0 (+http://search.msn.com/msnbot.htm)"
64.242.88.50 - - [26/Apr/2005:04:38:37 +0900] "GET /pukiwiki.php?KOF HTTP/1.1" 200 10416 "-" "Mozilla/4.0 compatible ZyBorg/1.0 Dead Link Checker (wn.dlc@looksmart.net; http://www.WISEnutbot.com)"
207.46.98.65 - - [26/Apr/2005:04:44:08 +0900] "GET /pukiwiki/pukiwiki.php?PukiWiki%2F1.4%2F%A5%DE%A5%CB%A5%E5%A5%A2%A5%EB%2F%A5%D7%A5%E9%A5%B0%A5%A4%A5%F3%2Fr HTTP/1.0" 200 30657 "-" "msnbot/1.0 (+http://search.msn.com/msnbot.htm)"
207.46.98.126 - - [26/Apr/2005:04:44:35 +0900] "GET /robots.txt HTTP/1.0" 200 0 "-" "msnbot/1.0 (+http://search.msn.com/msnbot.htm)"
207.46.98.126 - - [26/Apr/2005:04:44:35 +0900] "GET /pukiwiki.php?cmd=rss10 HTTP/1.0" 200 5128 "-" "msnbot/1.0 (+http://search.msn.com/msnbot.htm)"
207.46.98.65 - - [26/Apr/2005:05:17:03 +0900] "GET /pukiwiki/pukiwiki.php?cmd=rss10 HTTP/1.0" 200 9365 "-" "msnbot/1.0 (+http://search.msn.com/msnbot.htm)"
220.111.136.65 - - [26/Apr/2005:05:17:54 +0900] "GET /3gp/MOL.3gp HTTP/1.1" 200 710798 "http://search.yahoo.co.jp/bin/query?p=MOL+.3gp" "Mozilla/4.0 (compatible; MSIE 6.0; Windows NT 5.1; SV1; .NET CLR 1.1.4322)"
207.46.98.65 - - [26/Apr/2005:05:19:26 +0900] "GET /robots.txt HTTP/1.0" 200 0 "-" "msnbot/1.0 (+http://search.msn.com/msnbot.htm)"
207.46.98.65 - - [26/Apr/2005:05:19:26 +0900] "GET /webalizer/ HTTP/1.0" 200 10116 "-" "msnbot/1.0 (+http://search.msn.com/msnbot.htm)"
207.46.98.65 - - [26/Apr/2005:05:20:26 +0900] "GET /pukiwiki/pukiwiki.php HTTP/1.0" 200 12839 "-" "msnbot/1.0 (+http://search.msn.com/msnbot.htm)"
207.68.146.55 - - [26/Apr/2005:05:29:14 +0900] "GET /robots.txt HTTP/1.0" 200 0 "-" "msnbot/1.0 (+http://search.msn.com/msnbot.htm)"
207.68.146.55 - - [26/Apr/2005:05:29:15 +0900] "GET / HTTP/1.0" 200 3379 "-" "msnbot/1.0 (+http://search.msn.com/msnbot.htm)"
207.68.146.56 - - [26/Apr/2005:05:29:54 +0900] "GET / HTTP/1.0" 200 14527 "-" "msnbot/1.0 (+http://search.msn.com/msnbot.htm)"
80.58.48.42 - - [26/Apr/2005:05:32:46 +0900] "GET /cgi/imgbbs/imgboard.html HTTP/1.0" 200 8856 "-" "Mozilla/4.0 (compatible; MSIE 6.0; Windows NT 5.1)"
80.58.48.42 - - [26/Apr/2005:05:32:47 +0900] "GET /cgi/imgbbs/thumb/1073641855s.jpg HTTP/1.1" 200 19771 "-" "Mozilla/4.0 (compatible; MSIE 6.0; Windows NT 5.1)"
80.58.48.42 - - [26/Apr/2005:05:32:48 +0900] "GET /cgi/imgbbs/thumb/1055022030s.jpg HTTP/1.1" 200 17045 "-" "Mozilla/4.0 (compatible; MSIE 6.0; Windows NT 5.1)"
80.58.48.42 - - [26/Apr/2005:05:33:10 +0900] "GET /cgi/imgbbs/img2.html HTTP/1.1" 200 8356 "-" "Mozilla/4.0 (compatible; MSIE 6.0; Windows NT 5.1)"
80.58.48.42 - - [26/Apr/2005:05:33:11 +0900] "GET /cgi/imgbbs/thumb/1064932685s.jpg HTTP/1.1" 200 5769 "-" "Mozilla/4.0 (compatible; MSIE 6.0; Windows NT 5.1)"
80.58.48.42 - - [26/Apr/2005:05:33:12 +0900] "GET /cgi/imgbbs/src/1067961568.jpg HTTP/1.1" 200 5260 "-" "Mozilla/4.0 (compatible; MSIE 6.0; Windows NT 5.1)"
80.58.48.42 - - [26/Apr/2005:05:33:12 +0900] "GET /cgi/imgbbs/thumb/1071520286s.jpg HTTP/1.1" 200 14815 "-" "Mozilla/4.0 (compatible; MSIE 6.0; Windows NT 5.1)"
80.58.48.42 - - [26/Apr/2005:05:33:13 +0900] "GET /cgi/imgbbs/thumb/1066841667s.jpg HTTP/1.1" 200 12632 "-" "Mozilla/4.0 (compatible; MSIE 6.0; Windows NT 5.1)"
80.58.48.42 - - [26/Apr/2005:05:33:14 +0900] "GET /cgi/imgbbs/thumb/1065719293s.jpg HTTP/1.1" 200 12349 "-" "Mozilla/4.0 (compatible; MSIE 6.0; Windows NT 5.1)"
207.46.98.65 - - [26/Apr/2005:05:44:58 +0900] "GET /pukiwiki/pukiwiki.php?%A5%D8%A5%EB%A5%D7 HTTP/1.0" 200 17540 "-" "msnbot/1.0 (+http://search.msn.com/msnbot.htm)"
207.46.98.65 - - [26/Apr/2005:05:46:28 +0900] "GET /pukiwiki/pukiwiki.php?PukiWiki%2F1.4%2F%A5%DE%A5%CB%A5%E5%A5%A2%A5%EB%2F%A5%D7%A5%E9%A5%B0%A5%A4%A5%F3%2Fu HTTP/1.0" 200 17460 "-" "msnbot/1.0 (+http://search.msn.com/msnbot.htm)"
68.142.251.86 - - [26/Apr/2005:05:55:51 +0900] "GET /robots.txt HTTP/1.0" 200 0 "-" "Mozilla/5.0 (compatible; Yahoo! Slurp; http://help.yahoo.com/help/us/ysearch/slurp)"
68.142.251.151 - - [26/Apr/2005:05:55:52 +0900] "GET /pukiwiki.php?%A3%CC HTTP/1.0" 200 10906 "-" "Mozilla/5.0 (compatible; Yahoo! Slurp; http://help.yahoo.com/help/us/ysearch/slurp)"
210.135.97.176 - - [26/Apr/2005:06:00:47 +0900] "GET /robots.txt HTTP/1.0" 200 0 "-" "BlogCrawler by Xango (VERSION 0.01)"
68.142.249.142 - - [26/Apr/2005:06:02:14 +0900] "GET /robots.txt HTTP/1.0" 200 0 "-" "Mozilla/5.0 (compatible; Yahoo! Slurp; http://help.yahoo.com/help/us/ysearch/slurp)"
68.142.249.192 - - [26/Apr/2005:06:02:15 +0900] "GET /prog HTTP/1.0" 301 292 "-" "Mozilla/5.0 (compatible; Yahoo! Slurp; http://help.yahoo.com/help/us/ysearch/slurp)"
68.142.249.192 - - [26/Apr/2005:06:02:15 +0900] "GET /prog/ HTTP/1.0" 200 1380 "-" "Mozilla/5.0 (compatible; Yahoo! Slurp; http://help.yahoo.com/help/us/ysearch/slurp)"
64.242.88.50 - - [26/Apr/2005:06:02:33 +0900] "GET /pukiwiki.php?NMUG%20FrontPage HTTP/1.1" 200 14567 "-" "Mozilla/4.0 compatible ZyBorg/1.0 Dead Link Checker (wn.dlc@looksmart.net; http://www.WISEnutbot.com)"
68.142.250.51 - - [26/Apr/2005:06:09:21 +0900] "GET /pukiwiki.php?PukiWiki HTTP/1.0" 200 11876 "-" "Mozilla/5.0 (compatible; Yahoo! Slurp; http://help.yahoo.com/help/us/ysearch/slurp)"
221.186.146.26 - - [26/Apr/2005:06:18:49 +0900] "HEAD / HTTP/1.1" 200 0 "-" "Hatena Antenna/0.4 (http://a.hatena.ne.jp/help)"
221.186.146.26 - - [26/Apr/2005:06:18:50 +0900] "GET / HTTP/1.1" 200 14567 "-" "Hatena Antenna/0.4 (http://a.hatena.ne.jp/help)"
66.196.90.37 - - [26/Apr/2005:06:27:54 +0900] "GET /robots.txt HTTP/1.0" 200 0 "-" "Mozilla/5.0 (compatible; Yahoo! Slurp; http://help.yahoo.com/help/us/ysearch/slurp)"
66.196.90.36 - - [26/Apr/2005:06:27:55 +0900] "GET /etc?D=D HTTP/1.0" 301 295 "-" "Mozilla/5.0 (compatible; Yahoo! Slurp; http://help.yahoo.com/help/us/ysearch/slurp)"
66.196.90.36 - - [26/Apr/2005:06:27:59 +0900] "GET /etc/?D=D HTTP/1.0" 200 2207 "-" "Mozilla/5.0 (compatible; Yahoo! Slurp; http://help.yahoo.com/help/us/ysearch/slurp)"
68.142.249.142 - - [26/Apr/2005:06:28:51 +0900] "GET /robots.txt HTTP/1.0" 200 0 "-" "Mozilla/5.0 (compatible; Yahoo! Slurp; http://help.yahoo.com/help/us/ysearch/slurp)"
68.142.251.20 - - [26/Apr/2005:06:28:52 +0900] "GET /mozilla HTTP/1.0" 301 295 "-" "Mozilla/5.0 (compatible; Yahoo! Slurp; http://help.yahoo.com/help/us/ysearch/slurp)"
68.142.251.20 - - [26/Apr/2005:06:28:52 +0900] "GET /mozilla/ HTTP/1.0" 200 10503 "-" "Mozilla/5.0 (compatible; Yahoo! Slurp; http://help.yahoo.com/help/us/ysearch/slurp)"
207.68.146.56 - - [26/Apr/2005:06:31:34 +0900] "GET /pukiwiki.php?Link HTTP/1.0" 200 12472 "-" "msnbot/1.0 (+http://search.msn.com/msnbot.htm)"
207.68.146.55 - - [26/Apr/2005:06:38:19 +0900] "GET /cgi/imgbbs/imgbbs.cgi?mode=admin HTTP/1.0" 200 694 "-" "msnbot/1.0 (+http://search.msn.com/msnbot.htm)"
64.242.88.50 - - [26/Apr/2005:07:18:51 +0900] "GET /pukiwiki.php?\xc3\x83\xc2\x83\xc3\x82\xc2\x8d\xc3\x83\xc2\x82\xc3\x82\xc2\xbd\xc3\x83\xc2\x83\xc3\x82\xc2\x84\xc3\x83\xc2\x83\xc3\x82\xc2\xaa\xc3\x83\xc2\x83\xc3\x82\xc2\x89\xc3\x83\xc2\x82\xc3\x82\xc2\xbd/2005-01-02 HTTP/1.1" 200 11782 "-" "Mozilla/4.0 compatible ZyBorg/1.0 Dead Link Checker (wn.dlc@looksmart.net; http://www.WISEnutbot.com)"
207.68.146.56 - - [26/Apr/2005:07:38:40 +0900] "GET /pukiwiki.php?NMUG%20FrontPage HTTP/1.0" 200 14527 "-" "msnbot/1.0 (+http://search.msn.com/msnbot.htm)"
66.196.90.37 - - [26/Apr/2005:07:45:43 +0900] "GET /robots.txt HTTP/1.0" 200 0 "-" "Mozilla/5.0 (compatible; Yahoo! Slurp; http://help.yahoo.com/help/us/ysearch/slurp)"
66.196.90.242 - - [26/Apr/2005:07:45:44 +0900] "GET /cgi/imgbbs2/res/res40.html HTTP/1.0" 404 286 "-" "Mozilla/5.0 (compatible; Yahoo! Slurp; http://help.yahoo.com/help/us/ysearch/slurp)"
64.242.88.50 - - [26/Apr/2005:07:46:48 +0900] "GET /pukiwiki.php?\xc3\x83\xc2\x82\xc3\x82\xc2\xa5\xc3\x83\xc2\x83\xc3\x82\xc2\xa1\xc3\x83\xc2\x82\xc3\x82\xc2\xa5\xc3\x83\xc2\x83\xc3\x82\xc2\xb3\xc3\x83\xc2\x82\xc3\x82\xc2\xa5\xc3\x83\xc2\x83\xc3\x82\xc2\x90\xc3\x83\xc2\x82\xc3\x82\xc2\xa1\xc3\x83\xc2\x82\xc3\x82\xc2\xbc\xc3\x83\xc2\x82\xc3\x82\xc2\xa5\xc3\x83\xc2\x83\xc3\x82\xc2\xaa\xc3\x83\xc2\x82\xc3\x82\xc2\xa5\xc3\x83\xc2\x82\xc3\x82\xc2\xb9\xc3\x83\xc2\x82\xc3\x82\xc2\xa5\xc3\x83\xc2\x83\xc3\x82\xc2\x88 HTTP/1.1" 200 11442 "-" "Mozilla/4.0 compatible ZyBorg/1.0 Dead Link Checker (wn.dlc@looksmart.net; http://www.WISEnutbot.com)"
207.68.146.55 - - [26/Apr/2005:08:00:11 +0900] "GET /cgi/imgbbs/img2.html HTTP/1.0" 200 8356 "-" "msnbot/1.0 (+http://search.msn.com/msnbot.htm)"
64.242.88.50 - - [26/Apr/2005:08:04:25 +0900] "GET /pukiwiki.php?plugin=rename&refer=NMUG%20FrontPage HTTP/1.1" 200 4319 "-" "Mozilla/4.0 compatible ZyBorg/1.0 Dead Link Checker (wn.dlc@looksmart.net; http://www.WISEnutbot.com)"
203.174.66.231 - - [26/Apr/2005:08:07:14 +0900] "GET /html/pppoe.html HTTP/1.1" 200 3434 "-" "livedoorCheckers/0.11"
64.242.88.50 - - [26/Apr/2005:08:09:08 +0900] "GET /pukiwiki.php?\xc3\x83\xc2\x83\xc3\x82\xc2\x8d\xc3\x83\xc2\x82\xc3\x82\xc2\xbd\xc3\x83\xc2\x83\xc3\x82\xc2\x84\xc3\x83\xc2\x83\xc3\x82\xc2\xaa\xc3\x83\xc2\x83\xc3\x82\xc2\x89\xc3\x83\xc2\x82\xc3\x82\xc2\xbd HTTP/1.1" 200 11522 "-" "Mozilla/4.0 compatible ZyBorg/1.0 Dead Link Checker (wn.dlc@looksmart.net; http://www.WISEnutbot.com)"
222.3.80.61 - - [26/Apr/2005:08:18:59 +0900] "GET /cgi/imgbbs/imgboard.html HTTP/1.1" 200 8856 "http://cgi.search.biglobe.ne.jp/cgi-bin/pict/search?q=%A5%ED%A5%EA&restrict=&start=40&num=20" "Mozilla/4.0 (compatible; MSIE 6.0; Windows NT 5.1; SV1)"
222.3.80.61 - - [26/Apr/2005:08:19:00 +0900] "GET /cgi/imgbbs/thumb/1055022030s.jpg HTTP/1.1" 200 17045 "http://l-lab.org/cgi/imgbbs/imgboard.html" "Mozilla/4.0 (compatible; MSIE 6.0; Windows NT 5.1; SV1)"
222.3.80.61 - - [26/Apr/2005:08:19:01 +0900] "GET /cgi/imgbbs/thumb/1073641855s.jpg HTTP/1.1" 200 19771 "http://l-lab.org/cgi/imgbbs/imgboard.html" "Mozilla/4.0 (compatible; MSIE 6.0; Windows NT 5.1; SV1)"
222.3.80.61 - - [26/Apr/2005:08:19:16 +0900] "GET /cgi/imgbbs/imgboard.html HTTP/1.1" 200 8856 "http://cgi.search.biglobe.ne.jp/cgi-bin/pict/search?q=%A5%ED%A5%EA&restrict=&start=40&num=20" "Mozilla/4.0 (compatible; MSIE 6.0; Windows NT 5.1; SV1)"
222.3.80.61 - - [26/Apr/2005:08:19:17 +0900] "GET /cgi/imgbbs/thumb/1055022030s.jpg HTTP/1.1" 200 17045 "http://l-lab.org/cgi/imgbbs/imgboard.html" "Mozilla/4.0 (compatible; MSIE 6.0; Windows NT 5.1; SV1)"
222.3.80.61 - - [26/Apr/2005:08:19:17 +0900] "GET /cgi/imgbbs/thumb/1073641855s.jpg HTTP/1.1" 200 19771 "http://l-lab.org/cgi/imgbbs/imgboard.html" "Mozilla/4.0 (compatible; MSIE 6.0; Windows NT 5.1; SV1)"
222.3.80.61 - - [26/Apr/2005:08:19:21 +0900] "GET /cgi/imgbbs/src/1055022030.jpg HTTP/1.1" 200 65548 "http://l-lab.org/cgi/imgbbs/imgboard.html" "Mozilla/4.0 (compatible; MSIE 6.0; Windows NT 5.1; SV1)"
68.142.249.142 - - [26/Apr/2005:08:21:59 +0900] "GET /robots.txt HTTP/1.0" 200 0 "-" "Mozilla/5.0 (compatible; Yahoo! Slurp; http://help.yahoo.com/help/us/ysearch/slurp)"
68.142.251.153 - - [26/Apr/2005:08:22:07 +0900] "GET /image HTTP/1.0" 301 293 "-" "Mozilla/5.0 (compatible; Yahoo! Slurp; http://help.yahoo.com/help/us/ysearch/slurp)"
68.142.251.153 - - [26/Apr/2005:08:22:13 +0900] "GET /image/ HTTP/1.0" 200 5025 "-" "Mozilla/5.0 (compatible; Yahoo! Slurp; http://help.yahoo.com/help/us/ysearch/slurp)"
66.249.64.79 - - [26/Apr/2005:08:33:18 +0900] "GET /robots.txt HTTP/1.0" 200 0 "-" "Googlebot/2.1 (+http://www.google.com/bot.html)"
66.249.64.79 - - [26/Apr/2005:08:33:18 +0900] "GET /cgi/pukiwiki/ HTTP/1.0" 404 273 "-" "Googlebot/2.1 (+http://www.google.com/bot.html)"
218.119.194.64 - - [26/Apr/2005:08:34:39 +0900] "GET /pict/122_2265.JPG HTTP/1.1" 200 17552 "http://page8.auctions.yahoo.co.jp/jp/auction/h26323063" "Mozilla/4.0 (compatible; MSIE 6.0; Windows NT 5.1; SV1)"
207.68.146.56 - - [26/Apr/2005:08:35:03 +0900] "GET /pukiwiki.php?%A5%D8%A5%EB%A5%D7 HTTP/1.0" 200 62377 "-" "msnbot/1.0 (+http://search.msn.com/msnbot.htm)"
68.142.251.95 - - [26/Apr/2005:08:39:19 +0900] "GET /robots.txt HTTP/1.0" 200 0 "-" "Mozilla/5.0 (compatible; Yahoo! Slurp; http://help.yahoo.com/help/us/ysearch/slurp)"
68.142.250.168 - - [26/Apr/2005:08:39:20 +0900] "GET /pukiwiki.php?IRC HTTP/1.0" 200 10528 "-" "Mozilla/5.0 (compatible; Yahoo! Slurp; http://help.yahoo.com/help/us/ysearch/slurp)"
221.186.146.26 - - [26/Apr/2005:08:43:12 +0900] "HEAD / HTTP/1.1" 200 0 "-" "Hatena Antenna/0.4 (http://a.hatena.ne.jp/help)"
221.186.146.26 - - [26/Apr/2005:08:43:13 +0900] "GET / HTTP/1.1" 200 14567 "-" "Hatena Antenna/0.4 (http://a.hatena.ne.jp/help)"
221.24.190.38 - - [26/Apr/2005:08:47:43 +0900] "GET /cgi/imgbbs/imgboard.html HTTP/1.1" 200 8856 "http://images.google.co.jp/imgres?imgurl=http://l-lab.org/cgi/imgbbs/src/1055022030.jpg&imgrefurl=http://l-lab.org/cgi/imgbbs/imgboard.html&h=480&w=640&sz=65&tbnid=bpnRoDN3l_oJ:&tbnh=101&tbnw=135&start=57&prev=/images%3Fq%3D%25E3%2583%25AD%25E3%2583%25AA%26start%3D40%26hl%3Dja%26lr%3D%26sa%3DN" "Mozilla/4.0 (compatible; MSIE 6.0; Windows NT 5.1; SV1)"
221.24.190.38 - - [26/Apr/2005:08:47:43 +0900] "GET /cgi/imgbbs/thumb/1055022030s.jpg HTTP/1.1" 200 17045 "http://l-lab.org/cgi/imgbbs/imgboard.html" "Mozilla/4.0 (compatible; MSIE 6.0; Windows NT 5.1; SV1)"
221.24.190.38 - - [26/Apr/2005:08:47:43 +0900] "GET /cgi/imgbbs/thumb/1073641855s.jpg HTTP/1.1" 200 19771 "http://l-lab.org/cgi/imgbbs/imgboard.html" "Mozilla/4.0 (compatible; MSIE 6.0; Windows NT 5.1; SV1)"
218.251.25.152 - - [26/Apr/2005:08:56:30 +0900] "GET /pukiwiki/ HTTP/1.0" 200 12839 "http://ime.st/l-lab.org/pukiwiki/" "Mozilla/4.0 (compatible; MSIE 6.0; Windows NT 5.1; .NET CLR 1.1.4322)"
218.251.25.152 - - [26/Apr/2005:08:56:30 +0900] "GET /pukiwiki/skin/default.ja.css HTTP/1.0" 200 7905 "http://l-lab.org/pukiwiki/" "Mozilla/4.0 (compatible; MSIE 6.0; Windows NT 5.1; .NET CLR 1.1.4322)"
218.251.25.152 - - [26/Apr/2005:08:56:30 +0900] "GET /pukiwiki/skin/print.ja.css HTTP/1.0" 200 665 "http://l-lab.org/pukiwiki/" "Mozilla/4.0 (compatible; MSIE 6.0; Windows NT 5.1; .NET CLR 1.1.4322)"
218.251.25.152 - - [26/Apr/2005:08:56:30 +0900] "GET /pukiwiki/skin/trackback.js HTTP/1.0" 200 269 "http://l-lab.org/pukiwiki/" "Mozilla/4.0 (compatible; MSIE 6.0; Windows NT 5.1; .NET CLR 1.1.4322)"
218.251.25.152 - - [26/Apr/2005:08:56:30 +0900] "GET /pukiwiki/image/pukiwiki.png HTTP/1.0" 200 4385 "http://l-lab.org/pukiwiki/" "Mozilla/4.0 (compatible; MSIE 6.0; Windows NT 5.1; .NET CLR 1.1.4322)"
218.251.25.152 - - [26/Apr/2005:08:56:31 +0900] "GET /pukiwiki/image/reload.png HTTP/1.0" 200 1298 "http://l-lab.org/pukiwiki/" "Mozilla/4.0 (compatible; MSIE 6.0; Windows NT 5.1; .NET CLR 1.1.4322)"
218.251.25.152 - - [26/Apr/2005:08:56:31 +0900] "GET /pukiwiki/image/new.png HTTP/1.0" 200 796 "http://l-lab.org/pukiwiki/" "Mozilla/4.0 (compatible; MSIE 6.0; Windows NT 5.1; .NET CLR 1.1.4322)"
218.251.25.152 - - [26/Apr/2005:08:56:31 +0900] "GET /pukiwiki/image/edit.png HTTP/1.0" 200 1295 "http://l-lab.org/pukiwiki/" "Mozilla/4.0 (compatible; MSIE 6.0; Windows NT 5.1; .NET CLR 1.1.4322)"
218.251.25.152 - - [26/Apr/2005:08:56:31 +0900] "GET /pukiwiki/image/freeze.png HTTP/1.0" 200 352 "http://l-lab.org/pukiwiki/" "Mozilla/4.0 (compatible; MSIE 6.0; Windows NT 5.1; .NET CLR 1.1.4322)"
218.251.25.152 - - [26/Apr/2005:08:56:34 +0900] "GET /pukiwiki/image/diff.png HTTP/1.0" 200 507 "http://l-lab.org/pukiwiki/" "Mozilla/4.0 (compatible; MSIE 6.0; Windows NT 5.1; .NET CLR 1.1.4322)"
218.251.25.152 - - [26/Apr/2005:08:56:34 +0900] "GET /pukiwiki/image/file.png HTTP/1.0" 200 1280 "http://l-lab.org/pukiwiki/" "Mozilla/4.0 (compatible; MSIE 6.0; Windows NT 5.1; .NET CLR 1.1.4322)"
218.251.25.152 - - [26/Apr/2005:08:56:34 +0900] "GET /pukiwiki/image/copy.png HTTP/1.0" 200 490 "http://l-lab.org/pukiwiki/" "Mozilla/4.0 (compatible; MSIE 6.0; Windows NT 5.1; .NET CLR 1.1.4322)"
218.251.25.152 - - [26/Apr/2005:08:56:40 +0900] "GET /pukiwiki/image/top.png HTTP/1.0" 200 1299 "http://l-lab.org/pukiwiki/" "Mozilla/4.0 (compatible; MSIE 6.0; Windows NT 5.1; .NET CLR 1.1.4322)"
218.251.25.152 - - [26/Apr/2005:08:56:40 +0900] "GET /pukiwiki/image/rename.png HTTP/1.0" 200 339 "http://l-lab.org/pukiwiki/" "Mozilla/4.0 (compatible; MSIE 6.0; Windows NT 5.1; .NET CLR 1.1.4322)"
218.251.25.152 - - [26/Apr/2005:08:56:40 +0900] "GET /pukiwiki/image/rss.png HTTP/1.0" 200 1137 "http://l-lab.org/pukiwiki/" "Mozilla/4.0 (compatible; MSIE 6.0; Windows NT 5.1; .NET CLR 1.1.4322)"
218.251.25.152 - - [26/Apr/2005:08:56:40 +0900] "GET /pukiwiki/image/help.png HTTP/1.0" 200 1274 "http://l-lab.org/pukiwiki/" "Mozilla/4.0 (compatible; MSIE 6.0; Windows NT 5.1; .NET CLR 1.1.4322)"
218.251.25.152 - - [26/Apr/2005:08:56:43 +0900] "GET /pukiwiki/pukiwiki.php?%CF%BF%B2%BB%A4%CE%C2%AD%C0%D7 HTTP/1.0" 200 23412 "http://l-lab.org/pukiwiki/" "Mozilla/4.0 (compatible; MSIE 6.0; Windows NT 5.1; .NET CLR 1.1.4322)"
218.251.25.152 - - [26/Apr/2005:08:56:43 +0900] "GET /pukiwiki/image/list.png HTTP/1.0" 200 1234 "http://l-lab.org/pukiwiki/pukiwiki.php?%CF%BF%B2%BB%A4%CE%C2%AD%C0%D7" "Mozilla/4.0 (compatible; MSIE 6.0; Windows NT 5.1; .NET CLR 1.1.4322)"
218.251.25.152 - - [26/Apr/2005:08:56:43 +0900] "GET /pukiwiki/image/search.png HTTP/1.0" 200 1285 "http://l-lab.org/pukiwiki/pukiwiki.php?%CF%BF%B2%BB%A4%CE%C2%AD%C0%D7" "Mozilla/4.0 (compatible; MSIE 6.0; Windows NT 5.1; .NET CLR 1.1.4322)"
218.251.25.152 - - [26/Apr/2005:08:56:43 +0900] "GET /pukiwiki/image/recentchanges.png HTTP/1.0" 200 1314 "http://l-lab.org/pukiwiki/pukiwiki.php?%CF%BF%B2%BB%A4%CE%C2%AD%C0%D7" "Mozilla/4.0 (compatible; MSIE 6.0; Windows NT 5.1; .NET CLR 1.1.4322)"
218.251.25.152 - - [26/Apr/2005:08:56:43 +0900] "GET /pukiwiki/image/backup.png HTTP/1.0" 200 1261 "http://l-lab.org/pukiwiki/pukiwiki.php?%CF%BF%B2%BB%A4%CE%C2%AD%C0%D7" "Mozilla/4.0 (compatible; MSIE 6.0; Windows NT 5.1; .NET CLR 1.1.4322)"
218.251.25.152 - - [26/Apr/2005:08:57:16 +0900] "GET /pukiwiki/pukiwiki.php?%CF%BF%B2%BB%A4%AC2ch%A4%CB%A4%AF%A4%EB%CD%FD%CD%B3 HTTP/1.0" 200 19989 "http://l-lab.org/pukiwiki/pukiwiki.php?%CF%BF%B2%BB%A4%CE%C2%AD%C0%D7" "Mozilla/4.0 (compatible; MSIE 6.0; Windows NT 5.1; .NET CLR 1.1.4322)"
207.68.146.56 - - [26/Apr/2005:09:29:31 +0900] "GET /robots.txt HTTP/1.0" 200 0 "-" "msnbot/1.0 (+http://search.msn.com/msnbot.htm)"
207.68.146.56 - - [26/Apr/2005:09:29:32 +0900] "GET /pukiwiki.php?%CD%BD%C4%EA%C9%BD HTTP/1.0" 200 19534 "-" "msnbot/1.0 (+http://search.msn.com/msnbot.htm)"
68.127.27.217 - - [26/Apr/2005:09:32:45 +0900] "GET /cgi/imgbbs/imgboard.html HTTP/1.1" 200 8856 "http://www.google.co.jp/search?q=imgboard&hl=ja&lr=&start=50&sa=N" "Mozilla/5.0 (Windows; U; Windows NT 5.1; en-US; rv:1.7.7) Gecko/20050414 Firefox/1.0.3"
68.127.27.217 - - [26/Apr/2005:09:32:46 +0900] "GET /cgi/imgbbs/thumb/1073641855s.jpg HTTP/1.1" 200 19771 "http://l-lab.org/cgi/imgbbs/imgboard.html" "Mozilla/5.0 (Windows; U; Windows NT 5.1; en-US; rv:1.7.7) Gecko/20050414 Firefox/1.0.3"
68.127.27.217 - - [26/Apr/2005:09:32:47 +0900] "GET /cgi/imgbbs/thumb/1055022030s.jpg HTTP/1.1" 200 17045 "http://l-lab.org/cgi/imgbbs/imgboard.html" "Mozilla/5.0 (Windows; U; Windows NT 5.1; en-US; rv:1.7.7) Gecko/20050414 Firefox/1.0.3"
68.127.27.217 - - [26/Apr/2005:09:32:49 +0900] "GET /favicon.ico HTTP/1.1" 200 894 "-" "Mozilla/5.0 (Windows; U; Windows NT 5.1; en-US; rv:1.7.7) Gecko/20050414 Firefox/1.0.3"
68.127.27.217 - - [26/Apr/2005:09:32:57 +0900] "GET /cgi/imgbbs/img2.html HTTP/1.1" 200 8356 "http://l-lab.org/cgi/imgbbs/imgboard.html" "Mozilla/5.0 (Windows; U; Windows NT 5.1; en-US; rv:1.7.7) Gecko/20050414 Firefox/1.0.3"
68.127.27.217 - - [26/Apr/2005:09:32:57 +0900] "GET /cgi/imgbbs/thumb/1071520286s.jpg HTTP/1.1" 200 14815 "http://l-lab.org/cgi/imgbbs/img2.html" "Mozilla/5.0 (Windows; U; Windows NT 5.1; en-US; rv:1.7.7) Gecko/20050414 Firefox/1.0.3"
68.127.27.217 - - [26/Apr/2005:09:32:57 +0900] "GET /cgi/imgbbs/thumb/1064932685s.jpg HTTP/1.1" 200 5769 "http://l-lab.org/cgi/imgbbs/img2.html" "Mozilla/5.0 (Windows; U; Windows NT 5.1; en-US; rv:1.7.7) Gecko/20050414 Firefox/1.0.3"
68.127.27.217 - - [26/Apr/2005:09:32:57 +0900] "GET /cgi/imgbbs/src/1067961568.jpg HTTP/1.1" 200 5260 "http://l-lab.org/cgi/imgbbs/img2.html" "Mozilla/5.0 (Windows; U; Windows NT 5.1; en-US; rv:1.7.7) Gecko/20050414 Firefox/1.0.3"
68.127.27.217 - - [26/Apr/2005:09:32:58 +0900] "GET /cgi/imgbbs/thumb/1066841667s.jpg HTTP/1.1" 200 12632 "http://l-lab.org/cgi/imgbbs/img2.html" "Mozilla/5.0 (Windows; U; Windows NT 5.1; en-US; rv:1.7.7) Gecko/20050414 Firefox/1.0.3"
68.127.27.217 - - [26/Apr/2005:09:32:58 +0900] "GET /cgi/imgbbs/thumb/1065719293s.jpg HTTP/1.1" 200 12349 "http://l-lab.org/cgi/imgbbs/img2.html" "Mozilla/5.0 (Windows; U; Windows NT 5.1; en-US; rv:1.7.7) Gecko/20050414 Firefox/1.0.3"
68.127.27.217 - - [26/Apr/2005:09:33:03 +0900] "GET /cgi/imgbbs/img3.html HTTP/1.1" 200 7453 "http://l-lab.org/cgi/imgbbs/img2.html" "Mozilla/5.0 (Windows; U; Windows NT 5.1; en-US; rv:1.7.7) Gecko/20050414 Firefox/1.0.3"
68.127.27.217 - - [26/Apr/2005:09:33:03 +0900] "GET /cgi/imgbbs/thumb/1065841761s.jpg HTTP/1.1" 200 7833 "http://l-lab.org/cgi/imgbbs/img3.html" "Mozilla/5.0 (Windows; U; Windows NT 5.1; en-US; rv:1.7.7) Gecko/20050414 Firefox/1.0.3"
68.127.27.217 - - [26/Apr/2005:09:33:03 +0900] "GET /cgi/imgbbs/thumb/1064777036s.png HTTP/1.1" 200 289 "http://l-lab.org/cgi/imgbbs/img3.html" "Mozilla/5.0 (Windows; U; Windows NT 5.1; en-US; rv:1.7.7) Gecko/20050414 Firefox/1.0.3"
68.127.27.217 - - [26/Apr/2005:09:33:04 +0900] "GET /cgi/imgbbs/thumb/1064776433s.png HTTP/1.1" 200 289 "http://l-lab.org/cgi/imgbbs/img3.html" "Mozilla/5.0 (Windows; U; Windows NT 5.1; en-US; rv:1.7.7) Gecko/20050414 Firefox/1.0.3"
68.127.27.217 - - [26/Apr/2005:09:33:04 +0900] "GET /cgi/imgbbs/thumb/1064603556s.jpg HTTP/1.1" 200 13169 "http://l-lab.org/cgi/imgbbs/img3.html" "Mozilla/5.0 (Windows; U; Windows NT 5.1; en-US; rv:1.7.7) Gecko/20050414 Firefox/1.0.3"
68.127.27.217 - - [26/Apr/2005:09:33:04 +0900] "GET /cgi/imgbbs/thumb/1064604706s.png HTTP/1.1" 200 231 "http://l-lab.org/cgi/imgbbs/img3.html" "Mozilla/5.0 (Windows; U; Windows NT 5.1; en-US; rv:1.7.7) Gecko/20050414 Firefox/1.0.3"
68.127.27.217 - - [26/Apr/2005:09:33:06 +0900] "GET /cgi/imgbbs/img4.html HTTP/1.1" 200 8900 "http://l-lab.org/cgi/imgbbs/img3.html" "Mozilla/5.0 (Windows; U; Windows NT 5.1; en-US; rv:1.7.7) Gecko/20050414 Firefox/1.0.3"
68.127.27.217 - - [26/Apr/2005:09:33:07 +0900] "GET /cgi/imgbbs/thumb/1052220294s.jpg HTTP/1.1" 200 7530 "http://l-lab.org/cgi/imgbbs/img4.html" "Mozilla/5.0 (Windows; U; Windows NT 5.1; en-US; rv:1.7.7) Gecko/20050414 Firefox/1.0.3"
68.127.27.217 - - [26/Apr/2005:09:33:09 +0900] "GET /cgi/imgbbs/src/1062098357.jpg HTTP/1.1" 200 64217 "http://l-lab.org/cgi/imgbbs/img4.html" "Mozilla/5.0 (Windows; U; Windows NT 5.1; en-US; rv:1.7.7) Gecko/20050414 Firefox/1.0.3"
